{"id":8902,"date":"2021-03-25T19:49:34","date_gmt":"2021-03-25T18:49:34","guid":{"rendered":"http:\/\/www.zspswiecie.pl\/?page_id=8902"},"modified":"2022-06-10T10:59:14","modified_gmt":"2022-06-10T08:59:14","slug":"mobilny-nauczyciel-szansa-na-wspolprace-miedzynarodowa-naszej-szkoly","status":"publish","type":"page","link":"https:\/\/www.zspswiecie.pl\/index.php\/mobilny-nauczyciel-szansa-na-wspolprace-miedzynarodowa-naszej-szkoly\/","title":{"rendered":"Mobilny nauczyciel szansa na wsp\u00f3\u0142prac\u0119 mi\u0119dzynarodow\u0105 naszej Szko\u0142y"},"content":{"rendered":"\n<p><\/p>\n\n\n<a href=\"https:\/\/www.zspswiecie.pl\/wp-content\/uploads\/2021\/03\/fewer_pion_edytowalny.pdf\" class=\"pdfemb-viewer\" style=\"\" data-width=\"max\" data-height=\"max\" data-toolbar=\"bottom\" data-toolbar-fixed=\"off\">fewer_pion_edytowalny<\/a>\n<p class=\"wp-block-pdfemb-pdf-embedder-viewer\"><\/p>\n\n\n<a href=\"https:\/\/www.zspswiecie.pl\/wp-content\/uploads\/2021\/03\/komisja_ekrytacyjna.pdf\" class=\"pdfemb-viewer\" style=\"\" data-width=\"max\" data-height=\"max\" data-toolbar=\"bottom\" data-toolbar-fixed=\"off\">komisja_ekrytacyjna<\/a>\n<p class=\"wp-block-pdfemb-pdf-embedder-viewer\"><\/p>\n\n\n<a href=\"https:\/\/www.zspswiecie.pl\/wp-content\/uploads\/2021\/03\/Lista_zakwalifikowanych.pdf\" class=\"pdfemb-viewer\" style=\"\" data-width=\"max\" data-height=\"max\" data-toolbar=\"bottom\" data-toolbar-fixed=\"off\">Lista_zakwalifikowanych<\/a>\n<p class=\"wp-block-pdfemb-pdf-embedder-viewer\"><\/p>\n\n\n\n<p><\/p>\n\n\n\n<div class=\"wp-block-file\"><a href=\"https:\/\/www.zspswiecie.pl\/wp-content\/uploads\/2021\/03\/Regulamin_rekrutacji_uczestnikow.pdf\">Regulamin_rekrutacji_uczestnikow<\/a><a href=\"https:\/\/www.zspswiecie.pl\/wp-content\/uploads\/2021\/03\/Regulamin_rekrutacji_uczestnikow.pdf\" class=\"wp-block-file__button\" download>Pobierz<\/a><\/div>\n\n\n\n<div class=\"wp-block-columns is-layout-flex wp-container-core-columns-is-layout-9d6595d7 wp-block-columns-is-layout-flex\">\n<div class=\"wp-block-column is-layout-flow wp-block-column-is-layout-flow\">\n<figure class=\"wp-block-image size-large\"><img loading=\"lazy\" decoding=\"async\" width=\"1200\" height=\"900\" src=\"https:\/\/www.zspswiecie.pl\/wp-content\/uploads\/2021\/06\/IMG-20210610-WA0021-1200x900.jpg\" alt=\"\" class=\"wp-image-9277\"\/><\/figure>\n\n\n\n<p><span class=\"has-inline-color has-black-color\">czerwiec 2021- nauczycielki naszej szko\u0142y uczestniczy\u0142y na Malcie w kursie j\u0119zyka angielskiego w ramach projektu<strong>.<\/strong><\/span><\/p>\n\n\n\n<p><span class=\"has-inline-color has-black-color\">Panie: Anna Grzymkowska, Marta Jarowska, Magdalena Skrzy\u0144ska \u2013 Meller, Beata Kwiecie\u0144, Hanna Kalinowska<\/span><\/p>\n<\/div>\n\n\n\n<div class=\"wp-block-column is-layout-flow wp-block-column-is-layout-flow\">\n<figure class=\"wp-block-image size-large\"><img loading=\"lazy\" decoding=\"async\" width=\"598\" height=\"800\" src=\"https:\/\/www.zspswiecie.pl\/wp-content\/uploads\/2022\/06\/250768203_1888367481348476_7808738508935581963_n.jpg\" alt=\"\" class=\"wp-image-10443\" srcset=\"https:\/\/www.zspswiecie.pl\/wp-content\/uploads\/2022\/06\/250768203_1888367481348476_7808738508935581963_n.jpg 598w, https:\/\/www.zspswiecie.pl\/wp-content\/uploads\/2022\/06\/250768203_1888367481348476_7808738508935581963_n-224x300.jpg 224w\" sizes=\"auto, (max-width: 598px) 100vw, 598px\" \/><\/figure>\n\n\n\n<p><span class=\"has-inline-color has-black-color\">wrzesie\u0144 2021- nauczycielki naszej szko\u0142y uczestniczy\u0142y na Cyprze w ramach projektu w kursie &#8222;metodyka nauczania j\u0119zyka angielskiego&#8221; <strong>.<\/strong><\/span><\/p>\n\n\n\n<p><span class=\"has-inline-color has-black-color\">Panie: Katarzyna Andrykowska, Ma\u0142gorzata K\u0105dzior &#8211; S\u0105gol<\/span><\/p>\n<\/div>\n<\/div>\n\n\n\n<div class=\"wp-block-columns is-layout-flex wp-container-core-columns-is-layout-9d6595d7 wp-block-columns-is-layout-flex\">\n<div class=\"wp-block-column is-layout-flow wp-block-column-is-layout-flow\">\n<p><\/p>\n<\/div>\n<\/div>\n\n\n\n<div class=\"wp-block-columns is-layout-flex wp-container-core-columns-is-layout-9d6595d7 wp-block-columns-is-layout-flex\">\n<div class=\"wp-block-column is-layout-flow wp-block-column-is-layout-flow\">\n<p><span class=\"has-inline-color has-black-color\" data-rich-text-format-boundary=\"true\">wrzesie\u0144 2021- Pani Monika Zi\u00f3\u0142kowska nauczycielki naszej szko\u0142y uczestniczy\u0142a w Maladze, w ramach projektu w kursie &#8222;metodyka nauczania j\u0119zyka hiszpa\u0144skiego&#8221; <strong>.<\/strong><\/span><\/p>\n\n\n\n<figure class=\"wp-block-image size-large\"><img loading=\"lazy\" decoding=\"async\" width=\"800\" height=\"600\" src=\"https:\/\/www.zspswiecie.pl\/wp-content\/uploads\/2022\/06\/IMG_20211006_112841.jpg\" alt=\"\" class=\"wp-image-10464\" srcset=\"https:\/\/www.zspswiecie.pl\/wp-content\/uploads\/2022\/06\/IMG_20211006_112841.jpg 800w, https:\/\/www.zspswiecie.pl\/wp-content\/uploads\/2022\/06\/IMG_20211006_112841-300x225.jpg 300w, https:\/\/www.zspswiecie.pl\/wp-content\/uploads\/2022\/06\/IMG_20211006_112841-768x576.jpg 768w\" sizes=\"auto, (max-width: 800px) 100vw, 800px\" \/><\/figure>\n\n\n\n<figure class=\"wp-block-image size-large\"><img loading=\"lazy\" decoding=\"async\" width=\"800\" height=\"600\" src=\"https:\/\/www.zspswiecie.pl\/wp-content\/uploads\/2022\/06\/IMG_20211009_101328.jpg\" alt=\"\" class=\"wp-image-10465\" srcset=\"https:\/\/www.zspswiecie.pl\/wp-content\/uploads\/2022\/06\/IMG_20211009_101328.jpg 800w, https:\/\/www.zspswiecie.pl\/wp-content\/uploads\/2022\/06\/IMG_20211009_101328-300x225.jpg 300w, https:\/\/www.zspswiecie.pl\/wp-content\/uploads\/2022\/06\/IMG_20211009_101328-768x576.jpg 768w\" sizes=\"auto, (max-width: 800px) 100vw, 800px\" \/><\/figure>\n\n\n\n<div class=\"wp-block-columns is-layout-flex wp-container-core-columns-is-layout-9d6595d7 wp-block-columns-is-layout-flex\">\n<div class=\"wp-block-column is-layout-flow wp-block-column-is-layout-flow\" style=\"flex-basis:66.66%\"><\/div>\n\n\n\n<div class=\"wp-block-column is-layout-flow wp-block-column-is-layout-flow\" style=\"flex-basis:33.33%\"><\/div>\n<\/div>\n<\/div>\n\n\n\n<div class=\"wp-block-column is-layout-flow wp-block-column-is-layout-flow\">\n<p><span class=\"has-inline-color has-black-color\">maj 2022- nauczycielki naszej szko\u0142y uczestniczy\u0142y na Sycylii w kursie j\u0119zyka angielskiego, w ramach projektu<\/span><\/p>\n\n\n\n<p><span class=\"has-inline-color has-black-color\">Celem projektu jest poprawa jako\u015bci kszta\u0142cenia poprzez wspieranie rozwoju zawodowego nauczycieli.<\/span><\/p>\n\n\n\n<figure class=\"wp-block-image\"><img loading=\"lazy\" decoding=\"async\" width=\"1024\" height=\"768\" src=\"https:\/\/www.zspswiecie.pl\/wp-content\/uploads\/2022\/05\/IMG-20220530-WA0002.jpg\" alt=\"\" class=\"wp-image-10384\" srcset=\"https:\/\/www.zspswiecie.pl\/wp-content\/uploads\/2022\/05\/IMG-20220530-WA0002.jpg 1024w, https:\/\/www.zspswiecie.pl\/wp-content\/uploads\/2022\/05\/IMG-20220530-WA0002-300x225.jpg 300w, https:\/\/www.zspswiecie.pl\/wp-content\/uploads\/2022\/05\/IMG-20220530-WA0002-768x576.jpg 768w\" sizes=\"auto, (max-width: 1024px) 100vw, 1024px\" \/><\/figure>\n\n\n\n<p><span class=\"has-inline-color has-black-color\">Panie: Jolanta Rusiecka, Agnieszka Dobrowolska, Anna Stawicka, Urszula Sochacka -Ko\u0142odziej, Beata Zi\u0119tek.<\/span><\/p>\n<\/div>\n<\/div>\n\n\n\n<p><span class=\"has-inline-color has-black-color\">czerwiec 2022- nauczyciele naszej szko\u0142y uczestniczyli w Maladze, w ramach projektu w kursie &#8222;nauczyciel jako coach&#8221; <strong>.<\/strong><\/span><\/p>\n\n\n\n<figure class=\"wp-block-image size-large\"><img loading=\"lazy\" decoding=\"async\" width=\"800\" height=\"599\" src=\"https:\/\/www.zspswiecie.pl\/wp-content\/uploads\/2022\/06\/FB_IMG_1654756125958.jpg\" alt=\"\" class=\"wp-image-10468\" srcset=\"https:\/\/www.zspswiecie.pl\/wp-content\/uploads\/2022\/06\/FB_IMG_1654756125958.jpg 800w, https:\/\/www.zspswiecie.pl\/wp-content\/uploads\/2022\/06\/FB_IMG_1654756125958-300x225.jpg 300w, https:\/\/www.zspswiecie.pl\/wp-content\/uploads\/2022\/06\/FB_IMG_1654756125958-768x575.jpg 768w\" sizes=\"auto, (max-width: 800px) 100vw, 800px\" \/><\/figure>\n\n\n\n<p><span class=\"has-inline-color has-black-color\">Artur Kurzyna, Tomasz P\u0142achecki, Danuta Lamberska, Sylwia Milczewska, Anna M\u0105dry<\/span><\/p>\n\n\n\n<figure class=\"wp-block-image size-large\"><img loading=\"lazy\" decoding=\"async\" width=\"800\" height=\"600\" src=\"https:\/\/www.zspswiecie.pl\/wp-content\/uploads\/2022\/06\/FB_IMG_1654756112955.jpg\" alt=\"\" class=\"wp-image-10469\" srcset=\"https:\/\/www.zspswiecie.pl\/wp-content\/uploads\/2022\/06\/FB_IMG_1654756112955.jpg 800w, https:\/\/www.zspswiecie.pl\/wp-content\/uploads\/2022\/06\/FB_IMG_1654756112955-300x225.jpg 300w, https:\/\/www.zspswiecie.pl\/wp-content\/uploads\/2022\/06\/FB_IMG_1654756112955-768x576.jpg 768w\" sizes=\"auto, (max-width: 800px) 100vw, 800px\" \/><\/figure>\n","protected":false},"excerpt":{"rendered":"<p>czerwiec 2021- nauczycielki naszej szko\u0142y uczestniczy\u0142y na Malcie w kursie j\u0119zyka angielskiego w ramach projektu. Panie: Anna Grzymkowska, Marta Jarowska, Magdalena Skrzy\u0144ska \u2013 Meller,&#8230; &nbsp; <a href=\"https:\/\/www.zspswiecie.pl\/index.php\/mobilny-nauczyciel-szansa-na-wspolprace-miedzynarodowa-naszej-szkoly\/\" class=\"moretag\">Wi\u0119cej&#8230;<\/a><\/p>\n","protected":false},"author":2,"featured_media":0,"parent":0,"menu_order":0,"comment_status":"closed","ping_status":"closed","template":"page-fullwidth.php","meta":{"footnotes":""},"class_list":["post-8902","page","type-page","status-publish","hentry"],"yoast_head":"<!-- This site is optimized with the Yoast SEO plugin v26.8 - https:\/\/yoast.com\/product\/yoast-seo-wordpress\/ -->\n<title>Mobilny nauczyciel szansa na wsp\u00f3\u0142prac\u0119 mi\u0119dzynarodow\u0105 naszej Szko\u0142y - ZSP<\/title>\n<meta name=\"robots\" content=\"index, follow, max-snippet:-1, max-image-preview:large, max-video-preview:-1\" \/>\n<link rel=\"canonical\" href=\"https:\/\/www.zspswiecie.pl\/index.php\/mobilny-nauczyciel-szansa-na-wspolprace-miedzynarodowa-naszej-szkoly\/\" \/>\n<meta property=\"og:locale\" content=\"pl_PL\" \/>\n<meta property=\"og:type\" content=\"article\" \/>\n<meta property=\"og:title\" content=\"Mobilny nauczyciel szansa na wsp\u00f3\u0142prac\u0119 mi\u0119dzynarodow\u0105 naszej Szko\u0142y - ZSP\" \/>\n<meta property=\"og:description\" content=\"czerwiec 2021- nauczycielki naszej szko\u0142y uczestniczy\u0142y na Malcie w kursie j\u0119zyka angielskiego w ramach projektu. Panie: Anna Grzymkowska, Marta Jarowska, Magdalena Skrzy\u0144ska \u2013 Meller,... &nbsp; Wi\u0119cej...\" \/>\n<meta property=\"og:url\" content=\"https:\/\/www.zspswiecie.pl\/index.php\/mobilny-nauczyciel-szansa-na-wspolprace-miedzynarodowa-naszej-szkoly\/\" \/>\n<meta property=\"og:site_name\" content=\"ZSP\" \/>\n<meta property=\"article:publisher\" content=\"https:\/\/www.facebook.com\/people\/Zesp-Szk-Ponadpodstawowych-w-wieciu\/100057638830230\/\" \/>\n<meta property=\"article:modified_time\" content=\"2022-06-10T08:59:14+00:00\" \/>\n<meta property=\"og:image\" content=\"http:\/\/www.zspswiecie.pl\/wp-content\/uploads\/2021\/06\/IMG-20210610-WA0021-1200x900.jpg\" \/>\n<meta name=\"twitter:label1\" content=\"Szacowany czas czytania\" \/>\n\t<meta name=\"twitter:data1\" content=\"1 minuta\" \/>\n<script type=\"application\/ld+json\" class=\"yoast-schema-graph\">{\"@context\":\"https:\/\/schema.org\",\"@graph\":[{\"@type\":\"WebPage\",\"@id\":\"https:\/\/www.zspswiecie.pl\/index.php\/mobilny-nauczyciel-szansa-na-wspolprace-miedzynarodowa-naszej-szkoly\/\",\"url\":\"https:\/\/www.zspswiecie.pl\/index.php\/mobilny-nauczyciel-szansa-na-wspolprace-miedzynarodowa-naszej-szkoly\/\",\"name\":\"Mobilny nauczyciel szansa na wsp\u00f3\u0142prac\u0119 mi\u0119dzynarodow\u0105 naszej Szko\u0142y - ZSP\",\"isPartOf\":{\"@id\":\"https:\/\/www.zspswiecie.pl\/#website\"},\"primaryImageOfPage\":{\"@id\":\"https:\/\/www.zspswiecie.pl\/index.php\/mobilny-nauczyciel-szansa-na-wspolprace-miedzynarodowa-naszej-szkoly\/#primaryimage\"},\"image\":{\"@id\":\"https:\/\/www.zspswiecie.pl\/index.php\/mobilny-nauczyciel-szansa-na-wspolprace-miedzynarodowa-naszej-szkoly\/#primaryimage\"},\"thumbnailUrl\":\"http:\/\/www.zspswiecie.pl\/wp-content\/uploads\/2021\/06\/IMG-20210610-WA0021-1200x900.jpg\",\"datePublished\":\"2021-03-25T18:49:34+00:00\",\"dateModified\":\"2022-06-10T08:59:14+00:00\",\"breadcrumb\":{\"@id\":\"https:\/\/www.zspswiecie.pl\/index.php\/mobilny-nauczyciel-szansa-na-wspolprace-miedzynarodowa-naszej-szkoly\/#breadcrumb\"},\"inLanguage\":\"pl-PL\",\"potentialAction\":[{\"@type\":\"ReadAction\",\"target\":[\"https:\/\/www.zspswiecie.pl\/index.php\/mobilny-nauczyciel-szansa-na-wspolprace-miedzynarodowa-naszej-szkoly\/\"]}]},{\"@type\":\"ImageObject\",\"inLanguage\":\"pl-PL\",\"@id\":\"https:\/\/www.zspswiecie.pl\/index.php\/mobilny-nauczyciel-szansa-na-wspolprace-miedzynarodowa-naszej-szkoly\/#primaryimage\",\"url\":\"http:\/\/www.zspswiecie.pl\/wp-content\/uploads\/2021\/06\/IMG-20210610-WA0021-1200x900.jpg\",\"contentUrl\":\"http:\/\/www.zspswiecie.pl\/wp-content\/uploads\/2021\/06\/IMG-20210610-WA0021-1200x900.jpg\"},{\"@type\":\"BreadcrumbList\",\"@id\":\"https:\/\/www.zspswiecie.pl\/index.php\/mobilny-nauczyciel-szansa-na-wspolprace-miedzynarodowa-naszej-szkoly\/#breadcrumb\",\"itemListElement\":[{\"@type\":\"ListItem\",\"position\":1,\"name\":\"Strona g\u0142\u00f3wna\",\"item\":\"https:\/\/www.zspswiecie.pl\/index.php\/home\/strona-glowna\/\"},{\"@type\":\"ListItem\",\"position\":2,\"name\":\"Mobilny nauczyciel szansa na wsp\u00f3\u0142prac\u0119 mi\u0119dzynarodow\u0105 naszej Szko\u0142y\"}]},{\"@type\":\"WebSite\",\"@id\":\"https:\/\/www.zspswiecie.pl\/#website\",\"url\":\"https:\/\/www.zspswiecie.pl\/\",\"name\":\"ZSP\",\"description\":\"Zesp\u00f3\u0142 Szk\u00f3\u0142 Ponadpodstawowych\",\"publisher\":{\"@id\":\"https:\/\/www.zspswiecie.pl\/#organization\"},\"potentialAction\":[{\"@type\":\"SearchAction\",\"target\":{\"@type\":\"EntryPoint\",\"urlTemplate\":\"https:\/\/www.zspswiecie.pl\/?s={search_term_string}\"},\"query-input\":{\"@type\":\"PropertyValueSpecification\",\"valueRequired\":true,\"valueName\":\"search_term_string\"}}],\"inLanguage\":\"pl-PL\"},{\"@type\":\"Organization\",\"@id\":\"https:\/\/www.zspswiecie.pl\/#organization\",\"name\":\"Zesp\u00f3\u0142 Szk\u00f3\u0142 Ponadpodstawowych\",\"url\":\"https:\/\/www.zspswiecie.pl\/\",\"logo\":{\"@type\":\"ImageObject\",\"inLanguage\":\"pl-PL\",\"@id\":\"https:\/\/www.zspswiecie.pl\/#\/schema\/logo\/image\/\",\"url\":\"http:\/\/www.zspswiecie.pl\/wp-content\/uploads\/2016\/03\/logo-zsp2.png\",\"contentUrl\":\"http:\/\/www.zspswiecie.pl\/wp-content\/uploads\/2016\/03\/logo-zsp2.png\",\"width\":449,\"height\":351,\"caption\":\"Zesp\u00f3\u0142 Szk\u00f3\u0142 Ponadpodstawowych\"},\"image\":{\"@id\":\"https:\/\/www.zspswiecie.pl\/#\/schema\/logo\/image\/\"},\"sameAs\":[\"https:\/\/www.facebook.com\/people\/Zesp-Szk-Ponadpodstawowych-w-wieciu\/100057638830230\/\"]}]}<\/script>\n<!-- \/ Yoast SEO plugin. -->","yoast_head_json":{"title":"Mobilny nauczyciel szansa na wsp\u00f3\u0142prac\u0119 mi\u0119dzynarodow\u0105 naszej Szko\u0142y - ZSP","robots":{"index":"index","follow":"follow","max-snippet":"max-snippet:-1","max-image-preview":"max-image-preview:large","max-video-preview":"max-video-preview:-1"},"canonical":"https:\/\/www.zspswiecie.pl\/index.php\/mobilny-nauczyciel-szansa-na-wspolprace-miedzynarodowa-naszej-szkoly\/","og_locale":"pl_PL","og_type":"article","og_title":"Mobilny nauczyciel szansa na wsp\u00f3\u0142prac\u0119 mi\u0119dzynarodow\u0105 naszej Szko\u0142y - ZSP","og_description":"czerwiec 2021- nauczycielki naszej szko\u0142y uczestniczy\u0142y na Malcie w kursie j\u0119zyka angielskiego w ramach projektu. Panie: Anna Grzymkowska, Marta Jarowska, Magdalena Skrzy\u0144ska \u2013 Meller,... &nbsp; Wi\u0119cej...","og_url":"https:\/\/www.zspswiecie.pl\/index.php\/mobilny-nauczyciel-szansa-na-wspolprace-miedzynarodowa-naszej-szkoly\/","og_site_name":"ZSP","article_publisher":"https:\/\/www.facebook.com\/people\/Zesp-Szk-Ponadpodstawowych-w-wieciu\/100057638830230\/","article_modified_time":"2022-06-10T08:59:14+00:00","og_image":[{"url":"http:\/\/www.zspswiecie.pl\/wp-content\/uploads\/2021\/06\/IMG-20210610-WA0021-1200x900.jpg","type":"","width":"","height":""}],"twitter_misc":{"Szacowany czas czytania":"1 minuta"},"schema":{"@context":"https:\/\/schema.org","@graph":[{"@type":"WebPage","@id":"https:\/\/www.zspswiecie.pl\/index.php\/mobilny-nauczyciel-szansa-na-wspolprace-miedzynarodowa-naszej-szkoly\/","url":"https:\/\/www.zspswiecie.pl\/index.php\/mobilny-nauczyciel-szansa-na-wspolprace-miedzynarodowa-naszej-szkoly\/","name":"Mobilny nauczyciel szansa na wsp\u00f3\u0142prac\u0119 mi\u0119dzynarodow\u0105 naszej Szko\u0142y - ZSP","isPartOf":{"@id":"https:\/\/www.zspswiecie.pl\/#website"},"primaryImageOfPage":{"@id":"https:\/\/www.zspswiecie.pl\/index.php\/mobilny-nauczyciel-szansa-na-wspolprace-miedzynarodowa-naszej-szkoly\/#primaryimage"},"image":{"@id":"https:\/\/www.zspswiecie.pl\/index.php\/mobilny-nauczyciel-szansa-na-wspolprace-miedzynarodowa-naszej-szkoly\/#primaryimage"},"thumbnailUrl":"http:\/\/www.zspswiecie.pl\/wp-content\/uploads\/2021\/06\/IMG-20210610-WA0021-1200x900.jpg","datePublished":"2021-03-25T18:49:34+00:00","dateModified":"2022-06-10T08:59:14+00:00","breadcrumb":{"@id":"https:\/\/www.zspswiecie.pl\/index.php\/mobilny-nauczyciel-szansa-na-wspolprace-miedzynarodowa-naszej-szkoly\/#breadcrumb"},"inLanguage":"pl-PL","potentialAction":[{"@type":"ReadAction","target":["https:\/\/www.zspswiecie.pl\/index.php\/mobilny-nauczyciel-szansa-na-wspolprace-miedzynarodowa-naszej-szkoly\/"]}]},{"@type":"ImageObject","inLanguage":"pl-PL","@id":"https:\/\/www.zspswiecie.pl\/index.php\/mobilny-nauczyciel-szansa-na-wspolprace-miedzynarodowa-naszej-szkoly\/#primaryimage","url":"http:\/\/www.zspswiecie.pl\/wp-content\/uploads\/2021\/06\/IMG-20210610-WA0021-1200x900.jpg","contentUrl":"http:\/\/www.zspswiecie.pl\/wp-content\/uploads\/2021\/06\/IMG-20210610-WA0021-1200x900.jpg"},{"@type":"BreadcrumbList","@id":"https:\/\/www.zspswiecie.pl\/index.php\/mobilny-nauczyciel-szansa-na-wspolprace-miedzynarodowa-naszej-szkoly\/#breadcrumb","itemListElement":[{"@type":"ListItem","position":1,"name":"Strona g\u0142\u00f3wna","item":"https:\/\/www.zspswiecie.pl\/index.php\/home\/strona-glowna\/"},{"@type":"ListItem","position":2,"name":"Mobilny nauczyciel szansa na wsp\u00f3\u0142prac\u0119 mi\u0119dzynarodow\u0105 naszej Szko\u0142y"}]},{"@type":"WebSite","@id":"https:\/\/www.zspswiecie.pl\/#website","url":"https:\/\/www.zspswiecie.pl\/","name":"ZSP","description":"Zesp\u00f3\u0142 Szk\u00f3\u0142 Ponadpodstawowych","publisher":{"@id":"https:\/\/www.zspswiecie.pl\/#organization"},"potentialAction":[{"@type":"SearchAction","target":{"@type":"EntryPoint","urlTemplate":"https:\/\/www.zspswiecie.pl\/?s={search_term_string}"},"query-input":{"@type":"PropertyValueSpecification","valueRequired":true,"valueName":"search_term_string"}}],"inLanguage":"pl-PL"},{"@type":"Organization","@id":"https:\/\/www.zspswiecie.pl\/#organization","name":"Zesp\u00f3\u0142 Szk\u00f3\u0142 Ponadpodstawowych","url":"https:\/\/www.zspswiecie.pl\/","logo":{"@type":"ImageObject","inLanguage":"pl-PL","@id":"https:\/\/www.zspswiecie.pl\/#\/schema\/logo\/image\/","url":"http:\/\/www.zspswiecie.pl\/wp-content\/uploads\/2016\/03\/logo-zsp2.png","contentUrl":"http:\/\/www.zspswiecie.pl\/wp-content\/uploads\/2016\/03\/logo-zsp2.png","width":449,"height":351,"caption":"Zesp\u00f3\u0142 Szk\u00f3\u0142 Ponadpodstawowych"},"image":{"@id":"https:\/\/www.zspswiecie.pl\/#\/schema\/logo\/image\/"},"sameAs":["https:\/\/www.facebook.com\/people\/Zesp-Szk-Ponadpodstawowych-w-wieciu\/100057638830230\/"]}]}},"_links":{"self":[{"href":"https:\/\/www.zspswiecie.pl\/index.php\/wp-json\/wp\/v2\/pages\/8902","targetHints":{"allow":["GET"]}}],"collection":[{"href":"https:\/\/www.zspswiecie.pl\/index.php\/wp-json\/wp\/v2\/pages"}],"about":[{"href":"https:\/\/www.zspswiecie.pl\/index.php\/wp-json\/wp\/v2\/types\/page"}],"author":[{"embeddable":true,"href":"https:\/\/www.zspswiecie.pl\/index.php\/wp-json\/wp\/v2\/users\/2"}],"replies":[{"embeddable":true,"href":"https:\/\/www.zspswiecie.pl\/index.php\/wp-json\/wp\/v2\/comments?post=8902"}],"version-history":[{"count":17,"href":"https:\/\/www.zspswiecie.pl\/index.php\/wp-json\/wp\/v2\/pages\/8902\/revisions"}],"predecessor-version":[{"id":10472,"href":"https:\/\/www.zspswiecie.pl\/index.php\/wp-json\/wp\/v2\/pages\/8902\/revisions\/10472"}],"wp:attachment":[{"href":"https:\/\/www.zspswiecie.pl\/index.php\/wp-json\/wp\/v2\/media?parent=8902"}],"curies":[{"name":"wp","href":"https:\/\/api.w.org\/{rel}","templated":true}]}}