{"id":8,"date":"2016-03-07T09:32:45","date_gmt":"2016-03-07T08:32:45","guid":{"rendered":"http:\/\/nowa.zspswiecie.pl\/?page_id=8"},"modified":"2025-12-18T20:57:51","modified_gmt":"2025-12-18T19:57:51","slug":"kadra-zsp-w-swieciu","status":"publish","type":"page","link":"https:\/\/www.zspswiecie.pl\/index.php\/kadra-zsp-w-swieciu\/","title":{"rendered":"Kadra"},"content":{"rendered":"<h3><span style=\"color: #000000;\"><strong>Dyrekcja szko\u0142y<\/strong><\/span><\/h3>\n<p><span style=\"color: #000000;\"><strong>mgr Piotr Kami\u0144ski &#8211; <\/strong>dyrektor szko\u0142y<\/span><\/p>\n<p><span style=\"color: #000000;\"><strong>mgr Pawe\u0142 Felczykowski &#8211; <\/strong>wicedyrektor<strong><br \/>\n<\/strong><\/span><\/p>\n<p><span style=\"color: #000000;\"><strong>mgr Anna M\u0105dry<\/strong> &#8211; wicedyrektor<\/span><\/p>\n<p><span style=\"color: #000000;\"><strong>mgr <\/strong><strong>Artur Kurzyna<\/strong> &#8211; wicedyrektor<strong><br \/>\n<\/strong><\/span><\/p>\n<p><span style=\"color: #000000;\">kierownik szkolenia praktycznego\u00a0 <strong>mgr Jolanta Rusiecka<\/strong><\/span><\/p>\n<p><span style=\"color: #000000;\">kierownik warsztat\u00f3w szkoleniowych\u00a0 <strong>mgr Piotr Srebrzy\u0144ski<\/strong><\/span><\/p>\n<hr \/>\n<p><span style=\"color: #000000;\"><div class=\"su-row\"><div class=\"su-column su-column-size-1-4\"><div class=\"su-column-inner su-u-clearfix su-u-trim\"><\/span><\/p>\n<p><span style=\"color: #000000;\"><strong>Internat\u00a0<\/strong><\/span><\/p>\n<p><span style=\"color: #000000;\">kierownik internatu <strong>mgr Tomasz P\u0142achecki<\/strong><\/span><\/p>\n<p><span style=\"color: #000000;\">mgr Marzenna Brzoskowska-Pawelec<\/span><\/p>\n<p><span style=\"color: #000000;\">mgr Rados\u0142aw Anasz<\/span><\/p>\n<p><span style=\"color: #000000;\">mgr Edwin Fac<\/span><\/p>\n<p><span style=\"color: #000000;\"><\/div><\/div> <div class=\"su-column su-column-size-1-4\"><div class=\"su-column-inner su-u-clearfix su-u-trim\"><\/span><\/p>\n<p><span style=\"color: #000000;\"><strong>Biblioteka<\/strong><\/span><\/p>\n<p><span style=\"color: #000000;\">mgr Katarzyna Krzy\u017canowska<\/span><\/p>\n<p><span style=\"color: #000000;\">mgr Anita Fifielska<\/span><\/p>\n<p><span style=\"color: #000000;\"><\/div><\/div> <div class=\"su-column su-column-size-1-4\"><div class=\"su-column-inner su-u-clearfix su-u-trim\"><\/span><\/p>\n<p><span style=\"color: #000000;\"><strong>Pedagog szkolny<\/strong><\/span><\/p>\n<p><span style=\"color: #000000;\">mgr Agnieszka \u017burek<\/span><\/p>\n<p><span style=\"color: #000000;\">mgr Ewelina G\u0119sicka<\/span><\/p>\n<p><span style=\"color: #000000;\">mgr Anna Gackowska<\/span><\/p>\n<p><span style=\"color: #000000;\"><strong>Logopeda<\/strong><\/span><\/p>\n<p><span style=\"color: #000000;\">mgr Patryk Rybus<\/span><\/p>\n<p><span style=\"color: #000000;\"><\/div><\/div> <div class=\"su-column su-column-size-1-4\"><div class=\"su-column-inner su-u-clearfix su-u-trim\"><\/span><\/p>\n<p><span style=\"color: #000000;\"><strong>Doradca zawodowy<\/strong><\/span><\/p>\n<p><span style=\"color: #000000;\">mgr Izabela Kulczyk<\/span><\/p>\n<p><span style=\"color: #000000;\"><strong>Psycholog szkolny<\/strong><\/span><\/p>\n<p><span style=\"color: #000000;\">mgr Magdalena Lasota<\/span><\/p>\n<p><span style=\"color: #000000;\">mgr Iwona Nikczy\u0144ska <\/div><\/div><\/div><\/span><\/p>\n<hr \/>\n<p><span style=\"color: #000000;\"><div class=\"su-row\"><div class=\"su-column su-column-size-1-3\"><div class=\"su-column-inner su-u-clearfix su-u-trim\"><\/span><\/p>\n<p><span style=\"color: #000000;\"><strong>J\u0119zyk polski<\/strong><\/span><\/p>\n<p><span style=\"color: #000000;\">mgr Anna Adrich<\/span><\/p>\n<p><span style=\"color: #000000;\">mgr Hanna Kalinowska<\/span><\/p>\n<p><span style=\"color: #000000;\">mgr Dorota Redzi\u0144ska<\/span><\/p>\n<p><span style=\"color: #000000;\">mgr Aleksandra Sanocka<\/span><\/p>\n<p><span style=\"color: #000000;\">mgr Magdalena Skrzy\u0144ska- Meller<\/span><\/p>\n<p><span style=\"color: #000000;\">mgr Marta Soko\u0142owska<\/span><\/p>\n<p><span style=\"color: #000000;\">mgr Natalia Mr\u00f3wczy\u0144ska &#8211; Rezmer<\/span><\/p>\n<hr \/>\n<p><span style=\"color: #000000;\"><strong>J\u0119zyki obce\u00a0 \/rosyjski, niemiecki, angielski\/<br \/>\n<\/strong><\/span><\/p>\n<p><span style=\"color: #000000;\">mgr Urszula Sochacka-Ko\u0142odziej<\/span><\/p>\n<p><span style=\"color: #000000;\">mgr Katarzyna Andrykowska<\/span><\/p>\n<p><span style=\"color: #000000;\">mgr Anna Chmielecka<\/span><\/p>\n<p><span style=\"color: #000000;\">mgr Ewa Kordylewska<\/span><\/p>\n<p><span style=\"color: #000000;\">mgr Ma\u0142gorzata Kondzior-S\u0105gol<\/span><\/p>\n<p><span style=\"color: #000000;\">mgr Svetlana Konarska<\/span><\/p>\n<p><span style=\"color: #000000;\">mgr Marzanna Rybus<\/span><\/p>\n<p><span style=\"color: #000000;\">mgr Jaros\u0142aw \u015acigalski<\/span><\/p>\n<p><span style=\"color: #000000;\">mgr Ma\u0142gorzata Tobolska<\/span><\/p>\n<p><span style=\"color: #000000;\">mgr Karolina Znaniecka<\/span><\/p>\n<p><span style=\"color: #000000;\">mgr Monika Zi\u00f3\u0142kowska<\/span><\/p>\n<p><span style=\"color: #000000;\">mgr Beata Bielska<\/span><\/p>\n<p><span style=\"color: #000000;\">mgr Antonina\u00a0 Sch\u00e4fer<\/span><\/p>\n<p><span style=\"color: #000000;\">mgr Agnieszka Szwarc<\/span><\/p>\n<p><span style=\"color: #000000;\">mgr Ewa Radczyc<\/span><\/p>\n<p><span style=\"color: #000000;\">mgr Alicja Tarnowska<\/span><\/p>\n<hr \/>\n<p><span style=\"color: #000000;\"><strong>Historia, WOS, edukacja dla bezpiecze\u0144stwa, geografia, religia<\/strong><\/span><\/p>\n<p><span style=\"color: #000000;\">dr Ireneusz Pier\u00f3g<\/span><\/p>\n<p><span style=\"color: #000000;\">mgr Ma\u0142gorzata Kami\u0144ska<\/span><\/p>\n<p><span style=\"color: #000000;\">mgr Piotr Kami\u0144ski<\/span><\/p>\n<p><span style=\"color: #000000;\">mgr Jolanta Rusiecka<\/span><\/p>\n<p><span style=\"color: #000000;\">mgr Miko\u0142aj Micha\u0142owski<\/span><\/p>\n<p><span style=\"color: #000000;\">mgr Karolina Szmuc<\/span><\/p>\n<p><span style=\"color: #000000;\">mgr Ewelina Ziemecka<\/span><\/p>\n<p><span style=\"color: #000000;\">mgr Pawe\u0142 Felczykowski<\/span><\/p>\n<p><span style=\"color: #000000;\">mgr Jacek Bednarski<\/span><\/p>\n<hr \/>\n<p><span style=\"color: #000000;\"><\/div><\/div> <div class=\"su-column su-column-size-1-3\"><div class=\"su-column-inner su-u-clearfix su-u-trim\"><\/span><\/p>\n<p><span style=\"color: #000000;\"><strong>Matematyka<\/strong><\/span><\/p>\n<p><span style=\"color: #000000;\">mgr in\u017c. Anna Poraj-Subkowska<\/span><\/p>\n<p><span style=\"color: #000000;\">mgr Beata Kwiecie\u0144<\/span><\/p>\n<p><span style=\"color: #000000;\">mgr Anna Gazi\u0144ska<\/span><\/p>\n<p><span style=\"color: #000000;\">mgr in\u017c. Monika Gruszczy\u0144ska<\/span><\/p>\n<p><span style=\"color: #000000;\">mgr in\u017c. Agnieszka Grzymska<\/span><\/p>\n<hr \/>\n<p><span style=\"color: #000000;\"><strong>Fizyka, Chemia, Biologia<\/strong><\/span><\/p>\n<p><span style=\"color: #000000;\">mgr Marta Jarowska<\/span><\/p>\n<p><span style=\"color: #000000;\">mgr Andrzej Kowalski<\/span><\/p>\n<p><span style=\"color: #000000;\">mgr Anna Grzymkowska<\/span><\/p>\n<p><span style=\"color: #000000;\">mgr Jan Omilian<\/span><\/p>\n<p><span style=\"color: #000000;\">mgr Pawe\u0142 Sadowski<\/span><\/p>\n<p><span style=\"color: #000000;\">mgr Rados\u0142awa Zi\u00f3\u0142kowska<\/span><\/p>\n<hr \/>\n<p><span style=\"color: #000000;\"><strong>Przedmioty informatyczne<\/strong><\/span><\/p>\n<p><span style=\"color: #000000;\">mgr in\u017c. Anna Obia\u0142a<\/span><\/p>\n<p><span style=\"color: #000000;\">mgr in\u017c. Paula Nag\u00f3rska<\/span><\/p>\n<p><span style=\"color: #000000;\">mgr Marcin Dudkowski<\/span><\/p>\n<p><span style=\"color: #000000;\">mgr Micha\u0142 Tuszy\u0144ski<\/span><\/p>\n<p><span style=\"color: #000000;\">mgr in\u017c.\u00a0 Tomasz Parol<\/span><\/p>\n<p><span style=\"color: #000000;\">mgr Rafa\u0142 Rz\u0105dkowski<\/span><\/p>\n<p><span style=\"color: #000000;\">mgr Pawe\u0142 Banaszek<\/span><\/p>\n<hr \/>\n<p><span style=\"color: #000000;\"><strong>Wychowanie fizyczne<\/strong><\/span><\/p>\n<p><span style=\"color: #000000;\">mgr Artur Kurzyna<\/span><\/p>\n<p><span style=\"color: #000000;\">mgr\u00a0 Anna Stawicka<\/span><\/p>\n<p><span style=\"color: #000000;\">mgr\u00a0 Agnieszka Dobrowolska<\/span><\/p>\n<p><span style=\"color: #000000;\">mgr\u00a0 Waldemar Konieczka<\/span><\/p>\n<p><span style=\"color: #000000;\">mgr\u00a0 Pawe\u0142 Ku\u0142akowski<\/span><\/p>\n<p><span style=\"color: #000000;\">mgr\u00a0 Rafa\u0142 Mazurkiewicz<\/span><\/p>\n<p><span style=\"color: #000000;\">mgr\u00a0 Izabela Muszy\u0144ska<\/span><\/p>\n<p><span style=\"color: #000000;\">mgr\u00a0 Tomasz P\u0142achecki<\/span><\/p>\n<p><span style=\"color: #000000;\">mgr\u00a0 Wojciech Sarnecki<\/span><\/p>\n<p><span style=\"color: #000000;\">mgr\u00a0 Przemys\u0142aw \u017bokowski<\/span><\/p>\n<p><span style=\"color: #000000;\">mgr Jakub Rz\u0105dkowski<\/span><\/p>\n<p><span style=\"color: #000000;\">mgr Artur Kurzyna<\/span><\/p>\n<p><span style=\"color: #000000;\">mgr Julia Wagner-Kensik<\/span><\/p>\n<p><span style=\"color: #000000;\"><\/div><\/div> <div class=\"su-column su-column-size-1-3\"><div class=\"su-column-inner su-u-clearfix su-u-trim\"><\/span><\/p>\n<p><span style=\"color: #000000;\"><strong>Przedmioty zawodowe ekonomiczne,<\/strong><\/span><span style=\"color: #000000;\"><strong> gastronomiczne<br \/>\n<\/strong><\/span><\/p>\n<p><span style=\"color: #000000;\">mgr Anna M\u0105dry<\/span><\/p>\n<p><span style=\"color: #000000;\">mgr\u00a0 Wies\u0142awa Krakowiak-Nitka<\/span><\/p>\n<p><span style=\"color: #000000;\">mgr\u00a0 Danuta Lamberska<\/span><\/p>\n<p><span style=\"color: #000000;\">mgr Anna Herbut Gi\u017cy\u0144ska<\/span><\/p>\n<p><span style=\"color: #000000;\">mgr\u00a0 Ma\u0142gorzata Matus<\/span><\/p>\n<p><span style=\"color: #000000;\">mgr\u00a0 Sylwia Milczewska<\/span><\/p>\n<p><span style=\"color: #000000;\">mgr\u00a0 Katarzyna Zwoli\u0144ska<\/span><\/p>\n<p><span style=\"color: #000000;\">mgr Anna Homziuk<\/span><\/p>\n<p><span style=\"color: #000000;\">mgr Magdalena W\u0142odarczyk<\/span><\/p>\n<p><span style=\"color: #000000;\">mgr Katarzyna Popowicz<\/span><\/p>\n<p><span style=\"color: #000000;\">mgr Hanna Bocian<\/span><\/p>\n<hr \/>\n<p><span style=\"color: #000000;\"><strong>Przedmioty zawodowe mechaniczne, mechatroniczne<\/strong><\/span><\/p>\n<p><span style=\"color: #000000;\">mgr Piotr Srebrzy\u0144ski<\/span><\/p>\n<p><span style=\"color: #000000;\">mgr in\u017c. Krzysztof Nowak<\/span><\/p>\n<p><span style=\"color: #000000;\">mgr Magdalena Smalcerz<\/span><\/p>\n<p><span style=\"color: #000000;\">mgr Izabela Spychalska- Ratajczak<\/span><\/p>\n<p><span style=\"color: #000000;\">mgr Barbara Suchomska<\/span><\/p>\n<p><span style=\"color: #000000;\">mgr Piotr Kukie\u0142ka<\/span><\/p>\n<p><span style=\"color: #000000;\">mgr in\u017c. Dariusz Szutarski<\/span><\/p>\n<p><span style=\"color: #000000;\">mgr Marcin Zara\u015b<\/span><\/p>\n<p><span style=\"color: #000000;\">mgr Karol Torbicki<\/span><\/p>\n<p><span style=\"color: #000000;\">dr in\u017c. Marcin Chudzi\u0144ski<\/span><\/p>\n<p><span style=\"color: #000000;\"><\/div><\/div> <div class=\"su-column su-column-size-1-3\"><div class=\"su-column-inner su-u-clearfix su-u-trim\"><\/span><\/p>\n<hr \/>\n<p><span style=\"color: #000000;\"><strong>Przedmioty zawodowe logistyczne<\/strong><\/span><\/p>\n<p><span style=\"color: #000000;\">mgr Justyna Michna<\/span><\/p>\n<p><span style=\"color: #000000;\">mgr\u00a0 Gra\u017cyna Karpus<\/span><\/p>\n<p><span style=\"color: #000000;\">mgr\u00a0 Beata Zi\u0119tek<\/span><\/p>\n<p><span style=\"color: #000000;\">mgr in\u017c. Micha\u0142 Kruczy\u0144ski<\/span><\/p>\n<p><span style=\"color: #000000;\">mgr Jolanta Tomkowicz<\/span><\/p>\n<p><span style=\"color: #000000;\">mgr Gra\u017cyna Blicharz<\/span><\/p>\n<p><span style=\"color: #000000;\">mgr Aneta Kalkowska<\/span><\/p>\n<p><span style=\"color: #000000;\"><\/div><\/div><\/div><\/span><\/p>\n","protected":false},"excerpt":{"rendered":"<p>Dyrekcja szko\u0142y mgr Piotr Kami\u0144ski &#8211; dyrektor szko\u0142y mgr Pawe\u0142 Felczykowski &#8211; wicedyrektor mgr Anna M\u0105dry &#8211; wicedyrektor mgr Artur Kurzyna &#8211; wicedyrektor kierownik&#8230; &nbsp; <a href=\"https:\/\/www.zspswiecie.pl\/index.php\/kadra-zsp-w-swieciu\/\" class=\"moretag\">Wi\u0119cej&#8230;<\/a><\/p>\n","protected":false},"author":1,"featured_media":0,"parent":0,"menu_order":0,"comment_status":"open","ping_status":"open","template":"page-fullwidth.php","meta":{"footnotes":""},"class_list":["post-8","page","type-page","status-publish","hentry"],"yoast_head":"<!-- This site is optimized with the Yoast SEO plugin v26.8 - https:\/\/yoast.com\/product\/yoast-seo-wordpress\/ -->\n<title>Kadra - ZSP w \u015awieciu<\/title>\n<meta name=\"robots\" content=\"index, follow, max-snippet:-1, max-image-preview:large, max-video-preview:-1\" \/>\n<link rel=\"canonical\" href=\"https:\/\/www.zspswiecie.pl\/index.php\/kadra-zsp-w-swieciu\/\" \/>\n<meta property=\"og:locale\" content=\"pl_PL\" \/>\n<meta property=\"og:type\" content=\"article\" \/>\n<meta property=\"og:title\" content=\"Kadra - ZSP w \u015awieciu\" \/>\n<meta property=\"og:description\" content=\"Dyrekcja szko\u0142y mgr Piotr Kami\u0144ski &#8211; dyrektor szko\u0142y mgr Pawe\u0142 Felczykowski &#8211; wicedyrektor mgr Anna M\u0105dry &#8211; wicedyrektor mgr Artur Kurzyna &#8211; wicedyrektor kierownik... &nbsp; Wi\u0119cej...\" \/>\n<meta property=\"og:url\" content=\"https:\/\/www.zspswiecie.pl\/index.php\/kadra-zsp-w-swieciu\/\" \/>\n<meta property=\"og:site_name\" content=\"ZSP\" \/>\n<meta property=\"article:publisher\" content=\"https:\/\/www.facebook.com\/people\/Zesp-Szk-Ponadpodstawowych-w-wieciu\/100057638830230\/\" \/>\n<meta property=\"article:modified_time\" content=\"2025-12-18T19:57:51+00:00\" \/>\n<meta property=\"og:image\" content=\"http:\/\/www.zspswiecie.pl\/wp-content\/uploads\/2016\/03\/ZSP_budynek_szko%c5%82y_%c5%9bwiecie.jpg\" \/>\n<meta name=\"twitter:label1\" content=\"Szacowany czas czytania\" \/>\n\t<meta name=\"twitter:data1\" content=\"3 minuty\" \/>\n<script type=\"application\/ld+json\" class=\"yoast-schema-graph\">{\"@context\":\"https:\/\/schema.org\",\"@graph\":[{\"@type\":\"WebPage\",\"@id\":\"https:\/\/www.zspswiecie.pl\/index.php\/kadra-zsp-w-swieciu\/\",\"url\":\"https:\/\/www.zspswiecie.pl\/index.php\/kadra-zsp-w-swieciu\/\",\"name\":\"Kadra - ZSP w \u015awieciu\",\"isPartOf\":{\"@id\":\"https:\/\/www.zspswiecie.pl\/#website\"},\"datePublished\":\"2016-03-07T08:32:45+00:00\",\"dateModified\":\"2025-12-18T19:57:51+00:00\",\"breadcrumb\":{\"@id\":\"https:\/\/www.zspswiecie.pl\/index.php\/kadra-zsp-w-swieciu\/#breadcrumb\"},\"inLanguage\":\"pl-PL\",\"potentialAction\":[{\"@type\":\"ReadAction\",\"target\":[\"https:\/\/www.zspswiecie.pl\/index.php\/kadra-zsp-w-swieciu\/\"]}]},{\"@type\":\"BreadcrumbList\",\"@id\":\"https:\/\/www.zspswiecie.pl\/index.php\/kadra-zsp-w-swieciu\/#breadcrumb\",\"itemListElement\":[{\"@type\":\"ListItem\",\"position\":1,\"name\":\"Strona g\u0142\u00f3wna\",\"item\":\"https:\/\/www.zspswiecie.pl\/index.php\/home\/strona-glowna\/\"},{\"@type\":\"ListItem\",\"position\":2,\"name\":\"Kadra\"}]},{\"@type\":\"WebSite\",\"@id\":\"https:\/\/www.zspswiecie.pl\/#website\",\"url\":\"https:\/\/www.zspswiecie.pl\/\",\"name\":\"ZSP\",\"description\":\"Zesp\u00f3\u0142 Szk\u00f3\u0142 Ponadpodstawowych\",\"publisher\":{\"@id\":\"https:\/\/www.zspswiecie.pl\/#organization\"},\"potentialAction\":[{\"@type\":\"SearchAction\",\"target\":{\"@type\":\"EntryPoint\",\"urlTemplate\":\"https:\/\/www.zspswiecie.pl\/?s={search_term_string}\"},\"query-input\":{\"@type\":\"PropertyValueSpecification\",\"valueRequired\":true,\"valueName\":\"search_term_string\"}}],\"inLanguage\":\"pl-PL\"},{\"@type\":\"Organization\",\"@id\":\"https:\/\/www.zspswiecie.pl\/#organization\",\"name\":\"Zesp\u00f3\u0142 Szk\u00f3\u0142 Ponadpodstawowych\",\"url\":\"https:\/\/www.zspswiecie.pl\/\",\"logo\":{\"@type\":\"ImageObject\",\"inLanguage\":\"pl-PL\",\"@id\":\"https:\/\/www.zspswiecie.pl\/#\/schema\/logo\/image\/\",\"url\":\"http:\/\/www.zspswiecie.pl\/wp-content\/uploads\/2016\/03\/logo-zsp2.png\",\"contentUrl\":\"http:\/\/www.zspswiecie.pl\/wp-content\/uploads\/2016\/03\/logo-zsp2.png\",\"width\":449,\"height\":351,\"caption\":\"Zesp\u00f3\u0142 Szk\u00f3\u0142 Ponadpodstawowych\"},\"image\":{\"@id\":\"https:\/\/www.zspswiecie.pl\/#\/schema\/logo\/image\/\"},\"sameAs\":[\"https:\/\/www.facebook.com\/people\/Zesp-Szk-Ponadpodstawowych-w-wieciu\/100057638830230\/\"]}]}<\/script>\n<!-- \/ Yoast SEO plugin. -->","yoast_head_json":{"title":"Kadra - ZSP w \u015awieciu","robots":{"index":"index","follow":"follow","max-snippet":"max-snippet:-1","max-image-preview":"max-image-preview:large","max-video-preview":"max-video-preview:-1"},"canonical":"https:\/\/www.zspswiecie.pl\/index.php\/kadra-zsp-w-swieciu\/","og_locale":"pl_PL","og_type":"article","og_title":"Kadra - ZSP w \u015awieciu","og_description":"Dyrekcja szko\u0142y mgr Piotr Kami\u0144ski &#8211; dyrektor szko\u0142y mgr Pawe\u0142 Felczykowski &#8211; wicedyrektor mgr Anna M\u0105dry &#8211; wicedyrektor mgr Artur Kurzyna &#8211; wicedyrektor kierownik... &nbsp; Wi\u0119cej...","og_url":"https:\/\/www.zspswiecie.pl\/index.php\/kadra-zsp-w-swieciu\/","og_site_name":"ZSP","article_publisher":"https:\/\/www.facebook.com\/people\/Zesp-Szk-Ponadpodstawowych-w-wieciu\/100057638830230\/","article_modified_time":"2025-12-18T19:57:51+00:00","og_image":[{"url":"http:\/\/www.zspswiecie.pl\/wp-content\/uploads\/2016\/03\/ZSP_budynek_szko%c5%82y_%c5%9bwiecie.jpg","type":"","width":"","height":""}],"twitter_misc":{"Szacowany czas czytania":"3 minuty"},"schema":{"@context":"https:\/\/schema.org","@graph":[{"@type":"WebPage","@id":"https:\/\/www.zspswiecie.pl\/index.php\/kadra-zsp-w-swieciu\/","url":"https:\/\/www.zspswiecie.pl\/index.php\/kadra-zsp-w-swieciu\/","name":"Kadra - ZSP w \u015awieciu","isPartOf":{"@id":"https:\/\/www.zspswiecie.pl\/#website"},"datePublished":"2016-03-07T08:32:45+00:00","dateModified":"2025-12-18T19:57:51+00:00","breadcrumb":{"@id":"https:\/\/www.zspswiecie.pl\/index.php\/kadra-zsp-w-swieciu\/#breadcrumb"},"inLanguage":"pl-PL","potentialAction":[{"@type":"ReadAction","target":["https:\/\/www.zspswiecie.pl\/index.php\/kadra-zsp-w-swieciu\/"]}]},{"@type":"BreadcrumbList","@id":"https:\/\/www.zspswiecie.pl\/index.php\/kadra-zsp-w-swieciu\/#breadcrumb","itemListElement":[{"@type":"ListItem","position":1,"name":"Strona g\u0142\u00f3wna","item":"https:\/\/www.zspswiecie.pl\/index.php\/home\/strona-glowna\/"},{"@type":"ListItem","position":2,"name":"Kadra"}]},{"@type":"WebSite","@id":"https:\/\/www.zspswiecie.pl\/#website","url":"https:\/\/www.zspswiecie.pl\/","name":"ZSP","description":"Zesp\u00f3\u0142 Szk\u00f3\u0142 Ponadpodstawowych","publisher":{"@id":"https:\/\/www.zspswiecie.pl\/#organization"},"potentialAction":[{"@type":"SearchAction","target":{"@type":"EntryPoint","urlTemplate":"https:\/\/www.zspswiecie.pl\/?s={search_term_string}"},"query-input":{"@type":"PropertyValueSpecification","valueRequired":true,"valueName":"search_term_string"}}],"inLanguage":"pl-PL"},{"@type":"Organization","@id":"https:\/\/www.zspswiecie.pl\/#organization","name":"Zesp\u00f3\u0142 Szk\u00f3\u0142 Ponadpodstawowych","url":"https:\/\/www.zspswiecie.pl\/","logo":{"@type":"ImageObject","inLanguage":"pl-PL","@id":"https:\/\/www.zspswiecie.pl\/#\/schema\/logo\/image\/","url":"http:\/\/www.zspswiecie.pl\/wp-content\/uploads\/2016\/03\/logo-zsp2.png","contentUrl":"http:\/\/www.zspswiecie.pl\/wp-content\/uploads\/2016\/03\/logo-zsp2.png","width":449,"height":351,"caption":"Zesp\u00f3\u0142 Szk\u00f3\u0142 Ponadpodstawowych"},"image":{"@id":"https:\/\/www.zspswiecie.pl\/#\/schema\/logo\/image\/"},"sameAs":["https:\/\/www.facebook.com\/people\/Zesp-Szk-Ponadpodstawowych-w-wieciu\/100057638830230\/"]}]}},"_links":{"self":[{"href":"https:\/\/www.zspswiecie.pl\/index.php\/wp-json\/wp\/v2\/pages\/8","targetHints":{"allow":["GET"]}}],"collection":[{"href":"https:\/\/www.zspswiecie.pl\/index.php\/wp-json\/wp\/v2\/pages"}],"about":[{"href":"https:\/\/www.zspswiecie.pl\/index.php\/wp-json\/wp\/v2\/types\/page"}],"author":[{"embeddable":true,"href":"https:\/\/www.zspswiecie.pl\/index.php\/wp-json\/wp\/v2\/users\/1"}],"replies":[{"embeddable":true,"href":"https:\/\/www.zspswiecie.pl\/index.php\/wp-json\/wp\/v2\/comments?post=8"}],"version-history":[{"count":99,"href":"https:\/\/www.zspswiecie.pl\/index.php\/wp-json\/wp\/v2\/pages\/8\/revisions"}],"predecessor-version":[{"id":15766,"href":"https:\/\/www.zspswiecie.pl\/index.php\/wp-json\/wp\/v2\/pages\/8\/revisions\/15766"}],"wp:attachment":[{"href":"https:\/\/www.zspswiecie.pl\/index.php\/wp-json\/wp\/v2\/media?parent=8"}],"curies":[{"name":"wp","href":"https:\/\/api.w.org\/{rel}","templated":true}]}}