{"id":743,"date":"2016-04-12T17:30:58","date_gmt":"2016-04-12T15:30:58","guid":{"rendered":"http:\/\/www.zspswiecie.pl\/?page_id=743"},"modified":"2024-09-09T14:09:53","modified_gmt":"2024-09-09T12:09:53","slug":"pedagog-szkolny","status":"publish","type":"page","link":"https:\/\/www.zspswiecie.pl\/index.php\/pedagog-szkolny\/","title":{"rendered":"Pedagodzy szkolni"},"content":{"rendered":"\n<p class=\"has-text-align-center\"><mark style=\"background-color:rgba(0, 0, 0, 0)\" class=\"has-inline-color has-black-color\">mgr Agnieszka \u017burek<\/mark>, <mark style=\"background-color:rgba(0, 0, 0, 0)\" class=\"has-inline-color has-black-color\">mgr Ewelina G\u0119sicka<\/mark>, <mark style=\"background-color:rgba(0, 0, 0, 0)\" class=\"has-inline-color has-black-color\">mgr Anna Gackowska<\/mark><\/p>\n\n\n<p style=\"text-align: center;\"><span style=\"color: #000000;\"><strong>\u00a0<\/strong><\/span><span style=\"color: #000000;\">\u00a0<\/span>\u00a0<div class=\"su-row\"><div class=\"su-column su-column-size-1-3\"><div class=\"su-column-inner su-u-clearfix su-u-trim\">\n<p><span style=\"color: #000000;\">Zwr\u00f3\u0107 si\u0119 do Nas, gdy:<\/span><\/p>\n<ul>\n<li><span style=\"color: #000000;\">\u00a0czujesz, \u017ce nikt Ci\u0119 nie rozumie, jeste\u015b samotny<\/span><\/li>\n<li><span style=\"color: #000000;\">\u00a0nie potrafisz porozumie\u0107 si\u0119 z nauczycielem<\/span><\/li>\n<li><span style=\"color: #000000;\">\u00a0masz problemy rodzinne<\/span><\/li>\n<li><span style=\"color: #000000;\">\u00a0znajdujesz si\u0119 w trudnej sytuacji materialnej<\/span><\/li>\n<li><span style=\"color: #000000;\">\u00a0chcesz podzieli\u0107 si\u0119 swoj\u0105 rado\u015bci\u0105, sukcesem<\/span><\/li>\n<li><span style=\"color: #000000;\">\u00a0chcia\u0142by\u015b pom\u00f3c innym, lecz nie wiesz, w jaki spos\u00f3b<\/span><\/li>\n<li><span style=\"color: #000000;\">\u00a0masz ciekawe pomys\u0142y, kt\u00f3rymi chcesz si\u0119 podzieli\u0107<\/span><\/li>\n<li><span style=\"color: #000000;\">\u00a0przyjd\u017a z ka\u017cd\u0105 spraw\u0105, z kt\u00f3r\u0105 sam nie potrafisz\u00a0 sobie poradzi\u0107.<\/span><\/li>\n<\/ul>\n<\/div><\/div>\n<div class=\"su-column su-column-size-1-3\"><div class=\"su-column-inner su-u-clearfix su-u-trim\">\n<p><a href=\"https:\/\/www.zspswiecie.pl\/wp-content\/uploads\/2016\/04\/img_00009021_01_02m.jpg\"><img loading=\"lazy\" decoding=\"async\" class=\"alignnone  wp-image-7014\" src=\"https:\/\/www.zspswiecie.pl\/wp-content\/uploads\/2016\/04\/img_00009021_01_02m.jpg\" alt=\"img_00009021_01_02m\" width=\"374\" height=\"210\" \/><\/a><\/p>\n<\/div><\/div>\n<div class=\"su-column su-column-size-1-3\"><div class=\"su-column-inner su-u-clearfix su-u-trim\">\n<ul>\n<li><span style=\"color: #000000;\"><em>Dziecko krytykowane uczy si\u0119 pot\u0119pia\u0107.<\/em><\/span><\/li>\n<li><span style=\"color: #000000;\"><em>Dziecko \u017cyj\u0105ce w nieprzyja\u017ani uczy si\u0119 agresji.<\/em><\/span><\/li>\n<li><span style=\"color: #000000;\"><em>Dziecko wy\u015bmiewane uczy si\u0119 nie\u015bmia\u0142o\u015bci.<\/em><\/span><\/li>\n<li><span style=\"color: #000000;\"><em>Dziecko zawstydzane uczy si\u0119 poczucia winy.<\/em><\/span><\/li>\n<li><span style=\"color: #000000;\"><em>Dziecko \u017cyj\u0105ce w tolerancji nabiera cierpliwo\u015bci.<\/em><\/span><\/li>\n<li><span style=\"color: #000000;\"><em>Dziecko zach\u0119cane uczy si\u0119 wiary w siebie.<\/em><\/span><\/li>\n<li><span style=\"color: #000000;\"><em>Dziecko rozumiane uczy si\u0119 ocenia\u0107.<\/em><\/span><\/li>\n<li><span style=\"color: #000000;\"><em>Dziecko traktowane uczciwie uczy si\u0119 sprawiedliwo\u015bci.<\/em><\/span><\/li>\n<li><span style=\"color: #000000;\"><em>Dziecko \u017cyj\u0105ce w bezpiecze\u0144stwie uczy si\u0119 ufa\u0107.<\/em><\/span><span style=\"color: #000000;\"><em>Dziecko przyjmowane takim, jakim jest uczy si\u0119 akceptowa\u0107.<\/em><\/span><\/li>\n<li><span style=\"color: #000000;\"><em>Dziecko traktowane uczciwie uczy si\u0119 prawdy.<\/em><\/span><\/li>\n<li><span style=\"color: #000000;\"><em>Dziecko otoczone przyja\u017ani\u0105 uczy si\u0119 szuka\u0107 w \u015bwiecie mi\u0142o\u015bci.<\/em><\/span><\/li>\n<\/ul>\n<p><span style=\"color: #000000;\">Dorothy Law Nolte, 1982 r.<\/span><\/p>\n<\/div><\/div>\n<\/div>","protected":false},"excerpt":{"rendered":"<p>mgr Agnieszka \u017burek, mgr Ewelina G\u0119sicka, mgr Anna Gackowska \u00a0\u00a0\u00a0<\/p>\n","protected":false},"author":2,"featured_media":0,"parent":0,"menu_order":0,"comment_status":"closed","ping_status":"open","template":"page-fullwidth.php","meta":{"footnotes":""},"class_list":["post-743","page","type-page","status-publish","hentry"],"yoast_head":"<!-- This site is optimized with the Yoast SEO plugin v26.8 - https:\/\/yoast.com\/product\/yoast-seo-wordpress\/ -->\n<title>Pedagodzy szkolni - ZSP<\/title>\n<meta name=\"robots\" content=\"index, follow, max-snippet:-1, max-image-preview:large, max-video-preview:-1\" \/>\n<link rel=\"canonical\" href=\"https:\/\/www.zspswiecie.pl\/index.php\/pedagog-szkolny\/\" \/>\n<meta property=\"og:locale\" content=\"pl_PL\" \/>\n<meta property=\"og:type\" content=\"article\" \/>\n<meta property=\"og:title\" content=\"Pedagodzy szkolni - ZSP\" \/>\n<meta property=\"og:description\" content=\"mgr Agnieszka \u017burek, mgr Ewelina G\u0119sicka, mgr Anna Gackowska \u00a0\u00a0\u00a0\" \/>\n<meta property=\"og:url\" content=\"https:\/\/www.zspswiecie.pl\/index.php\/pedagog-szkolny\/\" \/>\n<meta property=\"og:site_name\" content=\"ZSP\" \/>\n<meta property=\"article:publisher\" content=\"https:\/\/www.facebook.com\/people\/Zesp-Szk-Ponadpodstawowych-w-wieciu\/100057638830230\/\" \/>\n<meta property=\"article:modified_time\" content=\"2024-09-09T12:09:53+00:00\" \/>\n<meta property=\"og:image\" content=\"http:\/\/www.zspswiecie.pl\/wp-content\/uploads\/2016\/04\/img_00009021_01_02m.jpg\" \/>\n<meta name=\"twitter:label1\" content=\"Szacowany czas czytania\" \/>\n\t<meta name=\"twitter:data1\" content=\"2 minuty\" \/>\n<script type=\"application\/ld+json\" class=\"yoast-schema-graph\">{\"@context\":\"https:\/\/schema.org\",\"@graph\":[{\"@type\":\"WebPage\",\"@id\":\"https:\/\/www.zspswiecie.pl\/index.php\/pedagog-szkolny\/\",\"url\":\"https:\/\/www.zspswiecie.pl\/index.php\/pedagog-szkolny\/\",\"name\":\"Pedagodzy szkolni - ZSP\",\"isPartOf\":{\"@id\":\"https:\/\/www.zspswiecie.pl\/#website\"},\"primaryImageOfPage\":{\"@id\":\"https:\/\/www.zspswiecie.pl\/index.php\/pedagog-szkolny\/#primaryimage\"},\"image\":{\"@id\":\"https:\/\/www.zspswiecie.pl\/index.php\/pedagog-szkolny\/#primaryimage\"},\"thumbnailUrl\":\"http:\/\/www.zspswiecie.pl\/wp-content\/uploads\/2016\/04\/img_00009021_01_02m.jpg\",\"datePublished\":\"2016-04-12T15:30:58+00:00\",\"dateModified\":\"2024-09-09T12:09:53+00:00\",\"breadcrumb\":{\"@id\":\"https:\/\/www.zspswiecie.pl\/index.php\/pedagog-szkolny\/#breadcrumb\"},\"inLanguage\":\"pl-PL\",\"potentialAction\":[{\"@type\":\"ReadAction\",\"target\":[\"https:\/\/www.zspswiecie.pl\/index.php\/pedagog-szkolny\/\"]}]},{\"@type\":\"ImageObject\",\"inLanguage\":\"pl-PL\",\"@id\":\"https:\/\/www.zspswiecie.pl\/index.php\/pedagog-szkolny\/#primaryimage\",\"url\":\"http:\/\/www.zspswiecie.pl\/wp-content\/uploads\/2016\/04\/img_00009021_01_02m.jpg\",\"contentUrl\":\"http:\/\/www.zspswiecie.pl\/wp-content\/uploads\/2016\/04\/img_00009021_01_02m.jpg\"},{\"@type\":\"BreadcrumbList\",\"@id\":\"https:\/\/www.zspswiecie.pl\/index.php\/pedagog-szkolny\/#breadcrumb\",\"itemListElement\":[{\"@type\":\"ListItem\",\"position\":1,\"name\":\"Strona g\u0142\u00f3wna\",\"item\":\"https:\/\/www.zspswiecie.pl\/index.php\/home\/strona-glowna\/\"},{\"@type\":\"ListItem\",\"position\":2,\"name\":\"Pedagodzy szkolni\"}]},{\"@type\":\"WebSite\",\"@id\":\"https:\/\/www.zspswiecie.pl\/#website\",\"url\":\"https:\/\/www.zspswiecie.pl\/\",\"name\":\"ZSP\",\"description\":\"Zesp\u00f3\u0142 Szk\u00f3\u0142 Ponadpodstawowych\",\"publisher\":{\"@id\":\"https:\/\/www.zspswiecie.pl\/#organization\"},\"potentialAction\":[{\"@type\":\"SearchAction\",\"target\":{\"@type\":\"EntryPoint\",\"urlTemplate\":\"https:\/\/www.zspswiecie.pl\/?s={search_term_string}\"},\"query-input\":{\"@type\":\"PropertyValueSpecification\",\"valueRequired\":true,\"valueName\":\"search_term_string\"}}],\"inLanguage\":\"pl-PL\"},{\"@type\":\"Organization\",\"@id\":\"https:\/\/www.zspswiecie.pl\/#organization\",\"name\":\"Zesp\u00f3\u0142 Szk\u00f3\u0142 Ponadpodstawowych\",\"url\":\"https:\/\/www.zspswiecie.pl\/\",\"logo\":{\"@type\":\"ImageObject\",\"inLanguage\":\"pl-PL\",\"@id\":\"https:\/\/www.zspswiecie.pl\/#\/schema\/logo\/image\/\",\"url\":\"http:\/\/www.zspswiecie.pl\/wp-content\/uploads\/2016\/03\/logo-zsp2.png\",\"contentUrl\":\"http:\/\/www.zspswiecie.pl\/wp-content\/uploads\/2016\/03\/logo-zsp2.png\",\"width\":449,\"height\":351,\"caption\":\"Zesp\u00f3\u0142 Szk\u00f3\u0142 Ponadpodstawowych\"},\"image\":{\"@id\":\"https:\/\/www.zspswiecie.pl\/#\/schema\/logo\/image\/\"},\"sameAs\":[\"https:\/\/www.facebook.com\/people\/Zesp-Szk-Ponadpodstawowych-w-wieciu\/100057638830230\/\"]}]}<\/script>\n<!-- \/ Yoast SEO plugin. -->","yoast_head_json":{"title":"Pedagodzy szkolni - ZSP","robots":{"index":"index","follow":"follow","max-snippet":"max-snippet:-1","max-image-preview":"max-image-preview:large","max-video-preview":"max-video-preview:-1"},"canonical":"https:\/\/www.zspswiecie.pl\/index.php\/pedagog-szkolny\/","og_locale":"pl_PL","og_type":"article","og_title":"Pedagodzy szkolni - ZSP","og_description":"mgr Agnieszka \u017burek, mgr Ewelina G\u0119sicka, mgr Anna Gackowska \u00a0\u00a0\u00a0","og_url":"https:\/\/www.zspswiecie.pl\/index.php\/pedagog-szkolny\/","og_site_name":"ZSP","article_publisher":"https:\/\/www.facebook.com\/people\/Zesp-Szk-Ponadpodstawowych-w-wieciu\/100057638830230\/","article_modified_time":"2024-09-09T12:09:53+00:00","og_image":[{"url":"http:\/\/www.zspswiecie.pl\/wp-content\/uploads\/2016\/04\/img_00009021_01_02m.jpg","type":"","width":"","height":""}],"twitter_misc":{"Szacowany czas czytania":"2 minuty"},"schema":{"@context":"https:\/\/schema.org","@graph":[{"@type":"WebPage","@id":"https:\/\/www.zspswiecie.pl\/index.php\/pedagog-szkolny\/","url":"https:\/\/www.zspswiecie.pl\/index.php\/pedagog-szkolny\/","name":"Pedagodzy szkolni - ZSP","isPartOf":{"@id":"https:\/\/www.zspswiecie.pl\/#website"},"primaryImageOfPage":{"@id":"https:\/\/www.zspswiecie.pl\/index.php\/pedagog-szkolny\/#primaryimage"},"image":{"@id":"https:\/\/www.zspswiecie.pl\/index.php\/pedagog-szkolny\/#primaryimage"},"thumbnailUrl":"http:\/\/www.zspswiecie.pl\/wp-content\/uploads\/2016\/04\/img_00009021_01_02m.jpg","datePublished":"2016-04-12T15:30:58+00:00","dateModified":"2024-09-09T12:09:53+00:00","breadcrumb":{"@id":"https:\/\/www.zspswiecie.pl\/index.php\/pedagog-szkolny\/#breadcrumb"},"inLanguage":"pl-PL","potentialAction":[{"@type":"ReadAction","target":["https:\/\/www.zspswiecie.pl\/index.php\/pedagog-szkolny\/"]}]},{"@type":"ImageObject","inLanguage":"pl-PL","@id":"https:\/\/www.zspswiecie.pl\/index.php\/pedagog-szkolny\/#primaryimage","url":"http:\/\/www.zspswiecie.pl\/wp-content\/uploads\/2016\/04\/img_00009021_01_02m.jpg","contentUrl":"http:\/\/www.zspswiecie.pl\/wp-content\/uploads\/2016\/04\/img_00009021_01_02m.jpg"},{"@type":"BreadcrumbList","@id":"https:\/\/www.zspswiecie.pl\/index.php\/pedagog-szkolny\/#breadcrumb","itemListElement":[{"@type":"ListItem","position":1,"name":"Strona g\u0142\u00f3wna","item":"https:\/\/www.zspswiecie.pl\/index.php\/home\/strona-glowna\/"},{"@type":"ListItem","position":2,"name":"Pedagodzy szkolni"}]},{"@type":"WebSite","@id":"https:\/\/www.zspswiecie.pl\/#website","url":"https:\/\/www.zspswiecie.pl\/","name":"ZSP","description":"Zesp\u00f3\u0142 Szk\u00f3\u0142 Ponadpodstawowych","publisher":{"@id":"https:\/\/www.zspswiecie.pl\/#organization"},"potentialAction":[{"@type":"SearchAction","target":{"@type":"EntryPoint","urlTemplate":"https:\/\/www.zspswiecie.pl\/?s={search_term_string}"},"query-input":{"@type":"PropertyValueSpecification","valueRequired":true,"valueName":"search_term_string"}}],"inLanguage":"pl-PL"},{"@type":"Organization","@id":"https:\/\/www.zspswiecie.pl\/#organization","name":"Zesp\u00f3\u0142 Szk\u00f3\u0142 Ponadpodstawowych","url":"https:\/\/www.zspswiecie.pl\/","logo":{"@type":"ImageObject","inLanguage":"pl-PL","@id":"https:\/\/www.zspswiecie.pl\/#\/schema\/logo\/image\/","url":"http:\/\/www.zspswiecie.pl\/wp-content\/uploads\/2016\/03\/logo-zsp2.png","contentUrl":"http:\/\/www.zspswiecie.pl\/wp-content\/uploads\/2016\/03\/logo-zsp2.png","width":449,"height":351,"caption":"Zesp\u00f3\u0142 Szk\u00f3\u0142 Ponadpodstawowych"},"image":{"@id":"https:\/\/www.zspswiecie.pl\/#\/schema\/logo\/image\/"},"sameAs":["https:\/\/www.facebook.com\/people\/Zesp-Szk-Ponadpodstawowych-w-wieciu\/100057638830230\/"]}]}},"_links":{"self":[{"href":"https:\/\/www.zspswiecie.pl\/index.php\/wp-json\/wp\/v2\/pages\/743","targetHints":{"allow":["GET"]}}],"collection":[{"href":"https:\/\/www.zspswiecie.pl\/index.php\/wp-json\/wp\/v2\/pages"}],"about":[{"href":"https:\/\/www.zspswiecie.pl\/index.php\/wp-json\/wp\/v2\/types\/page"}],"author":[{"embeddable":true,"href":"https:\/\/www.zspswiecie.pl\/index.php\/wp-json\/wp\/v2\/users\/2"}],"replies":[{"embeddable":true,"href":"https:\/\/www.zspswiecie.pl\/index.php\/wp-json\/wp\/v2\/comments?post=743"}],"version-history":[{"count":32,"href":"https:\/\/www.zspswiecie.pl\/index.php\/wp-json\/wp\/v2\/pages\/743\/revisions"}],"predecessor-version":[{"id":13761,"href":"https:\/\/www.zspswiecie.pl\/index.php\/wp-json\/wp\/v2\/pages\/743\/revisions\/13761"}],"wp:attachment":[{"href":"https:\/\/www.zspswiecie.pl\/index.php\/wp-json\/wp\/v2\/media?parent=743"}],"curies":[{"name":"wp","href":"https:\/\/api.w.org\/{rel}","templated":true}]}}