{"id":69,"date":"2016-03-07T09:48:01","date_gmt":"2016-03-07T08:48:01","guid":{"rendered":"http:\/\/nowa.zspswiecie.pl\/?page_id=69"},"modified":"2024-06-07T11:59:43","modified_gmt":"2024-06-07T09:59:43","slug":"galeria-zdjec","status":"publish","type":"page","link":"https:\/\/www.zspswiecie.pl\/index.php\/galeria-zdjec\/","title":{"rendered":"Galeria zdj\u0119\u0107"},"content":{"rendered":"\n<div class=\"wp-block-columns is-layout-flex wp-container-core-columns-is-layout-9d6595d7 wp-block-columns-is-layout-flex\">\n<div class=\"wp-block-column is-layout-flow wp-block-column-is-layout-flow\">\n<p><span style=\"color: #000000;\">Rok szkolny 2018\/2019<\/span><\/p>\n<\/div>\n\n\n\n<div class=\"wp-block-column is-layout-flow wp-block-column-is-layout-flow\">\n<p><span style=\"color: #000000;\">Rok szkolny 2019\/2020<\/span><\/p>\n<\/div>\n\n\n\n<div class=\"wp-block-column is-layout-flow wp-block-column-is-layout-flow\">\n<p><span style=\"color: #000000;\">Rok szkolny 2020\/2021<\/span><\/p>\n<\/div>\n<\/div>\n\n\n\n<div class=\"wp-block-columns is-layout-flex wp-container-core-columns-is-layout-9d6595d7 wp-block-columns-is-layout-flex\">\n<div class=\"wp-block-column is-layout-flow wp-block-column-is-layout-flow\">\n<div class=\"wp-block-columns is-layout-flex wp-container-core-columns-is-layout-9d6595d7 wp-block-columns-is-layout-flex\">\n<div class=\"wp-block-column is-layout-flow wp-block-column-is-layout-flow\">\n<ul class=\"wp-block-list\">\n<li><a href=\"https:\/\/www.zspswiecie.pl\/?p=6508\" target=\"_blank\" rel=\"noreferrer noopener\">II Bieg Terenowy<\/a><\/li>\n\n\n\n<li><a href=\"https:\/\/www.zspswiecie.pl\/?p=6336\" target=\"_blank\" rel=\"noreferrer noopener\">Drzwi otwarte, XI Targi Edukacyjne<\/a><\/li>\n\n\n\n<li><a href=\"https:\/\/www.zspswiecie.pl\/?p=6208\" target=\"_blank\" rel=\"noreferrer noopener\">\u015awiatowy Dzie\u0144 Kociewia<\/a><\/li>\n\n\n\n<li><a href=\"https:\/\/www.zspswiecie.pl\/?p=6172\">Walentynki 2019<\/a><\/li>\n\n\n\n<li><a href=\"https:\/\/www.zspswiecie.pl\/?p=5996\" target=\"_blank\" rel=\"noreferrer noopener\">Jase\u0142ka 2018<\/a><\/li>\n\n\n\n<li><a href=\"https:\/\/www.zspswiecie.pl\/?p=5829\" target=\"_blank\" rel=\"noreferrer noopener\">Koncert DLA NIEPODLEG\u0141EJ<\/a><\/li>\n\n\n\n<li><a href=\"https:\/\/www.zspswiecie.pl\/?p=5698\" target=\"_blank\" rel=\"noreferrer noopener\">Europejski Tydzie\u0144 Umiej\u0119tno\u015bci Zawodowych<\/a><\/li>\n\n\n\n<li><a href=\"https:\/\/www.zspswiecie.pl\/?p=5648\" target=\"_blank\" rel=\"noreferrer noopener\">Drzwi otwarte Mondi<\/a><\/li>\n\n\n\n<li><a href=\"https:\/\/www.zspswiecie.pl\/?p=5522\" target=\"_blank\" rel=\"noreferrer noopener\">Dzie\u0144 Edukacji Narodowej 2018<\/a><\/li>\n\n\n\n<li><a href=\"https:\/\/www.zspswiecie.pl\/wp-admin\/post.php?post=5478&amp;action=edit#\" target=\"_blank\" rel=\"noreferrer noopener\">Deczno &#8211; bieg terenowy <\/a><a href=\"https:\/\/www.zspswiecie.pl\/wp-admin\/post.php?post=5478&amp;action=edit#\" target=\"_blank\" rel=\"noreferrer noopener\">&#8222;Godno\u015b\u0107 , wolno\u015b\u0107, niepodleg\u0142o\u015b\u0107&#8221;<\/a><\/li>\n\n\n\n<li><a href=\"https:\/\/www.zspswiecie.pl\/?p=5375\" target=\"_blank\" rel=\"noreferrer noopener\">Powitanie klas pierwszych 2018<\/a><\/li>\n<\/ul>\n<\/div>\n\n\n\n<div class=\"wp-block-column is-layout-flow wp-block-column-is-layout-flow\">\n<ul class=\"wp-block-list\">\n<li><a rel=\"noreferrer noopener\" href=\"https:\/\/www.zspswiecie.pl\/?p=8027\" target=\"_blank\">Zaj\u0119cia otwarte<\/a><\/li>\n\n\n\n<li><a rel=\"noreferrer noopener\" href=\"https:\/\/www.zspswiecie.pl\/?p=7157\" target=\"_blank\">Tydzie\u0144 przedsi\u0119biorczo\u015bci &#8211; makija\u017c warsztaty<\/a><\/li>\n\n\n\n<li><a rel=\"noreferrer noopener\" href=\"https:\/\/www.zspswiecie.pl\/?p=7072\" target=\"_blank\">Dzie\u0144 Edukacji Narodowej<\/a><\/li>\n\n\n\n<li><a rel=\"noreferrer noopener\" href=\"https:\/\/www.zspswiecie.pl\/?p=7052\" target=\"_blank\">Powitanie klas pierwszych<\/a><\/li>\n\n\n\n<li><a rel=\"noreferrer noopener\" href=\"https:\/\/www.zspswiecie.pl\/?p=6834\" target=\"_blank\">Benefis Pani dyrektor Ewy Joachimiak<\/a><\/li>\n<\/ul>\n\n\n\n<p><mark style=\"background-color:rgba(0, 0, 0, 0)\" class=\"has-inline-color has-black-color\">Rok szkolny 2022\/2023<\/mark><\/p>\n\n\n\n<ul class=\"wp-block-list\">\n<li><a href=\"https:\/\/www.zspswiecie.pl\/index.php\/gallery\/europejski-dzien-sportu-szkolnego\/\">Europejski Dzie\u0144 Sportu Szkolnego<\/a><\/li>\n\n\n\n<li><a href=\"https:\/\/www.zspswiecie.pl\/index.php\/gallery\/powitanie-klas-pierwszych-4\/\">Powitanie klas pierwszych<\/a><\/li>\n\n\n\n<li><a href=\"https:\/\/www.zspswiecie.pl\/index.php\/gallery\/11069\/\">\u0141azy 2022<\/a><\/li>\n\n\n\n<li><a href=\"https:\/\/www.zspswiecie.pl\/index.php\/gallery\/i-turniej-gier-ekonomicznych\/\" target=\"_blank\" rel=\"noreferrer noopener\">I Turniej gier ekonomicznych<\/a><\/li>\n\n\n\n<li><a href=\"https:\/\/www.zspswiecie.pl\/index.php\/gallery\/piknik-dla-bartka\/\">Piknik dla Bartka<\/a><\/li>\n<\/ul>\n<\/div>\n\n\n\n<div class=\"wp-block-column is-layout-flow wp-block-column-is-layout-flow\">\n<ul class=\"wp-block-list\">\n<li><a href=\"https:\/\/www.zspswiecie.pl\/index.php\/gallery\/marsz-kondycyjny-klas-mundurowych\/\">Marsz kondycyjny klas mundurowych<\/a><\/li>\n\n\n\n<li><a rel=\"noreferrer noopener\" href=\"https:\/\/www.zspswiecie.pl\/index.php\/gallery\/wyjazd-szkoleniowy\/\" target=\"_blank\">Wyjazd szkoleniowy<\/a><\/li>\n<\/ul>\n\n\n\n<p><mark style=\"background-color:rgba(0, 0, 0, 0)\" class=\"has-inline-color has-black-color\">Rok szkolny 2021\/2022<\/mark><\/p>\n\n\n\n<ul class=\"wp-block-list\">\n<li><a href=\"https:\/\/www.zspswiecie.pl\/index.php\/gallery\/oboz-szkoleniowy\/\">Ob\u00f3z szkoleniowy<\/a><\/li>\n\n\n\n<li><a href=\"https:\/\/www.zspswiecie.pl\/index.php\/gallery\/wycieczka-podhale-i-pieniny\/\">Wycieczka Poznaj Polsk\u0119<\/a><\/li>\n\n\n\n<li><a href=\"https:\/\/www.zspswiecie.pl\/index.php\/gallery\/slubowanie-klas-mundurowych\/\">\u015alubowanie klas mundurowych<\/a><\/li>\n\n\n\n<li><a href=\"https:\/\/www.zspswiecie.pl\/index.php\/gallery\/centrum-szkolenia-logistyki-w-grudziadzu\/\">Centrum Centrum Szkolenia Logistyki w Grudzi\u0105dzu<\/a><\/li>\n\n\n\n<li><a rel=\"noreferrer noopener\" href=\"https:\/\/www.zspswiecie.pl\/index.php\/gallery\/warsztaty-przetworstwa-i-recyklingu-tworzyw-sztucznych\/\" target=\"_blank\">Warsztaty z zakresu przetw\u00f3rstwa i recyklingu tworzyw sztucznych<\/a><\/li>\n<\/ul>\n\n\n\n<p><mark style=\"background-color:rgba(0, 0, 0, 0)\" class=\"has-inline-color has-black-color\">Rok szkolny 2023\/202<\/mark>4<\/p>\n\n\n\n<ul class=\"wp-block-list\">\n<li><a href=\"https:\/\/www.zspswiecie.pl\/index.php\/gallery\/zsp-dla-kasi\/\" target=\"_blank\" rel=\"noreferrer noopener\">ZSP DLA KASI<\/a><\/li>\n\n\n\n<li><a href=\"https:\/\/www.zspswiecie.pl\/index.php\/gallery\/dzien-balabuna\/\" target=\"_blank\" rel=\"noreferrer noopener\">Dzie\u0144 Ba\u0142abuna<\/a><\/li>\n<\/ul>\n\n\n\n<p><\/p>\n\n\n\n<p><br><\/p>\n<\/div>\n<\/div>\n\n\n\n<div class=\"wp-block-columns is-layout-flex wp-container-core-columns-is-layout-9d6595d7 wp-block-columns-is-layout-flex\">\n<div class=\"wp-block-column is-layout-flow wp-block-column-is-layout-flow\">\n<p><span style=\"color: #000000;\">Rok szkolny 2015\/2016<\/span><\/p>\n<\/div>\n\n\n\n<div class=\"wp-block-column is-layout-flow wp-block-column-is-layout-flow\">\n<p><span style=\"color: #000000;\">Rok szkolny 2016\/2017<\/span><\/p>\n<\/div>\n\n\n\n<div class=\"wp-block-column is-layout-flow wp-block-column-is-layout-flow\">\n<p><span style=\"color: #000000;\">Rok szkolny 2017\/2018<\/span><\/p>\n\n\n\n<p><\/p>\n<\/div>\n<\/div>\n\n\n\n<div class=\"wp-block-columns is-layout-flex wp-container-core-columns-is-layout-9d6595d7 wp-block-columns-is-layout-flex\">\n<div class=\"wp-block-column is-layout-flow wp-block-column-is-layout-flow\">\n<ul class=\"wp-block-list\">\n<li><a href=\"https:\/\/www.zspswiecie.pl\/?p=350\" target=\"_blank\" rel=\"noreferrer noopener\">Drzwi otwarte 2016<\/a><\/li>\n\n\n\n<li><a href=\"https:\/\/www.zspswiecie.pl\/?p=1185\" target=\"_blank\" rel=\"noreferrer noopener\">Pat PORT<\/a><\/li>\n\n\n\n<li><a href=\"https:\/\/www.zspswiecie.pl\/?p=580\" target=\"_blank\" rel=\"noreferrer noopener\">Konkurs wiedzy technicznej TECH MECH<\/a><\/li>\n\n\n\n<li><a href=\"https:\/\/www.zspswiecie.pl\/?p=984\" target=\"_blank\" rel=\"noreferrer noopener\">Konkurs wiedzy o odnawialnych \u017ar\u00f3d\u0142ach energii ZIELONA ENERGIA<\/a><\/li>\n\n\n\n<li><a href=\"https:\/\/www.zspswiecie.pl\/?p=1115\" target=\"_blank\" rel=\"noreferrer noopener\">Po\u017cegnanie maturzyst\u00f3w<\/a><\/li>\n\n\n\n<li><a href=\"https:\/\/www.zspswiecie.pl\/?p=1171\" target=\"_blank\" rel=\"noreferrer noopener\">Zaczytana przerwa<\/a><\/li>\n\n\n\n<li><a href=\"https:\/\/www.zspswiecie.pl\/?p=1221\" target=\"_blank\" rel=\"noreferrer noopener\">Festiwal zawod\u00f3w- dzie\u0144 pierwszy 18.05.2016<\/a><\/li>\n\n\n\n<li><a href=\"https:\/\/www.zspswiecie.pl\/?p=1248\" target=\"_blank\" rel=\"noreferrer noopener\">Festiwal zawod\u00f3w- dzie\u0144 drugi 19.05.2016<\/a><\/li>\n\n\n\n<li><a href=\"https:\/\/www.zspswiecie.pl\/?p=1265\" target=\"_blank\" rel=\"noreferrer noopener\">Festiwal zawod\u00f3w- dzie\u0144 trzeci 20.05.2016<\/a><\/li>\n\n\n\n<li><a href=\"https:\/\/www.zspswiecie.pl\/?p=1354\" target=\"_blank\" rel=\"noreferrer noopener\">VII Dzie\u0144 Sportu i Kabaretu<\/a><\/li>\n\n\n\n<li><a href=\"https:\/\/www.zspswiecie.pl\/?p=1381\" target=\"_blank\" rel=\"noreferrer noopener\">Og\u00f3lnopolski G\u0142os Profilaktyki- Du\u017cy Rynek<\/a><\/li>\n\n\n\n<li><a href=\"https:\/\/www.zspswiecie.pl\/?p=1404\" target=\"_blank\" rel=\"noreferrer noopener\">&#8222;Kurs na Horn&#8221;- rejs po Ba\u0142tyku<\/a><\/li>\n\n\n\n<li><a href=\"https:\/\/www.zspswiecie.pl\/?p=1489\" target=\"_blank\" rel=\"noreferrer noopener\">Zawody kolarskie o Puchar Dyrektora ZSP<\/a><\/li>\n\n\n\n<li><a href=\"https:\/\/www.zspswiecie.pl\/?p=1508\" target=\"_blank\" rel=\"noreferrer noopener\">Zamrzenica. Wyjazd szkoleniowo-taktyczny.<\/a><\/li>\n<\/ul>\n<\/div>\n\n\n\n<div class=\"wp-block-column is-layout-flow wp-block-column-is-layout-flow\">\n<ul class=\"wp-block-list\">\n<li><a href=\"https:\/\/www.zspswiecie.pl\/?p=5180\" target=\"_blank\" rel=\"noreferrer noopener\">Wyjazd szkoleniowo-taktyczny<\/a><\/li>\n\n\n\n<li><a href=\"https:\/\/www.zspswiecie.pl\/?p=3322\" target=\"_blank\" rel=\"noreferrer noopener\">Wy\u015bcig kolarski<\/a><\/li>\n\n\n\n<li><a href=\"https:\/\/www.zspswiecie.pl\/?p=3089\" target=\"_blank\" rel=\"noreferrer noopener\">Gala maturzyst\u00f3w<\/a><\/li>\n\n\n\n<li><a href=\"https:\/\/www.zspswiecie.pl\/?p=2927\" target=\"_blank\" rel=\"noreferrer noopener\">Og\u00f3lnopolski Turniej Klas Mundurowych<\/a><\/li>\n\n\n\n<li><a href=\"https:\/\/www.zspswiecie.pl\/?p=2795\">Drzwi otwarte<\/a><\/li>\n\n\n\n<li><a href=\"https:\/\/www.zspswiecie.pl\/?p=2749\">Spacer z przewodnikiem PTTK<\/a><\/li>\n\n\n\n<li><a href=\"https:\/\/www.zspswiecie.pl\/?p=2683\" target=\"_blank\" rel=\"noreferrer noopener\">Festiwal zawod\u00f3w<\/a><\/li>\n\n\n\n<li><a href=\"https:\/\/www.zspswiecie.pl\/?p=2593\">\u015awiatowy Dzie\u0144 Kociewia<\/a><\/li>\n\n\n\n<li><a href=\"https:\/\/www.zspswiecie.pl\/?p=2469\" target=\"_blank\" rel=\"noreferrer noopener\">Studni\u00f3wka 2017<\/a><\/li>\n\n\n\n<li><a href=\"https:\/\/www.zspswiecie.pl\/?p=2369\" target=\"_blank\" rel=\"noreferrer noopener\">Jase\u0142ka 2016<\/a><\/li>\n\n\n\n<li><a href=\"https:\/\/www.zspswiecie.pl\/?p=2280\" target=\"_blank\" rel=\"noreferrer noopener\">Najpi\u0119kniejszy st\u00f3\u0142<\/a><\/li>\n\n\n\n<li><a href=\"https:\/\/www.zspswiecie.pl\/?p=2232\" target=\"_blank\" rel=\"noreferrer noopener\">Dzie\u0144 Turyngii<\/a><\/li>\n\n\n\n<li><a href=\"https:\/\/www.zspswiecie.pl\/?p=2076\" target=\"_blank\" rel=\"noreferrer noopener\">Listopad w ZSP miesi\u0105cem bez cukru<\/a><\/li>\n\n\n\n<li><a href=\"https:\/\/www.zspswiecie.pl\/?p=1968\" target=\"_blank\" rel=\"noreferrer noopener\">Dzie\u0144 Edukacji Narodowej<\/a><\/li>\n\n\n\n<li><a href=\"https:\/\/www.zspswiecie.pl\/?p=1905\" target=\"_blank\" rel=\"noreferrer noopener\">Powitanie klas pierwszych<\/a><\/li>\n\n\n\n<li><a href=\"https:\/\/www.zspswiecie.pl\/?p=1871\" target=\"_blank\" rel=\"noreferrer noopener\">Sprz\u0105tanie \u015bwiata 2016<\/a><\/li>\n\n\n\n<li><a href=\"https:\/\/www.zspswiecie.pl\/?p=1778\" target=\"_blank\" rel=\"noreferrer noopener\">Narodowe Czytanie<\/a><\/li>\n<\/ul>\n<\/div>\n\n\n\n<div class=\"wp-block-column is-layout-flow wp-block-column-is-layout-flow\">\n<ul class=\"wp-block-list\">\n<li><a href=\"https:\/\/www.zspswiecie.pl\/?p=5180\" target=\"_blank\" rel=\"noreferrer noopener\">Zako\u0144czenie roku szkolnego<\/a><\/li>\n\n\n\n<li><a href=\"https:\/\/www.zspswiecie.pl\/?p=4938\" target=\"_blank\" rel=\"noreferrer noopener\">Oda do rado\u015bci<\/a><\/li>\n\n\n\n<li><a href=\"https:\/\/www.zspswiecie.pl\/?p=4965\" target=\"_blank\" rel=\"noreferrer noopener\">Maturzy\u015bci<\/a><\/li>\n\n\n\n<li><a href=\"https:\/\/www.zspswiecie.pl\/?p=4842\" target=\"_blank\" rel=\"noreferrer noopener\">Festiwal zawod\u00f3w 2018<\/a><\/li>\n\n\n\n<li><a href=\"https:\/\/www.zspswiecie.pl\/?p=4656\" target=\"_blank\" rel=\"noreferrer noopener\">Drzwi otwarte, X Targi Edukacyjne<\/a><\/li>\n\n\n\n<li><a href=\"http:\/\/Prymusi Zawodu Kujaw i Pomorza\" target=\"_blank\" rel=\"noreferrer noopener\">Prymusi Zawodu Kujaw i Pomorza<\/a><\/li>\n\n\n\n<li><a href=\"https:\/\/www.zspswiecie.pl\/?p=4385\" target=\"_blank\" rel=\"noreferrer noopener\">\u015awiatowy Dzie\u0144 Kociewia<\/a><\/li>\n\n\n\n<li><a href=\"https:\/\/www.zspswiecie.pl\/?p=3888\" target=\"_blank\" rel=\"noreferrer noopener\">Literackie oblicza uczni\u00f3w i nauczycieli ZSP<\/a><\/li>\n\n\n\n<li><a href=\"https:\/\/www.zspswiecie.pl\/?p=3765\" target=\"_blank\" rel=\"noreferrer noopener\">Dzie\u0144 Edukacji Narodowej<\/a><\/li>\n\n\n\n<li><a href=\"https:\/\/www.zspswiecie.pl\/?p=3629\" target=\"_blank\" rel=\"noreferrer noopener\">Powitanie klas pierwszych<\/a><\/li>\n<\/ul>\n<\/div>\n<\/div>\n\n\n\n<p><\/p>\n<\/div>\n<\/div>\n\n\n\n<div class=\"wp-block-columns is-layout-flex wp-container-core-columns-is-layout-9d6595d7 wp-block-columns-is-layout-flex\">\n<div class=\"wp-block-column is-layout-flow wp-block-column-is-layout-flow\"><\/div>\n\n\n\n<div class=\"wp-block-column is-layout-flow wp-block-column-is-layout-flow\"><\/div>\n<\/div>\n\n\n\n<div class=\"wp-block-columns is-layout-flex wp-container-core-columns-is-layout-9d6595d7 wp-block-columns-is-layout-flex\">\n<div class=\"wp-block-column is-layout-flow wp-block-column-is-layout-flow\">\n<div class=\"wp-block-columns is-layout-flex wp-container-core-columns-is-layout-9d6595d7 wp-block-columns-is-layout-flex\">\n<div class=\"wp-block-column is-layout-flow wp-block-column-is-layout-flow\"><\/div>\n\n\n\n<div class=\"wp-block-column is-layout-flow wp-block-column-is-layout-flow\"><\/div>\n<\/div>\n<\/div>\n\n\n\n<div class=\"wp-block-column is-layout-flow wp-block-column-is-layout-flow\"><\/div>\n<\/div>\n\n\n\n<p><\/p>\n","protected":false},"excerpt":{"rendered":"<p>Rok szkolny 2018\/2019 Rok szkolny 2019\/2020 Rok szkolny 2020\/2021 Rok szkolny 2022\/2023 Rok szkolny 2021\/2022 Rok szkolny 2023\/2024 Rok szkolny 2015\/2016 Rok szkolny 2016\/2017&#8230; &nbsp; <a href=\"https:\/\/www.zspswiecie.pl\/index.php\/galeria-zdjec\/\" class=\"moretag\">Wi\u0119cej&#8230;<\/a><\/p>\n","protected":false},"author":1,"featured_media":0,"parent":0,"menu_order":0,"comment_status":"open","ping_status":"open","template":"page-fullwidth.php","meta":{"footnotes":""},"class_list":["post-69","page","type-page","status-publish","hentry"],"yoast_head":"<!-- This site is optimized with the Yoast SEO plugin v26.8 - https:\/\/yoast.com\/product\/yoast-seo-wordpress\/ -->\n<title>Galeria zdj\u0119\u0107 - ZSP<\/title>\n<meta name=\"robots\" content=\"index, follow, max-snippet:-1, max-image-preview:large, max-video-preview:-1\" \/>\n<link rel=\"canonical\" href=\"https:\/\/www.zspswiecie.pl\/index.php\/galeria-zdjec\/\" \/>\n<meta property=\"og:locale\" content=\"pl_PL\" \/>\n<meta property=\"og:type\" content=\"article\" \/>\n<meta property=\"og:title\" content=\"Galeria zdj\u0119\u0107 - ZSP\" \/>\n<meta property=\"og:description\" content=\"Rok szkolny 2018\/2019 Rok szkolny 2019\/2020 Rok szkolny 2020\/2021 Rok szkolny 2022\/2023 Rok szkolny 2021\/2022 Rok szkolny 2023\/2024 Rok szkolny 2015\/2016 Rok szkolny 2016\/2017... &nbsp; Wi\u0119cej...\" \/>\n<meta property=\"og:url\" content=\"https:\/\/www.zspswiecie.pl\/index.php\/galeria-zdjec\/\" \/>\n<meta property=\"og:site_name\" content=\"ZSP\" \/>\n<meta property=\"article:publisher\" content=\"https:\/\/www.facebook.com\/people\/Zesp-Szk-Ponadpodstawowych-w-wieciu\/100057638830230\/\" \/>\n<meta property=\"article:modified_time\" content=\"2024-06-07T09:59:43+00:00\" \/>\n<meta property=\"og:image\" content=\"http:\/\/www.zspswiecie.pl\/wp-content\/uploads\/2016\/03\/ZSP_budynek_szko%c5%82y_%c5%9bwiecie.jpg\" \/>\n<meta name=\"twitter:label1\" content=\"Szacowany czas czytania\" \/>\n\t<meta name=\"twitter:data1\" content=\"2 minuty\" \/>\n<script type=\"application\/ld+json\" class=\"yoast-schema-graph\">{\"@context\":\"https:\/\/schema.org\",\"@graph\":[{\"@type\":\"WebPage\",\"@id\":\"https:\/\/www.zspswiecie.pl\/index.php\/galeria-zdjec\/\",\"url\":\"https:\/\/www.zspswiecie.pl\/index.php\/galeria-zdjec\/\",\"name\":\"Galeria zdj\u0119\u0107 - ZSP\",\"isPartOf\":{\"@id\":\"https:\/\/www.zspswiecie.pl\/#website\"},\"datePublished\":\"2016-03-07T08:48:01+00:00\",\"dateModified\":\"2024-06-07T09:59:43+00:00\",\"breadcrumb\":{\"@id\":\"https:\/\/www.zspswiecie.pl\/index.php\/galeria-zdjec\/#breadcrumb\"},\"inLanguage\":\"pl-PL\",\"potentialAction\":[{\"@type\":\"ReadAction\",\"target\":[\"https:\/\/www.zspswiecie.pl\/index.php\/galeria-zdjec\/\"]}]},{\"@type\":\"BreadcrumbList\",\"@id\":\"https:\/\/www.zspswiecie.pl\/index.php\/galeria-zdjec\/#breadcrumb\",\"itemListElement\":[{\"@type\":\"ListItem\",\"position\":1,\"name\":\"Strona g\u0142\u00f3wna\",\"item\":\"https:\/\/www.zspswiecie.pl\/index.php\/home\/strona-glowna\/\"},{\"@type\":\"ListItem\",\"position\":2,\"name\":\"Galeria zdj\u0119\u0107\"}]},{\"@type\":\"WebSite\",\"@id\":\"https:\/\/www.zspswiecie.pl\/#website\",\"url\":\"https:\/\/www.zspswiecie.pl\/\",\"name\":\"ZSP\",\"description\":\"Zesp\u00f3\u0142 Szk\u00f3\u0142 Ponadpodstawowych\",\"publisher\":{\"@id\":\"https:\/\/www.zspswiecie.pl\/#organization\"},\"potentialAction\":[{\"@type\":\"SearchAction\",\"target\":{\"@type\":\"EntryPoint\",\"urlTemplate\":\"https:\/\/www.zspswiecie.pl\/?s={search_term_string}\"},\"query-input\":{\"@type\":\"PropertyValueSpecification\",\"valueRequired\":true,\"valueName\":\"search_term_string\"}}],\"inLanguage\":\"pl-PL\"},{\"@type\":\"Organization\",\"@id\":\"https:\/\/www.zspswiecie.pl\/#organization\",\"name\":\"Zesp\u00f3\u0142 Szk\u00f3\u0142 Ponadpodstawowych\",\"url\":\"https:\/\/www.zspswiecie.pl\/\",\"logo\":{\"@type\":\"ImageObject\",\"inLanguage\":\"pl-PL\",\"@id\":\"https:\/\/www.zspswiecie.pl\/#\/schema\/logo\/image\/\",\"url\":\"http:\/\/www.zspswiecie.pl\/wp-content\/uploads\/2016\/03\/logo-zsp2.png\",\"contentUrl\":\"http:\/\/www.zspswiecie.pl\/wp-content\/uploads\/2016\/03\/logo-zsp2.png\",\"width\":449,\"height\":351,\"caption\":\"Zesp\u00f3\u0142 Szk\u00f3\u0142 Ponadpodstawowych\"},\"image\":{\"@id\":\"https:\/\/www.zspswiecie.pl\/#\/schema\/logo\/image\/\"},\"sameAs\":[\"https:\/\/www.facebook.com\/people\/Zesp-Szk-Ponadpodstawowych-w-wieciu\/100057638830230\/\"]}]}<\/script>\n<!-- \/ Yoast SEO plugin. -->","yoast_head_json":{"title":"Galeria zdj\u0119\u0107 - ZSP","robots":{"index":"index","follow":"follow","max-snippet":"max-snippet:-1","max-image-preview":"max-image-preview:large","max-video-preview":"max-video-preview:-1"},"canonical":"https:\/\/www.zspswiecie.pl\/index.php\/galeria-zdjec\/","og_locale":"pl_PL","og_type":"article","og_title":"Galeria zdj\u0119\u0107 - ZSP","og_description":"Rok szkolny 2018\/2019 Rok szkolny 2019\/2020 Rok szkolny 2020\/2021 Rok szkolny 2022\/2023 Rok szkolny 2021\/2022 Rok szkolny 2023\/2024 Rok szkolny 2015\/2016 Rok szkolny 2016\/2017... &nbsp; Wi\u0119cej...","og_url":"https:\/\/www.zspswiecie.pl\/index.php\/galeria-zdjec\/","og_site_name":"ZSP","article_publisher":"https:\/\/www.facebook.com\/people\/Zesp-Szk-Ponadpodstawowych-w-wieciu\/100057638830230\/","article_modified_time":"2024-06-07T09:59:43+00:00","og_image":[{"url":"http:\/\/www.zspswiecie.pl\/wp-content\/uploads\/2016\/03\/ZSP_budynek_szko%c5%82y_%c5%9bwiecie.jpg","type":"","width":"","height":""}],"twitter_misc":{"Szacowany czas czytania":"2 minuty"},"schema":{"@context":"https:\/\/schema.org","@graph":[{"@type":"WebPage","@id":"https:\/\/www.zspswiecie.pl\/index.php\/galeria-zdjec\/","url":"https:\/\/www.zspswiecie.pl\/index.php\/galeria-zdjec\/","name":"Galeria zdj\u0119\u0107 - ZSP","isPartOf":{"@id":"https:\/\/www.zspswiecie.pl\/#website"},"datePublished":"2016-03-07T08:48:01+00:00","dateModified":"2024-06-07T09:59:43+00:00","breadcrumb":{"@id":"https:\/\/www.zspswiecie.pl\/index.php\/galeria-zdjec\/#breadcrumb"},"inLanguage":"pl-PL","potentialAction":[{"@type":"ReadAction","target":["https:\/\/www.zspswiecie.pl\/index.php\/galeria-zdjec\/"]}]},{"@type":"BreadcrumbList","@id":"https:\/\/www.zspswiecie.pl\/index.php\/galeria-zdjec\/#breadcrumb","itemListElement":[{"@type":"ListItem","position":1,"name":"Strona g\u0142\u00f3wna","item":"https:\/\/www.zspswiecie.pl\/index.php\/home\/strona-glowna\/"},{"@type":"ListItem","position":2,"name":"Galeria zdj\u0119\u0107"}]},{"@type":"WebSite","@id":"https:\/\/www.zspswiecie.pl\/#website","url":"https:\/\/www.zspswiecie.pl\/","name":"ZSP","description":"Zesp\u00f3\u0142 Szk\u00f3\u0142 Ponadpodstawowych","publisher":{"@id":"https:\/\/www.zspswiecie.pl\/#organization"},"potentialAction":[{"@type":"SearchAction","target":{"@type":"EntryPoint","urlTemplate":"https:\/\/www.zspswiecie.pl\/?s={search_term_string}"},"query-input":{"@type":"PropertyValueSpecification","valueRequired":true,"valueName":"search_term_string"}}],"inLanguage":"pl-PL"},{"@type":"Organization","@id":"https:\/\/www.zspswiecie.pl\/#organization","name":"Zesp\u00f3\u0142 Szk\u00f3\u0142 Ponadpodstawowych","url":"https:\/\/www.zspswiecie.pl\/","logo":{"@type":"ImageObject","inLanguage":"pl-PL","@id":"https:\/\/www.zspswiecie.pl\/#\/schema\/logo\/image\/","url":"http:\/\/www.zspswiecie.pl\/wp-content\/uploads\/2016\/03\/logo-zsp2.png","contentUrl":"http:\/\/www.zspswiecie.pl\/wp-content\/uploads\/2016\/03\/logo-zsp2.png","width":449,"height":351,"caption":"Zesp\u00f3\u0142 Szk\u00f3\u0142 Ponadpodstawowych"},"image":{"@id":"https:\/\/www.zspswiecie.pl\/#\/schema\/logo\/image\/"},"sameAs":["https:\/\/www.facebook.com\/people\/Zesp-Szk-Ponadpodstawowych-w-wieciu\/100057638830230\/"]}]}},"_links":{"self":[{"href":"https:\/\/www.zspswiecie.pl\/index.php\/wp-json\/wp\/v2\/pages\/69","targetHints":{"allow":["GET"]}}],"collection":[{"href":"https:\/\/www.zspswiecie.pl\/index.php\/wp-json\/wp\/v2\/pages"}],"about":[{"href":"https:\/\/www.zspswiecie.pl\/index.php\/wp-json\/wp\/v2\/types\/page"}],"author":[{"embeddable":true,"href":"https:\/\/www.zspswiecie.pl\/index.php\/wp-json\/wp\/v2\/users\/1"}],"replies":[{"embeddable":true,"href":"https:\/\/www.zspswiecie.pl\/index.php\/wp-json\/wp\/v2\/comments?post=69"}],"version-history":[{"count":111,"href":"https:\/\/www.zspswiecie.pl\/index.php\/wp-json\/wp\/v2\/pages\/69\/revisions"}],"predecessor-version":[{"id":13534,"href":"https:\/\/www.zspswiecie.pl\/index.php\/wp-json\/wp\/v2\/pages\/69\/revisions\/13534"}],"wp:attachment":[{"href":"https:\/\/www.zspswiecie.pl\/index.php\/wp-json\/wp\/v2\/media?parent=69"}],"curies":[{"name":"wp","href":"https:\/\/api.w.org\/{rel}","templated":true}]}}