{"id":5244,"date":"2018-08-30T22:38:30","date_gmt":"2018-08-30T20:38:30","guid":{"rendered":"http:\/\/www.zspswiecie.pl\/?page_id=5244"},"modified":"2018-09-03T17:17:24","modified_gmt":"2018-09-03T15:17:24","slug":"kompetentny-absolwent","status":"publish","type":"page","link":"https:\/\/www.zspswiecie.pl\/index.php\/kompetentny-absolwent\/","title":{"rendered":"Kompetentny Absolwent"},"content":{"rendered":"<p>Projekt <strong>\u201eKompetentny absolwent\u201d<\/strong>, wdra\u017cany jest w ramach Regionalnego Programu Operacyjnego Wojew\u00f3dztwa Kujawsko \u2013 Pomorskiego na lata 2014 \u2013 2020, O\u015b Priorytetowa 10 \u201eInnowacyjna Edukacja\u201d, Dzia\u0142anie 10.2 \u201eKszta\u0142cenie og\u00f3lne i zawodowe\u201d, Poddzia\u0142anie 10.2.2 \u201eKszta\u0142cenie og\u00f3lne\u201d.<\/p>\n<p>Okres realizacji projektu:<strong> od 01.07.2018 r. do 31.07.2019 r.<\/strong><\/p>\n<p>Projekt jest dofinansowany ze \u015brodk\u00f3w Unii Europejskiej w ramach Europejskiego Funduszu Spo\u0142ecznego.<\/p>\n<p>Nab\u00f3r na zaj\u0119cia odb\u0119dzie si\u0119 dwa razy w czasie trwania projektu:<\/p>\n<ul>\n<li>od 5 wrze\u015bnia do 24 wrze\u015bnia 2018 r.,<\/li>\n<li>od 2 stycznia 2019 r. do 31 stycznia 2019 r.<\/li>\n<\/ul>\n<p>Wymagane dokumenty rekrutacyjne dla \u00a0uczni\u00f3w:<\/p>\n<ul>\n<li>Formularz zg\u0142oszeniowy dla uczni\u00f3w do udzia\u0142u w projekcie<\/li>\n<li>O\u015bwiadczenie uczestnika projektu.<\/li>\n<\/ul>\n<p><em>Dokumenty rekrutacyjne dost\u0119pne s\u0105 u Koordynatora Szkolnego ( <strong>Pani Danuta Lamberska<\/strong>) oraz w sekretariacie szko\u0142y.<\/em><\/p>\n<p>W ramach projektu mo\u017cna skorzysta\u0107 z nast\u0119puj\u0105cych form wsparcia :<\/p>\n<ul>\n<li>Zaj\u0119cia warsztatowe z zakresu projektowania stron www<\/li>\n<li>Zaj\u0119cia warsztatowe z zakresu programowania robot\u00f3w<\/li>\n<li>Zaj\u0119cia dydaktyczno-wyr\u00f3wnawcze z matematyki<\/li>\n<li>Zaj\u0119cia pozaszkolne w centrum nauki M\u0142yn Wiedzy w Toruniu<\/li>\n<li>Zaj\u0119cia rozwijaj\u0105ce z j\u0119zyka angielskiego (konwersacje)<\/li>\n<li>Zaj\u0119cia dydaktyczno-wyr\u00f3wnawcze z j\u0119zyka angielskiego<\/li>\n<li>Zaj\u0119cia rozwijaj\u0105ce z j\u0119zyka niemieckiego (konwersacje)<\/li>\n<li>Zaj\u0119cia dydaktyczno-wyr\u00f3wnawcze z j\u0119zyka niemieckiego<\/li>\n<li>Zaj\u0119cia dydaktyczno-wyr\u00f3wnawcze z j\u0119zyka rosyjskiego<\/li>\n<li>Zaj\u0119cia z zakresu ekonomii praktycznej \u2013 Miniprzedsi\u0119biorstwo<\/li>\n<li>Zaj\u0119cia z zakresu ekonomii praktycznej w oparciu o Cash Flow<\/li>\n<li>Warsztaty rozwijaj\u0105ce kompetencje niezb\u0119dne na rynku pracy (umiej\u0119tno\u015bci interpersonalne)<\/li>\n<li>Indywidualna \u015bcie\u017cka wsparcia pedagogiczno-psychologicznego<\/li>\n<li>Zaj\u0119cia indywidualne z zakresu doradztwa edukacyjno-zawodowego<\/li>\n<li>Matematyka z eksperymentem<\/li>\n<li>Biologia z eksperymentem<\/li>\n<li>Chemia z eksperymentem<\/li>\n<li>Geografia z eksperymentem<\/li>\n<\/ul>\n<p>Za\u0142\u0105czniki:<\/p>\n<p><a href=\"https:\/\/www.zspswiecie.pl\/wp-content\/uploads\/2018\/08\/Formularz_zgloszeniowy_uczen.doc\" target=\"_blank\">FORMULARZ ZG\u0141OSZENIA DO UDZIA\u0141U W PROJEKCIE- ucze\u0144<\/a><\/p>\n<p><a href=\"https:\/\/www.zspswiecie.pl\/wp-content\/uploads\/2018\/08\/Formularz_zgloszeniowy_nauczycieli.doc\" target=\"_blank\">FORMULARZ ZG\u0141OSZENIA DO UDZIA\u0141U W PROJEKCIE \u2013 nauczyciel<\/a><\/p>\n<p><a href=\"https:\/\/www.zspswiecie.pl\/wp-content\/uploads\/2018\/09\/O\u015bwiadczenie_uczestnika_projektu.docx\" target=\"_blank\">O\u015aWIADCZENIE UCZESTNIKA PROJEKTU<\/a><\/p>\n<p><a href=\"https:\/\/www.zspswiecie.pl\/wp-content\/uploads\/2018\/09\/Regulamin.doc\" target=\"_blank\">REGULAMIN<\/a><\/p>\n<p>&nbsp;<\/p>\n","protected":false},"excerpt":{"rendered":"<p>Projekt \u201eKompetentny absolwent\u201d, wdra\u017cany jest w ramach Regionalnego Programu Operacyjnego Wojew\u00f3dztwa Kujawsko \u2013 Pomorskiego na lata 2014 \u2013 2020, O\u015b Priorytetowa 10 \u201eInnowacyjna Edukacja\u201d,&#8230; &nbsp; <a href=\"https:\/\/www.zspswiecie.pl\/index.php\/kompetentny-absolwent\/\" class=\"moretag\">Wi\u0119cej&#8230;<\/a><\/p>\n","protected":false},"author":2,"featured_media":0,"parent":0,"menu_order":0,"comment_status":"closed","ping_status":"open","template":"page-fullwidth.php","meta":{"footnotes":""},"class_list":["post-5244","page","type-page","status-publish","hentry"],"yoast_head":"<!-- This site is optimized with the Yoast SEO plugin v26.8 - https:\/\/yoast.com\/product\/yoast-seo-wordpress\/ -->\n<title>Kompetentny Absolwent - ZSP<\/title>\n<meta name=\"robots\" content=\"index, follow, max-snippet:-1, max-image-preview:large, max-video-preview:-1\" \/>\n<link rel=\"canonical\" href=\"https:\/\/www.zspswiecie.pl\/index.php\/kompetentny-absolwent\/\" \/>\n<meta property=\"og:locale\" content=\"pl_PL\" \/>\n<meta property=\"og:type\" content=\"article\" \/>\n<meta property=\"og:title\" content=\"Kompetentny Absolwent - ZSP\" \/>\n<meta property=\"og:description\" content=\"Projekt \u201eKompetentny absolwent\u201d, wdra\u017cany jest w ramach Regionalnego Programu Operacyjnego Wojew\u00f3dztwa Kujawsko \u2013 Pomorskiego na lata 2014 \u2013 2020, O\u015b Priorytetowa 10 \u201eInnowacyjna Edukacja\u201d,... &nbsp; Wi\u0119cej...\" \/>\n<meta property=\"og:url\" content=\"https:\/\/www.zspswiecie.pl\/index.php\/kompetentny-absolwent\/\" \/>\n<meta property=\"og:site_name\" content=\"ZSP\" \/>\n<meta property=\"article:publisher\" content=\"https:\/\/www.facebook.com\/people\/Zesp-Szk-Ponadpodstawowych-w-wieciu\/100057638830230\/\" \/>\n<meta property=\"article:modified_time\" content=\"2018-09-03T15:17:24+00:00\" \/>\n<meta property=\"og:image\" content=\"http:\/\/www.zspswiecie.pl\/wp-content\/uploads\/2016\/03\/ZSP_budynek_szko%c5%82y_%c5%9bwiecie.jpg\" \/>\n<meta name=\"twitter:label1\" content=\"Szacowany czas czytania\" \/>\n\t<meta name=\"twitter:data1\" content=\"1 minuta\" \/>\n<script type=\"application\/ld+json\" class=\"yoast-schema-graph\">{\"@context\":\"https:\/\/schema.org\",\"@graph\":[{\"@type\":\"WebPage\",\"@id\":\"https:\/\/www.zspswiecie.pl\/index.php\/kompetentny-absolwent\/\",\"url\":\"https:\/\/www.zspswiecie.pl\/index.php\/kompetentny-absolwent\/\",\"name\":\"Kompetentny Absolwent - ZSP\",\"isPartOf\":{\"@id\":\"https:\/\/www.zspswiecie.pl\/#website\"},\"datePublished\":\"2018-08-30T20:38:30+00:00\",\"dateModified\":\"2018-09-03T15:17:24+00:00\",\"breadcrumb\":{\"@id\":\"https:\/\/www.zspswiecie.pl\/index.php\/kompetentny-absolwent\/#breadcrumb\"},\"inLanguage\":\"pl-PL\",\"potentialAction\":[{\"@type\":\"ReadAction\",\"target\":[\"https:\/\/www.zspswiecie.pl\/index.php\/kompetentny-absolwent\/\"]}]},{\"@type\":\"BreadcrumbList\",\"@id\":\"https:\/\/www.zspswiecie.pl\/index.php\/kompetentny-absolwent\/#breadcrumb\",\"itemListElement\":[{\"@type\":\"ListItem\",\"position\":1,\"name\":\"Strona g\u0142\u00f3wna\",\"item\":\"https:\/\/www.zspswiecie.pl\/index.php\/home\/strona-glowna\/\"},{\"@type\":\"ListItem\",\"position\":2,\"name\":\"Kompetentny Absolwent\"}]},{\"@type\":\"WebSite\",\"@id\":\"https:\/\/www.zspswiecie.pl\/#website\",\"url\":\"https:\/\/www.zspswiecie.pl\/\",\"name\":\"ZSP\",\"description\":\"Zesp\u00f3\u0142 Szk\u00f3\u0142 Ponadpodstawowych\",\"publisher\":{\"@id\":\"https:\/\/www.zspswiecie.pl\/#organization\"},\"potentialAction\":[{\"@type\":\"SearchAction\",\"target\":{\"@type\":\"EntryPoint\",\"urlTemplate\":\"https:\/\/www.zspswiecie.pl\/?s={search_term_string}\"},\"query-input\":{\"@type\":\"PropertyValueSpecification\",\"valueRequired\":true,\"valueName\":\"search_term_string\"}}],\"inLanguage\":\"pl-PL\"},{\"@type\":\"Organization\",\"@id\":\"https:\/\/www.zspswiecie.pl\/#organization\",\"name\":\"Zesp\u00f3\u0142 Szk\u00f3\u0142 Ponadpodstawowych\",\"url\":\"https:\/\/www.zspswiecie.pl\/\",\"logo\":{\"@type\":\"ImageObject\",\"inLanguage\":\"pl-PL\",\"@id\":\"https:\/\/www.zspswiecie.pl\/#\/schema\/logo\/image\/\",\"url\":\"http:\/\/www.zspswiecie.pl\/wp-content\/uploads\/2016\/03\/logo-zsp2.png\",\"contentUrl\":\"http:\/\/www.zspswiecie.pl\/wp-content\/uploads\/2016\/03\/logo-zsp2.png\",\"width\":449,\"height\":351,\"caption\":\"Zesp\u00f3\u0142 Szk\u00f3\u0142 Ponadpodstawowych\"},\"image\":{\"@id\":\"https:\/\/www.zspswiecie.pl\/#\/schema\/logo\/image\/\"},\"sameAs\":[\"https:\/\/www.facebook.com\/people\/Zesp-Szk-Ponadpodstawowych-w-wieciu\/100057638830230\/\"]}]}<\/script>\n<!-- \/ Yoast SEO plugin. -->","yoast_head_json":{"title":"Kompetentny Absolwent - ZSP","robots":{"index":"index","follow":"follow","max-snippet":"max-snippet:-1","max-image-preview":"max-image-preview:large","max-video-preview":"max-video-preview:-1"},"canonical":"https:\/\/www.zspswiecie.pl\/index.php\/kompetentny-absolwent\/","og_locale":"pl_PL","og_type":"article","og_title":"Kompetentny Absolwent - ZSP","og_description":"Projekt \u201eKompetentny absolwent\u201d, wdra\u017cany jest w ramach Regionalnego Programu Operacyjnego Wojew\u00f3dztwa Kujawsko \u2013 Pomorskiego na lata 2014 \u2013 2020, O\u015b Priorytetowa 10 \u201eInnowacyjna Edukacja\u201d,... &nbsp; Wi\u0119cej...","og_url":"https:\/\/www.zspswiecie.pl\/index.php\/kompetentny-absolwent\/","og_site_name":"ZSP","article_publisher":"https:\/\/www.facebook.com\/people\/Zesp-Szk-Ponadpodstawowych-w-wieciu\/100057638830230\/","article_modified_time":"2018-09-03T15:17:24+00:00","og_image":[{"url":"http:\/\/www.zspswiecie.pl\/wp-content\/uploads\/2016\/03\/ZSP_budynek_szko%c5%82y_%c5%9bwiecie.jpg","type":"","width":"","height":""}],"twitter_misc":{"Szacowany czas czytania":"1 minuta"},"schema":{"@context":"https:\/\/schema.org","@graph":[{"@type":"WebPage","@id":"https:\/\/www.zspswiecie.pl\/index.php\/kompetentny-absolwent\/","url":"https:\/\/www.zspswiecie.pl\/index.php\/kompetentny-absolwent\/","name":"Kompetentny Absolwent - ZSP","isPartOf":{"@id":"https:\/\/www.zspswiecie.pl\/#website"},"datePublished":"2018-08-30T20:38:30+00:00","dateModified":"2018-09-03T15:17:24+00:00","breadcrumb":{"@id":"https:\/\/www.zspswiecie.pl\/index.php\/kompetentny-absolwent\/#breadcrumb"},"inLanguage":"pl-PL","potentialAction":[{"@type":"ReadAction","target":["https:\/\/www.zspswiecie.pl\/index.php\/kompetentny-absolwent\/"]}]},{"@type":"BreadcrumbList","@id":"https:\/\/www.zspswiecie.pl\/index.php\/kompetentny-absolwent\/#breadcrumb","itemListElement":[{"@type":"ListItem","position":1,"name":"Strona g\u0142\u00f3wna","item":"https:\/\/www.zspswiecie.pl\/index.php\/home\/strona-glowna\/"},{"@type":"ListItem","position":2,"name":"Kompetentny Absolwent"}]},{"@type":"WebSite","@id":"https:\/\/www.zspswiecie.pl\/#website","url":"https:\/\/www.zspswiecie.pl\/","name":"ZSP","description":"Zesp\u00f3\u0142 Szk\u00f3\u0142 Ponadpodstawowych","publisher":{"@id":"https:\/\/www.zspswiecie.pl\/#organization"},"potentialAction":[{"@type":"SearchAction","target":{"@type":"EntryPoint","urlTemplate":"https:\/\/www.zspswiecie.pl\/?s={search_term_string}"},"query-input":{"@type":"PropertyValueSpecification","valueRequired":true,"valueName":"search_term_string"}}],"inLanguage":"pl-PL"},{"@type":"Organization","@id":"https:\/\/www.zspswiecie.pl\/#organization","name":"Zesp\u00f3\u0142 Szk\u00f3\u0142 Ponadpodstawowych","url":"https:\/\/www.zspswiecie.pl\/","logo":{"@type":"ImageObject","inLanguage":"pl-PL","@id":"https:\/\/www.zspswiecie.pl\/#\/schema\/logo\/image\/","url":"http:\/\/www.zspswiecie.pl\/wp-content\/uploads\/2016\/03\/logo-zsp2.png","contentUrl":"http:\/\/www.zspswiecie.pl\/wp-content\/uploads\/2016\/03\/logo-zsp2.png","width":449,"height":351,"caption":"Zesp\u00f3\u0142 Szk\u00f3\u0142 Ponadpodstawowych"},"image":{"@id":"https:\/\/www.zspswiecie.pl\/#\/schema\/logo\/image\/"},"sameAs":["https:\/\/www.facebook.com\/people\/Zesp-Szk-Ponadpodstawowych-w-wieciu\/100057638830230\/"]}]}},"_links":{"self":[{"href":"https:\/\/www.zspswiecie.pl\/index.php\/wp-json\/wp\/v2\/pages\/5244","targetHints":{"allow":["GET"]}}],"collection":[{"href":"https:\/\/www.zspswiecie.pl\/index.php\/wp-json\/wp\/v2\/pages"}],"about":[{"href":"https:\/\/www.zspswiecie.pl\/index.php\/wp-json\/wp\/v2\/types\/page"}],"author":[{"embeddable":true,"href":"https:\/\/www.zspswiecie.pl\/index.php\/wp-json\/wp\/v2\/users\/2"}],"replies":[{"embeddable":true,"href":"https:\/\/www.zspswiecie.pl\/index.php\/wp-json\/wp\/v2\/comments?post=5244"}],"version-history":[{"count":6,"href":"https:\/\/www.zspswiecie.pl\/index.php\/wp-json\/wp\/v2\/pages\/5244\/revisions"}],"predecessor-version":[{"id":5257,"href":"https:\/\/www.zspswiecie.pl\/index.php\/wp-json\/wp\/v2\/pages\/5244\/revisions\/5257"}],"wp:attachment":[{"href":"https:\/\/www.zspswiecie.pl\/index.php\/wp-json\/wp\/v2\/media?parent=5244"}],"curies":[{"name":"wp","href":"https:\/\/api.w.org\/{rel}","templated":true}]}}