{"id":3875,"date":"2017-11-10T11:29:10","date_gmt":"2017-11-10T10:29:10","guid":{"rendered":"http:\/\/www.zspswiecie.pl\/?page_id=3875"},"modified":"2024-09-20T14:10:58","modified_gmt":"2024-09-20T12:10:58","slug":"projekty-zrealizowane","status":"publish","type":"page","link":"https:\/\/www.zspswiecie.pl\/index.php\/projekty-zrealizowane\/","title":{"rendered":"Projekty zrealizowane"},"content":{"rendered":"<p><strong>Stawiamy na przysz\u0142o\u015b\u0107<\/strong> (projekt zrealizowany)<\/p>\n<p><strong>Aktywni zawodowo<\/strong> (projekt zrealizowany)<\/p>\n<p><a href=\"https:\/\/www.zspswiecie.pl\/wp-admin\/post.php?post=1832&amp;action=edit\"><strong>Szkolenie zawodowe w Niemczech \u2013 mobilno\u015b\u0107 na rynku pracy<\/strong><\/a><\/p>\n<p><strong><a href=\"https:\/\/www.zspswiecie.pl\/?p=3669\" target=\"_blank\" rel=\"noopener noreferrer\">Szko\u0142a zawodowc\u00f3w\u00a0\u00a0 <\/a><\/strong>(projekt zrealizowany)<\/p>\n<p><strong><a href=\"https:\/\/www.zspswiecie.pl\/?p=4581\" target=\"_blank\" rel=\"noopener noreferrer\">Wykszta\u0142cony profesjonalista<\/a><\/strong>\u00a0 (projekt zrealizowany)<\/p>\n<p><strong><a href=\"https:\/\/www.zspswiecie.pl\/?p=5244\" target=\"_blank\" rel=\"noopener noreferrer\">Kompetentny absolwent\u00a0 <\/a><\/strong>(projekt zrealizowany)<\/p>\n<p><strong>Szko\u0142a wsp\u00f3\u0142pracy<\/strong>\u00a0\u00a0\u00a0\u00a0\u00a0\u00a0\u00a0(projekt zrealizowany)<\/p>\n<p><strong>M\u0142odzi\u00a0 G\u00f3r\u0105<\/strong><strong>\u00a0\u00a0\u00a0\u00a0\u00a0\u00a0\u00a0\u00a0<\/strong>(projekt zrealizowany)<\/p>\n<p><strong>Dobre Kszta\u0142cenie &#8211; lepszy start zawodowy V<\/strong> (projekt zrealizowany)<\/p>\n<p><strong>Dobre Kszta\u0142cenie &#8211; lepszy start zawodowy IV\u00a0 <\/strong>(projekt zrealizowany)<\/p>\n<p><strong>Dobre Kszta\u0142cenie &#8211; lepszy start zawodowy III<\/strong> (projekt zrealizowany)<\/p>\n<p><strong>Dobre Kszta\u0142cenie &#8211; lepszy start zawodowy I i II<\/strong> (projekt zrealizowany)<\/p>\n<p><strong>Szko\u0142a Kluczowych Kompetencji<\/strong> (projekt zrealizowany)<\/p>\n<p><strong>Nowa Jako\u015b\u0107 Kszta\u0142cenia Zawodowego<\/strong> (projekt zrealizowany)<\/p>\n<p><strong>Przez dobr\u0105 edukacj\u0119 ku lepszej przysz\u0142o\u015bci <\/strong>(projekt zrealizowany)<\/p>\n<p><strong>Wyposa\u017cenie w \u015brodki i zasoby pomieszcze\u0144 dydaktycznych Zespo\u0142u Szk\u00f3\u0142 Ponadgimnazjalnych w \u015awieciu<\/strong> (projekt zrealizowany)<\/p>\n<p><strong>Modernizacja obiekt\u00f3w dydaktycznych szkolnictwa zawodowego i specjalnego w Powiecie \u015awieckim<\/strong> (projekt zrealizowany 30.09.2012)<\/p>\n<p><strong>Kompleksowe wsparcie szk\u00f3\u0142 i przedszkoli w Powiecie \u015awieckim \u2013 szans\u0105 na sukces edukacyjny\u00a0 <\/strong>(projekt zrealizowany)<\/p>\n<p><strong>NIEMIECKA SOLIDNO\u015a\u0106 W KSZTA\u0141CENIU ZAWODOWYM \u2013 DOBRE PRAKTYKI I WYMIANA DO\u015aWIADCZE\u0143 DLA POLSKI\u00a0<\/strong> (projekt zrealizowany)<\/p>\n","protected":false},"excerpt":{"rendered":"<p>Stawiamy na przysz\u0142o\u015b\u0107 (projekt zrealizowany) Aktywni zawodowo (projekt zrealizowany) Szkolenie zawodowe w Niemczech \u2013 mobilno\u015b\u0107 na rynku pracy Szko\u0142a zawodowc\u00f3w\u00a0\u00a0 (projekt zrealizowany) Wykszta\u0142cony profesjonalista\u00a0&#8230; &nbsp; <a href=\"https:\/\/www.zspswiecie.pl\/index.php\/projekty-zrealizowane\/\" class=\"moretag\">Wi\u0119cej&#8230;<\/a><\/p>\n","protected":false},"author":2,"featured_media":0,"parent":0,"menu_order":0,"comment_status":"closed","ping_status":"open","template":"page-fullwidth.php","meta":{"footnotes":""},"class_list":["post-3875","page","type-page","status-publish","hentry"],"yoast_head":"<!-- This site is optimized with the Yoast SEO plugin v26.8 - https:\/\/yoast.com\/product\/yoast-seo-wordpress\/ -->\n<title>Projekty zrealizowane - ZSP<\/title>\n<meta name=\"robots\" content=\"index, follow, max-snippet:-1, max-image-preview:large, max-video-preview:-1\" \/>\n<link rel=\"canonical\" href=\"https:\/\/www.zspswiecie.pl\/index.php\/projekty-zrealizowane\/\" \/>\n<meta property=\"og:locale\" content=\"pl_PL\" \/>\n<meta property=\"og:type\" content=\"article\" \/>\n<meta property=\"og:title\" content=\"Projekty zrealizowane - ZSP\" \/>\n<meta property=\"og:description\" content=\"Stawiamy na przysz\u0142o\u015b\u0107 (projekt zrealizowany) Aktywni zawodowo (projekt zrealizowany) Szkolenie zawodowe w Niemczech \u2013 mobilno\u015b\u0107 na rynku pracy Szko\u0142a zawodowc\u00f3w\u00a0\u00a0 (projekt zrealizowany) Wykszta\u0142cony profesjonalista\u00a0... &nbsp; Wi\u0119cej...\" \/>\n<meta property=\"og:url\" content=\"https:\/\/www.zspswiecie.pl\/index.php\/projekty-zrealizowane\/\" \/>\n<meta property=\"og:site_name\" content=\"ZSP\" \/>\n<meta property=\"article:publisher\" content=\"https:\/\/www.facebook.com\/people\/Zesp-Szk-Ponadpodstawowych-w-wieciu\/100057638830230\/\" \/>\n<meta property=\"article:modified_time\" content=\"2024-09-20T12:10:58+00:00\" \/>\n<meta property=\"og:image\" content=\"http:\/\/www.zspswiecie.pl\/wp-content\/uploads\/2016\/03\/ZSP_budynek_szko%c5%82y_%c5%9bwiecie.jpg\" \/>\n<meta name=\"twitter:label1\" content=\"Szacowany czas czytania\" \/>\n\t<meta name=\"twitter:data1\" content=\"1 minuta\" \/>\n<script type=\"application\/ld+json\" class=\"yoast-schema-graph\">{\"@context\":\"https:\/\/schema.org\",\"@graph\":[{\"@type\":\"WebPage\",\"@id\":\"https:\/\/www.zspswiecie.pl\/index.php\/projekty-zrealizowane\/\",\"url\":\"https:\/\/www.zspswiecie.pl\/index.php\/projekty-zrealizowane\/\",\"name\":\"Projekty zrealizowane - ZSP\",\"isPartOf\":{\"@id\":\"https:\/\/www.zspswiecie.pl\/#website\"},\"datePublished\":\"2017-11-10T10:29:10+00:00\",\"dateModified\":\"2024-09-20T12:10:58+00:00\",\"breadcrumb\":{\"@id\":\"https:\/\/www.zspswiecie.pl\/index.php\/projekty-zrealizowane\/#breadcrumb\"},\"inLanguage\":\"pl-PL\",\"potentialAction\":[{\"@type\":\"ReadAction\",\"target\":[\"https:\/\/www.zspswiecie.pl\/index.php\/projekty-zrealizowane\/\"]}]},{\"@type\":\"BreadcrumbList\",\"@id\":\"https:\/\/www.zspswiecie.pl\/index.php\/projekty-zrealizowane\/#breadcrumb\",\"itemListElement\":[{\"@type\":\"ListItem\",\"position\":1,\"name\":\"Strona g\u0142\u00f3wna\",\"item\":\"https:\/\/www.zspswiecie.pl\/index.php\/home\/strona-glowna\/\"},{\"@type\":\"ListItem\",\"position\":2,\"name\":\"Projekty zrealizowane\"}]},{\"@type\":\"WebSite\",\"@id\":\"https:\/\/www.zspswiecie.pl\/#website\",\"url\":\"https:\/\/www.zspswiecie.pl\/\",\"name\":\"ZSP\",\"description\":\"Zesp\u00f3\u0142 Szk\u00f3\u0142 Ponadpodstawowych\",\"publisher\":{\"@id\":\"https:\/\/www.zspswiecie.pl\/#organization\"},\"potentialAction\":[{\"@type\":\"SearchAction\",\"target\":{\"@type\":\"EntryPoint\",\"urlTemplate\":\"https:\/\/www.zspswiecie.pl\/?s={search_term_string}\"},\"query-input\":{\"@type\":\"PropertyValueSpecification\",\"valueRequired\":true,\"valueName\":\"search_term_string\"}}],\"inLanguage\":\"pl-PL\"},{\"@type\":\"Organization\",\"@id\":\"https:\/\/www.zspswiecie.pl\/#organization\",\"name\":\"Zesp\u00f3\u0142 Szk\u00f3\u0142 Ponadpodstawowych\",\"url\":\"https:\/\/www.zspswiecie.pl\/\",\"logo\":{\"@type\":\"ImageObject\",\"inLanguage\":\"pl-PL\",\"@id\":\"https:\/\/www.zspswiecie.pl\/#\/schema\/logo\/image\/\",\"url\":\"http:\/\/www.zspswiecie.pl\/wp-content\/uploads\/2016\/03\/logo-zsp2.png\",\"contentUrl\":\"http:\/\/www.zspswiecie.pl\/wp-content\/uploads\/2016\/03\/logo-zsp2.png\",\"width\":449,\"height\":351,\"caption\":\"Zesp\u00f3\u0142 Szk\u00f3\u0142 Ponadpodstawowych\"},\"image\":{\"@id\":\"https:\/\/www.zspswiecie.pl\/#\/schema\/logo\/image\/\"},\"sameAs\":[\"https:\/\/www.facebook.com\/people\/Zesp-Szk-Ponadpodstawowych-w-wieciu\/100057638830230\/\"]}]}<\/script>\n<!-- \/ Yoast SEO plugin. -->","yoast_head_json":{"title":"Projekty zrealizowane - ZSP","robots":{"index":"index","follow":"follow","max-snippet":"max-snippet:-1","max-image-preview":"max-image-preview:large","max-video-preview":"max-video-preview:-1"},"canonical":"https:\/\/www.zspswiecie.pl\/index.php\/projekty-zrealizowane\/","og_locale":"pl_PL","og_type":"article","og_title":"Projekty zrealizowane - ZSP","og_description":"Stawiamy na przysz\u0142o\u015b\u0107 (projekt zrealizowany) Aktywni zawodowo (projekt zrealizowany) Szkolenie zawodowe w Niemczech \u2013 mobilno\u015b\u0107 na rynku pracy Szko\u0142a zawodowc\u00f3w\u00a0\u00a0 (projekt zrealizowany) Wykszta\u0142cony profesjonalista\u00a0... &nbsp; Wi\u0119cej...","og_url":"https:\/\/www.zspswiecie.pl\/index.php\/projekty-zrealizowane\/","og_site_name":"ZSP","article_publisher":"https:\/\/www.facebook.com\/people\/Zesp-Szk-Ponadpodstawowych-w-wieciu\/100057638830230\/","article_modified_time":"2024-09-20T12:10:58+00:00","og_image":[{"url":"http:\/\/www.zspswiecie.pl\/wp-content\/uploads\/2016\/03\/ZSP_budynek_szko%c5%82y_%c5%9bwiecie.jpg","type":"","width":"","height":""}],"twitter_misc":{"Szacowany czas czytania":"1 minuta"},"schema":{"@context":"https:\/\/schema.org","@graph":[{"@type":"WebPage","@id":"https:\/\/www.zspswiecie.pl\/index.php\/projekty-zrealizowane\/","url":"https:\/\/www.zspswiecie.pl\/index.php\/projekty-zrealizowane\/","name":"Projekty zrealizowane - ZSP","isPartOf":{"@id":"https:\/\/www.zspswiecie.pl\/#website"},"datePublished":"2017-11-10T10:29:10+00:00","dateModified":"2024-09-20T12:10:58+00:00","breadcrumb":{"@id":"https:\/\/www.zspswiecie.pl\/index.php\/projekty-zrealizowane\/#breadcrumb"},"inLanguage":"pl-PL","potentialAction":[{"@type":"ReadAction","target":["https:\/\/www.zspswiecie.pl\/index.php\/projekty-zrealizowane\/"]}]},{"@type":"BreadcrumbList","@id":"https:\/\/www.zspswiecie.pl\/index.php\/projekty-zrealizowane\/#breadcrumb","itemListElement":[{"@type":"ListItem","position":1,"name":"Strona g\u0142\u00f3wna","item":"https:\/\/www.zspswiecie.pl\/index.php\/home\/strona-glowna\/"},{"@type":"ListItem","position":2,"name":"Projekty zrealizowane"}]},{"@type":"WebSite","@id":"https:\/\/www.zspswiecie.pl\/#website","url":"https:\/\/www.zspswiecie.pl\/","name":"ZSP","description":"Zesp\u00f3\u0142 Szk\u00f3\u0142 Ponadpodstawowych","publisher":{"@id":"https:\/\/www.zspswiecie.pl\/#organization"},"potentialAction":[{"@type":"SearchAction","target":{"@type":"EntryPoint","urlTemplate":"https:\/\/www.zspswiecie.pl\/?s={search_term_string}"},"query-input":{"@type":"PropertyValueSpecification","valueRequired":true,"valueName":"search_term_string"}}],"inLanguage":"pl-PL"},{"@type":"Organization","@id":"https:\/\/www.zspswiecie.pl\/#organization","name":"Zesp\u00f3\u0142 Szk\u00f3\u0142 Ponadpodstawowych","url":"https:\/\/www.zspswiecie.pl\/","logo":{"@type":"ImageObject","inLanguage":"pl-PL","@id":"https:\/\/www.zspswiecie.pl\/#\/schema\/logo\/image\/","url":"http:\/\/www.zspswiecie.pl\/wp-content\/uploads\/2016\/03\/logo-zsp2.png","contentUrl":"http:\/\/www.zspswiecie.pl\/wp-content\/uploads\/2016\/03\/logo-zsp2.png","width":449,"height":351,"caption":"Zesp\u00f3\u0142 Szk\u00f3\u0142 Ponadpodstawowych"},"image":{"@id":"https:\/\/www.zspswiecie.pl\/#\/schema\/logo\/image\/"},"sameAs":["https:\/\/www.facebook.com\/people\/Zesp-Szk-Ponadpodstawowych-w-wieciu\/100057638830230\/"]}]}},"_links":{"self":[{"href":"https:\/\/www.zspswiecie.pl\/index.php\/wp-json\/wp\/v2\/pages\/3875","targetHints":{"allow":["GET"]}}],"collection":[{"href":"https:\/\/www.zspswiecie.pl\/index.php\/wp-json\/wp\/v2\/pages"}],"about":[{"href":"https:\/\/www.zspswiecie.pl\/index.php\/wp-json\/wp\/v2\/types\/page"}],"author":[{"embeddable":true,"href":"https:\/\/www.zspswiecie.pl\/index.php\/wp-json\/wp\/v2\/users\/2"}],"replies":[{"embeddable":true,"href":"https:\/\/www.zspswiecie.pl\/index.php\/wp-json\/wp\/v2\/comments?post=3875"}],"version-history":[{"count":7,"href":"https:\/\/www.zspswiecie.pl\/index.php\/wp-json\/wp\/v2\/pages\/3875\/revisions"}],"predecessor-version":[{"id":13877,"href":"https:\/\/www.zspswiecie.pl\/index.php\/wp-json\/wp\/v2\/pages\/3875\/revisions\/13877"}],"wp:attachment":[{"href":"https:\/\/www.zspswiecie.pl\/index.php\/wp-json\/wp\/v2\/media?parent=3875"}],"curies":[{"name":"wp","href":"https:\/\/api.w.org\/{rel}","templated":true}]}}