{"id":13963,"date":"2024-10-09T22:55:10","date_gmt":"2024-10-09T20:55:10","guid":{"rendered":"http:\/\/www.zspswiecie.pl\/?page_id=13963"},"modified":"2025-06-05T15:00:05","modified_gmt":"2025-06-05T13:00:05","slug":"dokumenty-szkolne","status":"publish","type":"page","link":"https:\/\/www.zspswiecie.pl\/index.php\/dokumenty-szkolne\/","title":{"rendered":"Dokumenty szkolne"},"content":{"rendered":"\n<p><mark style=\"background-color:rgba(0, 0, 0, 0)\" class=\"has-inline-color has-black-color\">Wewn\u0105trzszkolne akty prawne reguluj\u0105ce prac\u0119 Zespo\u0142u Szk\u00f3\u0142 Ponadpodstawowych w \u015awieciu s\u0105 obecnie weryfikowane w aspekcie ich aktualno\u015bci i zgodno\u015bci z aktualnymi przepisami prawa.<\/mark><\/p>\n\n\n\n<p><\/p>\n\n\n\n<div data-wp-interactive=\"core\/file\" class=\"wp-block-file\"><object data-wp-bind--hidden=\"!state.hasPdfPreview\" hidden class=\"wp-block-file__embed\" data=\"https:\/\/www.zspswiecie.pl\/wp-content\/uploads\/2022\/10\/Statut-III-LO-.pdf\" type=\"application\/pdf\" style=\"width:100%;height:600px\" aria-label=\"Osadzone z Statut III LO.\"><\/object><a id=\"wp-block-file--media-667ea26f-d7b2-4c55-87bd-f540729cb19b\" href=\"https:\/\/www.zspswiecie.pl\/wp-content\/uploads\/2022\/10\/Statut-III-LO-.pdf\">Statut III LO<\/a><a href=\"https:\/\/www.zspswiecie.pl\/wp-content\/uploads\/2022\/10\/Statut-III-LO-.pdf\" class=\"wp-block-file__button wp-element-button\" download aria-describedby=\"wp-block-file--media-667ea26f-d7b2-4c55-87bd-f540729cb19b\">Pobierz<\/a><\/div>\n\n\n\n<div data-wp-interactive=\"core\/file\" class=\"wp-block-file\"><object data-wp-bind--hidden=\"!state.hasPdfPreview\" hidden class=\"wp-block-file__embed\" data=\"https:\/\/www.zspswiecie.pl\/wp-content\/uploads\/2022\/10\/Statut_Technikum.pdf\" type=\"application\/pdf\" style=\"width:100%;height:600px\" aria-label=\"Osadzone z Statut_Technikum.\"><\/object><a id=\"wp-block-file--media-f5c34dd7-d424-46a1-b388-5041b46877ad\" href=\"https:\/\/www.zspswiecie.pl\/wp-content\/uploads\/2022\/10\/Statut_Technikum.pdf\">Statut_Technikum<\/a><a href=\"https:\/\/www.zspswiecie.pl\/wp-content\/uploads\/2022\/10\/Statut_Technikum.pdf\" class=\"wp-block-file__button wp-element-button\" download aria-describedby=\"wp-block-file--media-f5c34dd7-d424-46a1-b388-5041b46877ad\">Pobierz<\/a><\/div>\n\n\n\n<div data-wp-interactive=\"core\/file\" class=\"wp-block-file\"><object data-wp-bind--hidden=\"!state.hasPdfPreview\" hidden class=\"wp-block-file__embed\" data=\"https:\/\/www.zspswiecie.pl\/wp-content\/uploads\/2022\/10\/statut_-branzowa.pdf\" type=\"application\/pdf\" style=\"width:100%;height:600px\" aria-label=\"Osadzone z statut_ bran\u017cowa.\"><\/object><a id=\"wp-block-file--media-e3c24f39-2d61-497d-8148-866b1bc39569\" href=\"https:\/\/www.zspswiecie.pl\/wp-content\/uploads\/2022\/10\/statut_-branzowa.pdf\">statut_ bran\u017cowa<\/a><a href=\"https:\/\/www.zspswiecie.pl\/wp-content\/uploads\/2022\/10\/statut_-branzowa.pdf\" class=\"wp-block-file__button wp-element-button\" download aria-describedby=\"wp-block-file--media-e3c24f39-2d61-497d-8148-866b1bc39569\">Pobierz<\/a><\/div>\n\n\n\n<div data-wp-interactive=\"core\/file\" class=\"wp-block-file\"><object data-wp-bind--hidden=\"!state.hasPdfPreview\" hidden class=\"wp-block-file__embed\" data=\"https:\/\/www.zspswiecie.pl\/wp-content\/uploads\/2024\/10\/regulamin_szkolny.pdf\" type=\"application\/pdf\" style=\"width:100%;height:600px\" aria-label=\"Osadzone z regulamin_szkolny.\"><\/object><a id=\"wp-block-file--media-f991ef52-7027-4397-abc6-5e13f6cac87d\" href=\"https:\/\/www.zspswiecie.pl\/wp-content\/uploads\/2024\/10\/regulamin_szkolny.pdf\">regulamin_szkolny<\/a><a href=\"https:\/\/www.zspswiecie.pl\/wp-content\/uploads\/2024\/10\/regulamin_szkolny.pdf\" class=\"wp-block-file__button wp-element-button\" download aria-describedby=\"wp-block-file--media-f991ef52-7027-4397-abc6-5e13f6cac87d\">Pobierz<\/a><\/div>\n\n\n\n<div data-wp-interactive=\"core\/file\" class=\"wp-block-file\"><object data-wp-bind--hidden=\"!state.hasPdfPreview\" hidden class=\"wp-block-file__embed\" data=\"https:\/\/www.zspswiecie.pl\/wp-content\/uploads\/2025\/06\/Standardy_ochrony_maloletnich_ZSPS.pdf\" type=\"application\/pdf\" style=\"width:100%;height:600px\" aria-label=\"Osadzone z Standardy_ochrony_maloletnich_ZSP\u015a.\"><\/object><a id=\"wp-block-file--media-078357a6-330b-4f4f-81d0-5e4540c6e5c8\" href=\"https:\/\/www.zspswiecie.pl\/wp-content\/uploads\/2025\/06\/Standardy_ochrony_maloletnich_ZSPS.pdf\">Standardy_ochrony_maloletnich_ZSP\u015a<\/a><a href=\"https:\/\/www.zspswiecie.pl\/wp-content\/uploads\/2025\/06\/Standardy_ochrony_maloletnich_ZSPS.pdf\" class=\"wp-block-file__button wp-element-button\" download aria-describedby=\"wp-block-file--media-078357a6-330b-4f4f-81d0-5e4540c6e5c8\">Pobierz<\/a><\/div>\n\n\n\n<div data-wp-interactive=\"core\/file\" class=\"wp-block-file\"><object data-wp-bind--hidden=\"!state.hasPdfPreview\" hidden class=\"wp-block-file__embed\" data=\"https:\/\/www.zspswiecie.pl\/wp-content\/uploads\/2025\/06\/procedura_nieobecnosci.pdf\" type=\"application\/pdf\" style=\"width:100%;height:600px\" aria-label=\"Osadzone z procedura_nieobecno\u015bci.\"><\/object><a id=\"wp-block-file--media-3309c608-3dc5-401a-9609-02ee3646e84f\" href=\"https:\/\/www.zspswiecie.pl\/wp-content\/uploads\/2025\/06\/procedura_nieobecnosci.pdf\">procedura_nieobecno\u015bci<\/a><a href=\"https:\/\/www.zspswiecie.pl\/wp-content\/uploads\/2025\/06\/procedura_nieobecnosci.pdf\" class=\"wp-block-file__button wp-element-button\" download aria-describedby=\"wp-block-file--media-3309c608-3dc5-401a-9609-02ee3646e84f\">Pobierz<\/a><\/div>\n\n\n\n<div data-wp-interactive=\"core\/file\" class=\"wp-block-file\"><object data-wp-bind--hidden=\"!state.hasPdfPreview\" hidden class=\"wp-block-file__embed\" data=\"https:\/\/www.zspswiecie.pl\/wp-content\/uploads\/2025\/06\/procedura_bezpiecznego_korzystania_z_internetu_urzadzen_elektronicznych_.pdf\" type=\"application\/pdf\" style=\"width:100%;height:600px\" aria-label=\"Osadzone z procedura_bezpiecznego_korzystania_z_internetu_urzadzen_elektronicznych_.\"><\/object><a id=\"wp-block-file--media-fb56c9c6-348e-4fba-ab80-05d1a10e9bd2\" href=\"https:\/\/www.zspswiecie.pl\/wp-content\/uploads\/2025\/06\/procedura_bezpiecznego_korzystania_z_internetu_urzadzen_elektronicznych_.pdf\">procedura_bezpiecznego_korzystania_z_internetu_urzadzen_elektronicznych_<\/a><a href=\"https:\/\/www.zspswiecie.pl\/wp-content\/uploads\/2025\/06\/procedura_bezpiecznego_korzystania_z_internetu_urzadzen_elektronicznych_.pdf\" class=\"wp-block-file__button wp-element-button\" download aria-describedby=\"wp-block-file--media-fb56c9c6-348e-4fba-ab80-05d1a10e9bd2\">Pobierz<\/a><\/div>\n\n\n\n<div data-wp-interactive=\"core\/file\" class=\"wp-block-file\"><object data-wp-bind--hidden=\"!state.hasPdfPreview\" hidden class=\"wp-block-file__embed\" data=\"https:\/\/www.zspswiecie.pl\/wp-content\/uploads\/2025\/06\/procedura_ochrony_wizerunku_i_danych_osobowych_maloletnich.pdf\" type=\"application\/pdf\" style=\"width:100%;height:600px\" aria-label=\"Osadzone z procedura_ochrony_wizerunku_i_danych_osobowych_maloletnich.\"><\/object><a id=\"wp-block-file--media-042c3092-546d-4bc3-b0e1-8e46625c1845\" href=\"https:\/\/www.zspswiecie.pl\/wp-content\/uploads\/2025\/06\/procedura_ochrony_wizerunku_i_danych_osobowych_maloletnich.pdf\">procedura_ochrony_wizerunku_i_danych_osobowych_maloletnich<\/a><a href=\"https:\/\/www.zspswiecie.pl\/wp-content\/uploads\/2025\/06\/procedura_ochrony_wizerunku_i_danych_osobowych_maloletnich.pdf\" class=\"wp-block-file__button wp-element-button\" download aria-describedby=\"wp-block-file--media-042c3092-546d-4bc3-b0e1-8e46625c1845\">Pobierz<\/a><\/div>\n\n\n\n<div data-wp-interactive=\"core\/file\" class=\"wp-block-file\"><object data-wp-bind--hidden=\"!state.hasPdfPreview\" hidden class=\"wp-block-file__embed\" data=\"https:\/\/www.zspswiecie.pl\/wp-content\/uploads\/2025\/06\/procedura_podejmowania_interwencji_w_sytuacji_podejrzenia_krzywdzenia_lub_posiadania_informacji_o_krzywdzeniu_maloletniego_przez_pracownika_innego_doroslego_rodzica_innego_maloletniego-1.pdf\" type=\"application\/pdf\" style=\"width:100%;height:600px\" aria-label=\"Osadzone z procedura_podejmowania_interwencji_w_sytuacji_podejrzenia_krzywdzenia_lub_posiadania_informacji_o_krzywdzeniu_maloletniego_przez_pracownika_innego_doroslego_rodzica_innego_maloletniego.\"><\/object><a id=\"wp-block-file--media-aec80792-383d-4ce2-8208-7226f5bb3169\" href=\"https:\/\/www.zspswiecie.pl\/wp-content\/uploads\/2025\/06\/procedura_podejmowania_interwencji_w_sytuacji_podejrzenia_krzywdzenia_lub_posiadania_informacji_o_krzywdzeniu_maloletniego_przez_pracownika_innego_doroslego_rodzica_innego_maloletniego-1.pdf\">procedura_podejmowania_interwencji_w_sytuacji_podejrzenia_krzywdzenia_lub_posiadania_informacji_o_krzywdzeniu_maloletniego_przez_pracownika_innego_doroslego_rodzica_innego_maloletniego<\/a><a href=\"https:\/\/www.zspswiecie.pl\/wp-content\/uploads\/2025\/06\/procedura_podejmowania_interwencji_w_sytuacji_podejrzenia_krzywdzenia_lub_posiadania_informacji_o_krzywdzeniu_maloletniego_przez_pracownika_innego_doroslego_rodzica_innego_maloletniego-1.pdf\" class=\"wp-block-file__button wp-element-button\" download aria-describedby=\"wp-block-file--media-aec80792-383d-4ce2-8208-7226f5bb3169\">Pobierz<\/a><\/div>\n\n\n\n<div data-wp-interactive=\"core\/file\" class=\"wp-block-file\"><object data-wp-bind--hidden=\"!state.hasPdfPreview\" hidden class=\"wp-block-file__embed\" data=\"https:\/\/www.zspswiecie.pl\/wp-content\/uploads\/2025\/06\/procedura_reagowania_i_dzialania_w_przypadku_niewlasciwych_relacji_miedzy_maloletnimi.pdf\" type=\"application\/pdf\" style=\"width:100%;height:600px\" aria-label=\"Osadzone z procedura_reagowania_i_dzialania_w_przypadku_niewlasciwych_relacji_miedzy_maloletnimi.\"><\/object><a id=\"wp-block-file--media-6fba8fd9-009c-430f-8680-d736ae0a94bf\" href=\"https:\/\/www.zspswiecie.pl\/wp-content\/uploads\/2025\/06\/procedura_reagowania_i_dzialania_w_przypadku_niewlasciwych_relacji_miedzy_maloletnimi.pdf\">procedura_reagowania_i_dzialania_w_przypadku_niewlasciwych_relacji_miedzy_maloletnimi<\/a><a href=\"https:\/\/www.zspswiecie.pl\/wp-content\/uploads\/2025\/06\/procedura_reagowania_i_dzialania_w_przypadku_niewlasciwych_relacji_miedzy_maloletnimi.pdf\" class=\"wp-block-file__button wp-element-button\" download aria-describedby=\"wp-block-file--media-6fba8fd9-009c-430f-8680-d736ae0a94bf\">Pobierz<\/a><\/div>\n\n\n\n<div data-wp-interactive=\"core\/file\" class=\"wp-block-file\"><object data-wp-bind--hidden=\"!state.hasPdfPreview\" hidden class=\"wp-block-file__embed\" data=\"https:\/\/www.zspswiecie.pl\/wp-content\/uploads\/2025\/06\/procedura_zapewnienia_bezpiecznych_relacji_miedzy_maloletnim_a_pracownikami.pdf\" type=\"application\/pdf\" style=\"width:100%;height:600px\" aria-label=\"Osadzone z procedura_zapewnienia_bezpiecznych_relacji_miedzy_maloletnim_a_pracownikami.\"><\/object><a id=\"wp-block-file--media-66cde2ee-a716-4d8c-8ac7-6bcb27ebf711\" href=\"https:\/\/www.zspswiecie.pl\/wp-content\/uploads\/2025\/06\/procedura_zapewnienia_bezpiecznych_relacji_miedzy_maloletnim_a_pracownikami.pdf\">procedura_zapewnienia_bezpiecznych_relacji_miedzy_maloletnim_a_pracownikami<\/a><a href=\"https:\/\/www.zspswiecie.pl\/wp-content\/uploads\/2025\/06\/procedura_zapewnienia_bezpiecznych_relacji_miedzy_maloletnim_a_pracownikami.pdf\" class=\"wp-block-file__button wp-element-button\" download aria-describedby=\"wp-block-file--media-66cde2ee-a716-4d8c-8ac7-6bcb27ebf711\">Pobierz<\/a><\/div>\n","protected":false},"excerpt":{"rendered":"<p>Wewn\u0105trzszkolne akty prawne reguluj\u0105ce prac\u0119 Zespo\u0142u Szk\u00f3\u0142 Ponadpodstawowych w \u015awieciu s\u0105 obecnie weryfikowane w aspekcie ich aktualno\u015bci i zgodno\u015bci z aktualnymi przepisami prawa.<\/p>\n","protected":false},"author":2,"featured_media":0,"parent":0,"menu_order":0,"comment_status":"closed","ping_status":"closed","template":"page-fullwidth.php","meta":{"footnotes":""},"class_list":["post-13963","page","type-page","status-publish","hentry"],"yoast_head":"<!-- This site is optimized with the Yoast SEO plugin v26.8 - https:\/\/yoast.com\/product\/yoast-seo-wordpress\/ -->\n<title>Dokumenty szkolne - ZSP<\/title>\n<meta name=\"robots\" content=\"index, follow, max-snippet:-1, max-image-preview:large, max-video-preview:-1\" \/>\n<link rel=\"canonical\" href=\"https:\/\/www.zspswiecie.pl\/index.php\/dokumenty-szkolne\/\" \/>\n<meta property=\"og:locale\" content=\"pl_PL\" \/>\n<meta property=\"og:type\" content=\"article\" \/>\n<meta property=\"og:title\" content=\"Dokumenty szkolne - ZSP\" \/>\n<meta property=\"og:description\" content=\"Wewn\u0105trzszkolne akty prawne reguluj\u0105ce prac\u0119 Zespo\u0142u Szk\u00f3\u0142 Ponadpodstawowych w \u015awieciu s\u0105 obecnie weryfikowane w aspekcie ich aktualno\u015bci i zgodno\u015bci z aktualnymi przepisami prawa.\" \/>\n<meta property=\"og:url\" content=\"https:\/\/www.zspswiecie.pl\/index.php\/dokumenty-szkolne\/\" \/>\n<meta property=\"og:site_name\" content=\"ZSP\" \/>\n<meta property=\"article:publisher\" content=\"https:\/\/www.facebook.com\/people\/Zesp-Szk-Ponadpodstawowych-w-wieciu\/100057638830230\/\" \/>\n<meta property=\"article:modified_time\" content=\"2025-06-05T13:00:05+00:00\" \/>\n<meta property=\"og:image\" content=\"http:\/\/www.zspswiecie.pl\/wp-content\/uploads\/2016\/03\/ZSP_budynek_szko%c5%82y_%c5%9bwiecie.jpg\" \/>\n<meta name=\"twitter:label1\" content=\"Szacowany czas czytania\" \/>\n\t<meta name=\"twitter:data1\" content=\"1 minuta\" \/>\n<script type=\"application\/ld+json\" class=\"yoast-schema-graph\">{\"@context\":\"https:\/\/schema.org\",\"@graph\":[{\"@type\":\"WebPage\",\"@id\":\"https:\/\/www.zspswiecie.pl\/index.php\/dokumenty-szkolne\/\",\"url\":\"https:\/\/www.zspswiecie.pl\/index.php\/dokumenty-szkolne\/\",\"name\":\"Dokumenty szkolne - ZSP\",\"isPartOf\":{\"@id\":\"https:\/\/www.zspswiecie.pl\/#website\"},\"datePublished\":\"2024-10-09T20:55:10+00:00\",\"dateModified\":\"2025-06-05T13:00:05+00:00\",\"breadcrumb\":{\"@id\":\"https:\/\/www.zspswiecie.pl\/index.php\/dokumenty-szkolne\/#breadcrumb\"},\"inLanguage\":\"pl-PL\",\"potentialAction\":[{\"@type\":\"ReadAction\",\"target\":[\"https:\/\/www.zspswiecie.pl\/index.php\/dokumenty-szkolne\/\"]}]},{\"@type\":\"BreadcrumbList\",\"@id\":\"https:\/\/www.zspswiecie.pl\/index.php\/dokumenty-szkolne\/#breadcrumb\",\"itemListElement\":[{\"@type\":\"ListItem\",\"position\":1,\"name\":\"Strona g\u0142\u00f3wna\",\"item\":\"https:\/\/www.zspswiecie.pl\/index.php\/home\/strona-glowna\/\"},{\"@type\":\"ListItem\",\"position\":2,\"name\":\"Dokumenty szkolne\"}]},{\"@type\":\"WebSite\",\"@id\":\"https:\/\/www.zspswiecie.pl\/#website\",\"url\":\"https:\/\/www.zspswiecie.pl\/\",\"name\":\"ZSP\",\"description\":\"Zesp\u00f3\u0142 Szk\u00f3\u0142 Ponadpodstawowych\",\"publisher\":{\"@id\":\"https:\/\/www.zspswiecie.pl\/#organization\"},\"potentialAction\":[{\"@type\":\"SearchAction\",\"target\":{\"@type\":\"EntryPoint\",\"urlTemplate\":\"https:\/\/www.zspswiecie.pl\/?s={search_term_string}\"},\"query-input\":{\"@type\":\"PropertyValueSpecification\",\"valueRequired\":true,\"valueName\":\"search_term_string\"}}],\"inLanguage\":\"pl-PL\"},{\"@type\":\"Organization\",\"@id\":\"https:\/\/www.zspswiecie.pl\/#organization\",\"name\":\"Zesp\u00f3\u0142 Szk\u00f3\u0142 Ponadpodstawowych\",\"url\":\"https:\/\/www.zspswiecie.pl\/\",\"logo\":{\"@type\":\"ImageObject\",\"inLanguage\":\"pl-PL\",\"@id\":\"https:\/\/www.zspswiecie.pl\/#\/schema\/logo\/image\/\",\"url\":\"http:\/\/www.zspswiecie.pl\/wp-content\/uploads\/2016\/03\/logo-zsp2.png\",\"contentUrl\":\"http:\/\/www.zspswiecie.pl\/wp-content\/uploads\/2016\/03\/logo-zsp2.png\",\"width\":449,\"height\":351,\"caption\":\"Zesp\u00f3\u0142 Szk\u00f3\u0142 Ponadpodstawowych\"},\"image\":{\"@id\":\"https:\/\/www.zspswiecie.pl\/#\/schema\/logo\/image\/\"},\"sameAs\":[\"https:\/\/www.facebook.com\/people\/Zesp-Szk-Ponadpodstawowych-w-wieciu\/100057638830230\/\"]}]}<\/script>\n<!-- \/ Yoast SEO plugin. -->","yoast_head_json":{"title":"Dokumenty szkolne - ZSP","robots":{"index":"index","follow":"follow","max-snippet":"max-snippet:-1","max-image-preview":"max-image-preview:large","max-video-preview":"max-video-preview:-1"},"canonical":"https:\/\/www.zspswiecie.pl\/index.php\/dokumenty-szkolne\/","og_locale":"pl_PL","og_type":"article","og_title":"Dokumenty szkolne - ZSP","og_description":"Wewn\u0105trzszkolne akty prawne reguluj\u0105ce prac\u0119 Zespo\u0142u Szk\u00f3\u0142 Ponadpodstawowych w \u015awieciu s\u0105 obecnie weryfikowane w aspekcie ich aktualno\u015bci i zgodno\u015bci z aktualnymi przepisami prawa.","og_url":"https:\/\/www.zspswiecie.pl\/index.php\/dokumenty-szkolne\/","og_site_name":"ZSP","article_publisher":"https:\/\/www.facebook.com\/people\/Zesp-Szk-Ponadpodstawowych-w-wieciu\/100057638830230\/","article_modified_time":"2025-06-05T13:00:05+00:00","og_image":[{"url":"http:\/\/www.zspswiecie.pl\/wp-content\/uploads\/2016\/03\/ZSP_budynek_szko%c5%82y_%c5%9bwiecie.jpg","type":"","width":"","height":""}],"twitter_misc":{"Szacowany czas czytania":"1 minuta"},"schema":{"@context":"https:\/\/schema.org","@graph":[{"@type":"WebPage","@id":"https:\/\/www.zspswiecie.pl\/index.php\/dokumenty-szkolne\/","url":"https:\/\/www.zspswiecie.pl\/index.php\/dokumenty-szkolne\/","name":"Dokumenty szkolne - ZSP","isPartOf":{"@id":"https:\/\/www.zspswiecie.pl\/#website"},"datePublished":"2024-10-09T20:55:10+00:00","dateModified":"2025-06-05T13:00:05+00:00","breadcrumb":{"@id":"https:\/\/www.zspswiecie.pl\/index.php\/dokumenty-szkolne\/#breadcrumb"},"inLanguage":"pl-PL","potentialAction":[{"@type":"ReadAction","target":["https:\/\/www.zspswiecie.pl\/index.php\/dokumenty-szkolne\/"]}]},{"@type":"BreadcrumbList","@id":"https:\/\/www.zspswiecie.pl\/index.php\/dokumenty-szkolne\/#breadcrumb","itemListElement":[{"@type":"ListItem","position":1,"name":"Strona g\u0142\u00f3wna","item":"https:\/\/www.zspswiecie.pl\/index.php\/home\/strona-glowna\/"},{"@type":"ListItem","position":2,"name":"Dokumenty szkolne"}]},{"@type":"WebSite","@id":"https:\/\/www.zspswiecie.pl\/#website","url":"https:\/\/www.zspswiecie.pl\/","name":"ZSP","description":"Zesp\u00f3\u0142 Szk\u00f3\u0142 Ponadpodstawowych","publisher":{"@id":"https:\/\/www.zspswiecie.pl\/#organization"},"potentialAction":[{"@type":"SearchAction","target":{"@type":"EntryPoint","urlTemplate":"https:\/\/www.zspswiecie.pl\/?s={search_term_string}"},"query-input":{"@type":"PropertyValueSpecification","valueRequired":true,"valueName":"search_term_string"}}],"inLanguage":"pl-PL"},{"@type":"Organization","@id":"https:\/\/www.zspswiecie.pl\/#organization","name":"Zesp\u00f3\u0142 Szk\u00f3\u0142 Ponadpodstawowych","url":"https:\/\/www.zspswiecie.pl\/","logo":{"@type":"ImageObject","inLanguage":"pl-PL","@id":"https:\/\/www.zspswiecie.pl\/#\/schema\/logo\/image\/","url":"http:\/\/www.zspswiecie.pl\/wp-content\/uploads\/2016\/03\/logo-zsp2.png","contentUrl":"http:\/\/www.zspswiecie.pl\/wp-content\/uploads\/2016\/03\/logo-zsp2.png","width":449,"height":351,"caption":"Zesp\u00f3\u0142 Szk\u00f3\u0142 Ponadpodstawowych"},"image":{"@id":"https:\/\/www.zspswiecie.pl\/#\/schema\/logo\/image\/"},"sameAs":["https:\/\/www.facebook.com\/people\/Zesp-Szk-Ponadpodstawowych-w-wieciu\/100057638830230\/"]}]}},"_links":{"self":[{"href":"https:\/\/www.zspswiecie.pl\/index.php\/wp-json\/wp\/v2\/pages\/13963","targetHints":{"allow":["GET"]}}],"collection":[{"href":"https:\/\/www.zspswiecie.pl\/index.php\/wp-json\/wp\/v2\/pages"}],"about":[{"href":"https:\/\/www.zspswiecie.pl\/index.php\/wp-json\/wp\/v2\/types\/page"}],"author":[{"embeddable":true,"href":"https:\/\/www.zspswiecie.pl\/index.php\/wp-json\/wp\/v2\/users\/2"}],"replies":[{"embeddable":true,"href":"https:\/\/www.zspswiecie.pl\/index.php\/wp-json\/wp\/v2\/comments?post=13963"}],"version-history":[{"count":9,"href":"https:\/\/www.zspswiecie.pl\/index.php\/wp-json\/wp\/v2\/pages\/13963\/revisions"}],"predecessor-version":[{"id":15084,"href":"https:\/\/www.zspswiecie.pl\/index.php\/wp-json\/wp\/v2\/pages\/13963\/revisions\/15084"}],"wp:attachment":[{"href":"https:\/\/www.zspswiecie.pl\/index.php\/wp-json\/wp\/v2\/media?parent=13963"}],"curies":[{"name":"wp","href":"https:\/\/api.w.org\/{rel}","templated":true}]}}