{"id":12,"date":"2016-03-07T09:33:16","date_gmt":"2016-03-07T08:33:16","guid":{"rendered":"http:\/\/nowa.zspswiecie.pl\/?page_id=12"},"modified":"2024-09-20T14:39:43","modified_gmt":"2024-09-20T12:39:43","slug":"biblioteka-szkolna","status":"publish","type":"page","link":"https:\/\/www.zspswiecie.pl\/index.php\/biblioteka-szkolna\/","title":{"rendered":"Biblioteka szkolna"},"content":{"rendered":"\n<p><mark style=\"background-color:rgba(0, 0, 0, 0)\" class=\"has-inline-color has-black-color\">Biblioteka szkolna czynna\u00a0 w godzinach od 7.30 do 15.30.<\/mark><\/p>\n\n\n<h6 style=\"text-align: center;\"><span style=\"color: #003300;\"><strong>Uczestniczymy w procesie dydaktycznym szko\u0142y.<\/strong><\/span><\/h6>\n<h6 style=\"text-align: center;\"><span style=\"color: #003300;\"><strong>S\u0142u\u017cymy zdobywaniu, poszerzaniu wiedzy.<\/strong><\/span><\/h6>\n<h6 style=\"text-align: center;\"><span style=\"color: #003300;\"><strong>Zaspokajamy potrzeby edukacyjne uczni\u00f3w dostarczaj\u0105c im niezb\u0119dnych informacji.<\/strong><\/span><\/h6>\n<p><span style=\"color: #000000;\">Zapraszamy czytelnik\u00f3w do wypo\u017cyczania lektur, podr\u0119cznik\u00f3w do nauki zawodu, ksi\u0105\u017cek zakupionych w ramach Narodowego Programu Rozwoju Czytelnictwa. Biblioteka oferuje te\u017c materia\u0142y edukacyjne, kt\u00f3re pomog\u0105 ka\u017cdemu uczniowi odnale\u017a\u0107 motywacj\u0119 do nauki, jak r\u00f3wnie\u017c pozwol\u0105 pozna\u0107 najskuteczniejsze metody uczenia si\u0119<\/span><\/p>\n\n\n<div class=\"wp-block-group\"><div class=\"wp-block-group__inner-container is-layout-flow wp-block-group-is-layout-flow\">\n<div class=\"wp-block-columns is-layout-flex wp-container-core-columns-is-layout-9d6595d7 wp-block-columns-is-layout-flex\"><\/div>\n<\/div><\/div>\n\n\n\n<div class=\"wp-block-columns is-layout-flex wp-container-core-columns-is-layout-9d6595d7 wp-block-columns-is-layout-flex\">\n<div class=\"wp-block-column is-layout-flow wp-block-column-is-layout-flow\">\n<figure class=\"wp-block-image size-large\"><img loading=\"lazy\" decoding=\"async\" width=\"1237\" height=\"1600\" src=\"https:\/\/www.zspswiecie.pl\/wp-content\/uploads\/2016\/03\/wolno_czytac.jpg\" alt=\"\" class=\"wp-image-6926\"\/><\/figure>\n<\/div>\n\n\n\n<div class=\"wp-block-column is-layout-flow wp-block-column-is-layout-flow\">\n<figure class=\"wp-block-image size-large\"><img loading=\"lazy\" decoding=\"async\" width=\"453\" height=\"640\" src=\"https:\/\/www.zspswiecie.pl\/wp-content\/uploads\/2016\/03\/muniekczyta.jpg\" alt=\"\" class=\"wp-image-153\" srcset=\"https:\/\/www.zspswiecie.pl\/wp-content\/uploads\/2016\/03\/muniekczyta.jpg 453w, https:\/\/www.zspswiecie.pl\/wp-content\/uploads\/2016\/03\/muniekczyta-212x300.jpg 212w\" sizes=\"auto, (max-width: 453px) 100vw, 453px\" \/><\/figure>\n<\/div>\n\n\n\n<div class=\"wp-block-column is-layout-flow wp-block-column-is-layout-flow\">\n<figure class=\"wp-block-image size-large\"><img loading=\"lazy\" decoding=\"async\" width=\"320\" height=\"105\" src=\"https:\/\/www.zspswiecie.pl\/wp-content\/uploads\/2016\/03\/czytanie1.jpeg\" alt=\"\" class=\"wp-image-156\" srcset=\"https:\/\/www.zspswiecie.pl\/wp-content\/uploads\/2016\/03\/czytanie1.jpeg 320w, https:\/\/www.zspswiecie.pl\/wp-content\/uploads\/2016\/03\/czytanie1-300x98.jpeg 300w\" sizes=\"auto, (max-width: 320px) 100vw, 320px\" \/><\/figure>\n\n\n\n<p><\/p>\n<\/div>\n<\/div>\n\n\n\n<div class=\"wp-block-columns is-layout-flex wp-container-core-columns-is-layout-9d6595d7 wp-block-columns-is-layout-flex\"><\/div>\n\n\n\n<div class=\"wp-block-columns is-layout-flex wp-container-core-columns-is-layout-9d6595d7 wp-block-columns-is-layout-flex\">\n<div class=\"wp-block-column is-layout-flow wp-block-column-is-layout-flow\" style=\"flex-basis:66.66%\">\n<figure class=\"wp-block-image size-large\"><img loading=\"lazy\" decoding=\"async\" width=\"1200\" height=\"554\" src=\"https:\/\/www.zspswiecie.pl\/wp-content\/uploads\/2020\/10\/20201020_113501-1200x554.jpg\" alt=\"\" class=\"wp-image-8549\" srcset=\"https:\/\/www.zspswiecie.pl\/wp-content\/uploads\/2020\/10\/20201020_113501-1200x554.jpg 1200w, https:\/\/www.zspswiecie.pl\/wp-content\/uploads\/2020\/10\/20201020_113501-300x138.jpg 300w, https:\/\/www.zspswiecie.pl\/wp-content\/uploads\/2020\/10\/20201020_113501-768x354.jpg 768w, https:\/\/www.zspswiecie.pl\/wp-content\/uploads\/2020\/10\/20201020_113501-1536x709.jpg 1536w, https:\/\/www.zspswiecie.pl\/wp-content\/uploads\/2020\/10\/20201020_113501-2048x945.jpg 2048w\" sizes=\"auto, (max-width: 1200px) 100vw, 1200px\" \/><\/figure>\n<\/div>\n\n\n\n<div class=\"wp-block-column is-layout-flow wp-block-column-is-layout-flow\" style=\"flex-basis:33.33%\">\n<figure class=\"wp-block-image size-large is-resized\"><img loading=\"lazy\" decoding=\"async\" src=\"https:\/\/www.zspswiecie.pl\/wp-content\/uploads\/2020\/10\/indeks.png\" alt=\"\" class=\"wp-image-8485\" width=\"265\" height=\"195\"\/><\/figure>\n<\/div>\n<\/div>\n\n\n\n<div class=\"wp-block-columns is-layout-flex wp-container-core-columns-is-layout-9d6595d7 wp-block-columns-is-layout-flex\">\n<div class=\"wp-block-column is-layout-flow wp-block-column-is-layout-flow\">\n<p><span style=\"color: #000000;\">Przydatne linki:<\/span><\/p>\n<p><a href=\"http:\/\/www.staropolska.pl\/\">staropolska.pl<\/a><\/p>\n<p><a href=\"https:\/\/cke.gov.pl\/\">Centralna Komisja Egzaminacyjna<\/a><\/p>\n<p>\u00a0<\/p>\n<\/div>\n\n\n\n<div class=\"wp-block-column is-layout-flow wp-block-column-is-layout-flow\">\n<p><span style=\"color: #000000;\">W 2020 r z funduszy Narodowego Programu Rozwoju Czytelnictwa ksi\u0119gozbi\u00f3r biblioteki szkolnej powi\u0119kszy\u0142 si\u0119 o 848 ksi\u0105\u017cki (413 lektury, 50 s\u0142owniki, 385 nowo\u015bci czytelnicze). W\u015br\u00f3d zakupionych pozycji znajduj\u0105 si\u0119 ksi\u0105\u017cki obyczajowe, historyczne, fantasy, biografie, krymina\u0142y, reporta\u017ce.<\/span><\/p>\n<p><a href=\"https:\/\/www.zspswiecie.pl\/wp-content\/uploads\/2020\/12\/nowosci_czytelnicze_NPRC.pdf\" target=\"_blank\" rel=\"noreferrer noopener\">zakupione ksi\u0105\u017cki<\/a><\/p>\n<p><a href=\"https:\/\/www.zspswiecie.pl\/wp-content\/uploads\/2020\/12\/lektury_slowniki_NPRC.pdf\" target=\"_blank\" rel=\"noreferrer noopener\">Lektury i s\u0142owniki<\/a><\/p>\n<\/div>\n\n\n\n<div class=\"wp-block-column is-layout-flow wp-block-column-is-layout-flow\">\n<h5><span style=\"color: #000000;\">Je\u015bli chcesz pomaga\u0107 innym, podzieli\u0107 si\u0119 swoim czasem i umiej\u0119tno\u015bciami. Zapraszamy &#8211; Szkolne Ko\u0142o Wolontariatu Pomagam bo lubi\u0119<\/span><\/h5>\n\n\n\n<figure class=\"wp-block-image size-large\"><img loading=\"lazy\" decoding=\"async\" width=\"688\" height=\"600\" src=\"https:\/\/www.zspswiecie.pl\/wp-content\/uploads\/2016\/03\/logo_oryginal.jpg\" alt=\"\" class=\"wp-image-154\" srcset=\"https:\/\/www.zspswiecie.pl\/wp-content\/uploads\/2016\/03\/logo_oryginal.jpg 688w, https:\/\/www.zspswiecie.pl\/wp-content\/uploads\/2016\/03\/logo_oryginal-300x262.jpg 300w\" sizes=\"auto, (max-width: 688px) 100vw, 688px\" \/><\/figure>\n<\/div>\n<\/div>\n\n\n\n<p><\/p>\n","protected":false},"excerpt":{"rendered":"<p>Biblioteka szkolna czynna\u00a0 w godzinach od 7.30 do 15.30. Uczestniczymy w procesie dydaktycznym szko\u0142y. S\u0142u\u017cymy zdobywaniu, poszerzaniu wiedzy. Zaspokajamy potrzeby edukacyjne uczni\u00f3w dostarczaj\u0105c im&#8230; &nbsp; <a href=\"https:\/\/www.zspswiecie.pl\/index.php\/biblioteka-szkolna\/\" class=\"moretag\">Wi\u0119cej&#8230;<\/a><\/p>\n","protected":false},"author":1,"featured_media":0,"parent":0,"menu_order":0,"comment_status":"open","ping_status":"open","template":"page-fullwidth.php","meta":{"footnotes":""},"class_list":["post-12","page","type-page","status-publish","hentry"],"yoast_head":"<!-- This site is optimized with the Yoast SEO plugin v26.8 - https:\/\/yoast.com\/product\/yoast-seo-wordpress\/ -->\n<title>Biblioteka Szkolna - ZSP \u015awiecie<\/title>\n<meta name=\"description\" content=\"Biblioteka Szkolna - ZSP \u015awiecie: Godziny otwarcia biblioteki: Poniedzia\u0142ek 7.30 - 15.30, Wtorek 7.30 - 15.30, \u015aroda 7.30 - 15.30, Czwartek 7.30 - 15.00, Pi\u0105tek 7.30 - 15.00\" \/>\n<meta name=\"robots\" content=\"index, follow, max-snippet:-1, max-image-preview:large, max-video-preview:-1\" \/>\n<link rel=\"canonical\" href=\"https:\/\/www.zspswiecie.pl\/index.php\/biblioteka-szkolna\/\" \/>\n<meta property=\"og:locale\" content=\"pl_PL\" \/>\n<meta property=\"og:type\" content=\"article\" \/>\n<meta property=\"og:title\" content=\"Biblioteka Szkolna - ZSP \u015awiecie\" \/>\n<meta property=\"og:description\" content=\"Biblioteka Szkolna - ZSP \u015awiecie: Godziny otwarcia biblioteki: Poniedzia\u0142ek 7.30 - 15.30, Wtorek 7.30 - 15.30, \u015aroda 7.30 - 15.30, Czwartek 7.30 - 15.00, Pi\u0105tek 7.30 - 15.00\" \/>\n<meta property=\"og:url\" content=\"https:\/\/www.zspswiecie.pl\/index.php\/biblioteka-szkolna\/\" \/>\n<meta property=\"og:site_name\" content=\"ZSP\" \/>\n<meta property=\"article:publisher\" content=\"https:\/\/www.facebook.com\/people\/Zesp-Szk-Ponadpodstawowych-w-wieciu\/100057638830230\/\" \/>\n<meta property=\"article:modified_time\" content=\"2024-09-20T12:39:43+00:00\" \/>\n<meta property=\"og:image\" content=\"http:\/\/www.zspswiecie.pl\/wp-content\/uploads\/2016\/03\/wolno_czytac.jpg\" \/>\n<meta name=\"twitter:label1\" content=\"Szacowany czas czytania\" \/>\n\t<meta name=\"twitter:data1\" content=\"2 minuty\" \/>\n<script type=\"application\/ld+json\" class=\"yoast-schema-graph\">{\"@context\":\"https:\/\/schema.org\",\"@graph\":[{\"@type\":\"WebPage\",\"@id\":\"https:\/\/www.zspswiecie.pl\/index.php\/biblioteka-szkolna\/\",\"url\":\"https:\/\/www.zspswiecie.pl\/index.php\/biblioteka-szkolna\/\",\"name\":\"Biblioteka Szkolna - ZSP \u015awiecie\",\"isPartOf\":{\"@id\":\"https:\/\/www.zspswiecie.pl\/#website\"},\"primaryImageOfPage\":{\"@id\":\"https:\/\/www.zspswiecie.pl\/index.php\/biblioteka-szkolna\/#primaryimage\"},\"image\":{\"@id\":\"https:\/\/www.zspswiecie.pl\/index.php\/biblioteka-szkolna\/#primaryimage\"},\"thumbnailUrl\":\"http:\/\/www.zspswiecie.pl\/wp-content\/uploads\/2016\/03\/wolno_czytac.jpg\",\"datePublished\":\"2016-03-07T08:33:16+00:00\",\"dateModified\":\"2024-09-20T12:39:43+00:00\",\"description\":\"Biblioteka Szkolna - ZSP \u015awiecie: Godziny otwarcia biblioteki: Poniedzia\u0142ek 7.30 - 15.30, Wtorek 7.30 - 15.30, \u015aroda 7.30 - 15.30, Czwartek 7.30 - 15.00, Pi\u0105tek 7.30 - 15.00\",\"breadcrumb\":{\"@id\":\"https:\/\/www.zspswiecie.pl\/index.php\/biblioteka-szkolna\/#breadcrumb\"},\"inLanguage\":\"pl-PL\",\"potentialAction\":[{\"@type\":\"ReadAction\",\"target\":[\"https:\/\/www.zspswiecie.pl\/index.php\/biblioteka-szkolna\/\"]}]},{\"@type\":\"ImageObject\",\"inLanguage\":\"pl-PL\",\"@id\":\"https:\/\/www.zspswiecie.pl\/index.php\/biblioteka-szkolna\/#primaryimage\",\"url\":\"http:\/\/www.zspswiecie.pl\/wp-content\/uploads\/2016\/03\/wolno_czytac.jpg\",\"contentUrl\":\"http:\/\/www.zspswiecie.pl\/wp-content\/uploads\/2016\/03\/wolno_czytac.jpg\"},{\"@type\":\"BreadcrumbList\",\"@id\":\"https:\/\/www.zspswiecie.pl\/index.php\/biblioteka-szkolna\/#breadcrumb\",\"itemListElement\":[{\"@type\":\"ListItem\",\"position\":1,\"name\":\"Strona g\u0142\u00f3wna\",\"item\":\"https:\/\/www.zspswiecie.pl\/index.php\/home\/strona-glowna\/\"},{\"@type\":\"ListItem\",\"position\":2,\"name\":\"Biblioteka szkolna\"}]},{\"@type\":\"WebSite\",\"@id\":\"https:\/\/www.zspswiecie.pl\/#website\",\"url\":\"https:\/\/www.zspswiecie.pl\/\",\"name\":\"ZSP\",\"description\":\"Zesp\u00f3\u0142 Szk\u00f3\u0142 Ponadpodstawowych\",\"publisher\":{\"@id\":\"https:\/\/www.zspswiecie.pl\/#organization\"},\"potentialAction\":[{\"@type\":\"SearchAction\",\"target\":{\"@type\":\"EntryPoint\",\"urlTemplate\":\"https:\/\/www.zspswiecie.pl\/?s={search_term_string}\"},\"query-input\":{\"@type\":\"PropertyValueSpecification\",\"valueRequired\":true,\"valueName\":\"search_term_string\"}}],\"inLanguage\":\"pl-PL\"},{\"@type\":\"Organization\",\"@id\":\"https:\/\/www.zspswiecie.pl\/#organization\",\"name\":\"Zesp\u00f3\u0142 Szk\u00f3\u0142 Ponadpodstawowych\",\"url\":\"https:\/\/www.zspswiecie.pl\/\",\"logo\":{\"@type\":\"ImageObject\",\"inLanguage\":\"pl-PL\",\"@id\":\"https:\/\/www.zspswiecie.pl\/#\/schema\/logo\/image\/\",\"url\":\"http:\/\/www.zspswiecie.pl\/wp-content\/uploads\/2016\/03\/logo-zsp2.png\",\"contentUrl\":\"http:\/\/www.zspswiecie.pl\/wp-content\/uploads\/2016\/03\/logo-zsp2.png\",\"width\":449,\"height\":351,\"caption\":\"Zesp\u00f3\u0142 Szk\u00f3\u0142 Ponadpodstawowych\"},\"image\":{\"@id\":\"https:\/\/www.zspswiecie.pl\/#\/schema\/logo\/image\/\"},\"sameAs\":[\"https:\/\/www.facebook.com\/people\/Zesp-Szk-Ponadpodstawowych-w-wieciu\/100057638830230\/\"]}]}<\/script>\n<!-- \/ Yoast SEO plugin. -->","yoast_head_json":{"title":"Biblioteka Szkolna - ZSP \u015awiecie","description":"Biblioteka Szkolna - ZSP \u015awiecie: Godziny otwarcia biblioteki: Poniedzia\u0142ek 7.30 - 15.30, Wtorek 7.30 - 15.30, \u015aroda 7.30 - 15.30, Czwartek 7.30 - 15.00, Pi\u0105tek 7.30 - 15.00","robots":{"index":"index","follow":"follow","max-snippet":"max-snippet:-1","max-image-preview":"max-image-preview:large","max-video-preview":"max-video-preview:-1"},"canonical":"https:\/\/www.zspswiecie.pl\/index.php\/biblioteka-szkolna\/","og_locale":"pl_PL","og_type":"article","og_title":"Biblioteka Szkolna - ZSP \u015awiecie","og_description":"Biblioteka Szkolna - ZSP \u015awiecie: Godziny otwarcia biblioteki: Poniedzia\u0142ek 7.30 - 15.30, Wtorek 7.30 - 15.30, \u015aroda 7.30 - 15.30, Czwartek 7.30 - 15.00, Pi\u0105tek 7.30 - 15.00","og_url":"https:\/\/www.zspswiecie.pl\/index.php\/biblioteka-szkolna\/","og_site_name":"ZSP","article_publisher":"https:\/\/www.facebook.com\/people\/Zesp-Szk-Ponadpodstawowych-w-wieciu\/100057638830230\/","article_modified_time":"2024-09-20T12:39:43+00:00","og_image":[{"url":"http:\/\/www.zspswiecie.pl\/wp-content\/uploads\/2016\/03\/wolno_czytac.jpg","type":"","width":"","height":""}],"twitter_misc":{"Szacowany czas czytania":"2 minuty"},"schema":{"@context":"https:\/\/schema.org","@graph":[{"@type":"WebPage","@id":"https:\/\/www.zspswiecie.pl\/index.php\/biblioteka-szkolna\/","url":"https:\/\/www.zspswiecie.pl\/index.php\/biblioteka-szkolna\/","name":"Biblioteka Szkolna - ZSP \u015awiecie","isPartOf":{"@id":"https:\/\/www.zspswiecie.pl\/#website"},"primaryImageOfPage":{"@id":"https:\/\/www.zspswiecie.pl\/index.php\/biblioteka-szkolna\/#primaryimage"},"image":{"@id":"https:\/\/www.zspswiecie.pl\/index.php\/biblioteka-szkolna\/#primaryimage"},"thumbnailUrl":"http:\/\/www.zspswiecie.pl\/wp-content\/uploads\/2016\/03\/wolno_czytac.jpg","datePublished":"2016-03-07T08:33:16+00:00","dateModified":"2024-09-20T12:39:43+00:00","description":"Biblioteka Szkolna - ZSP \u015awiecie: Godziny otwarcia biblioteki: Poniedzia\u0142ek 7.30 - 15.30, Wtorek 7.30 - 15.30, \u015aroda 7.30 - 15.30, Czwartek 7.30 - 15.00, Pi\u0105tek 7.30 - 15.00","breadcrumb":{"@id":"https:\/\/www.zspswiecie.pl\/index.php\/biblioteka-szkolna\/#breadcrumb"},"inLanguage":"pl-PL","potentialAction":[{"@type":"ReadAction","target":["https:\/\/www.zspswiecie.pl\/index.php\/biblioteka-szkolna\/"]}]},{"@type":"ImageObject","inLanguage":"pl-PL","@id":"https:\/\/www.zspswiecie.pl\/index.php\/biblioteka-szkolna\/#primaryimage","url":"http:\/\/www.zspswiecie.pl\/wp-content\/uploads\/2016\/03\/wolno_czytac.jpg","contentUrl":"http:\/\/www.zspswiecie.pl\/wp-content\/uploads\/2016\/03\/wolno_czytac.jpg"},{"@type":"BreadcrumbList","@id":"https:\/\/www.zspswiecie.pl\/index.php\/biblioteka-szkolna\/#breadcrumb","itemListElement":[{"@type":"ListItem","position":1,"name":"Strona g\u0142\u00f3wna","item":"https:\/\/www.zspswiecie.pl\/index.php\/home\/strona-glowna\/"},{"@type":"ListItem","position":2,"name":"Biblioteka szkolna"}]},{"@type":"WebSite","@id":"https:\/\/www.zspswiecie.pl\/#website","url":"https:\/\/www.zspswiecie.pl\/","name":"ZSP","description":"Zesp\u00f3\u0142 Szk\u00f3\u0142 Ponadpodstawowych","publisher":{"@id":"https:\/\/www.zspswiecie.pl\/#organization"},"potentialAction":[{"@type":"SearchAction","target":{"@type":"EntryPoint","urlTemplate":"https:\/\/www.zspswiecie.pl\/?s={search_term_string}"},"query-input":{"@type":"PropertyValueSpecification","valueRequired":true,"valueName":"search_term_string"}}],"inLanguage":"pl-PL"},{"@type":"Organization","@id":"https:\/\/www.zspswiecie.pl\/#organization","name":"Zesp\u00f3\u0142 Szk\u00f3\u0142 Ponadpodstawowych","url":"https:\/\/www.zspswiecie.pl\/","logo":{"@type":"ImageObject","inLanguage":"pl-PL","@id":"https:\/\/www.zspswiecie.pl\/#\/schema\/logo\/image\/","url":"http:\/\/www.zspswiecie.pl\/wp-content\/uploads\/2016\/03\/logo-zsp2.png","contentUrl":"http:\/\/www.zspswiecie.pl\/wp-content\/uploads\/2016\/03\/logo-zsp2.png","width":449,"height":351,"caption":"Zesp\u00f3\u0142 Szk\u00f3\u0142 Ponadpodstawowych"},"image":{"@id":"https:\/\/www.zspswiecie.pl\/#\/schema\/logo\/image\/"},"sameAs":["https:\/\/www.facebook.com\/people\/Zesp-Szk-Ponadpodstawowych-w-wieciu\/100057638830230\/"]}]}},"_links":{"self":[{"href":"https:\/\/www.zspswiecie.pl\/index.php\/wp-json\/wp\/v2\/pages\/12","targetHints":{"allow":["GET"]}}],"collection":[{"href":"https:\/\/www.zspswiecie.pl\/index.php\/wp-json\/wp\/v2\/pages"}],"about":[{"href":"https:\/\/www.zspswiecie.pl\/index.php\/wp-json\/wp\/v2\/types\/page"}],"author":[{"embeddable":true,"href":"https:\/\/www.zspswiecie.pl\/index.php\/wp-json\/wp\/v2\/users\/1"}],"replies":[{"embeddable":true,"href":"https:\/\/www.zspswiecie.pl\/index.php\/wp-json\/wp\/v2\/comments?post=12"}],"version-history":[{"count":58,"href":"https:\/\/www.zspswiecie.pl\/index.php\/wp-json\/wp\/v2\/pages\/12\/revisions"}],"predecessor-version":[{"id":13884,"href":"https:\/\/www.zspswiecie.pl\/index.php\/wp-json\/wp\/v2\/pages\/12\/revisions\/13884"}],"wp:attachment":[{"href":"https:\/\/www.zspswiecie.pl\/index.php\/wp-json\/wp\/v2\/media?parent=12"}],"curies":[{"name":"wp","href":"https:\/\/api.w.org\/{rel}","templated":true}]}}