{"id":11230,"date":"2023-01-19T00:56:37","date_gmt":"2023-01-18T23:56:37","guid":{"rendered":"http:\/\/www.zspswiecie.pl\/?page_id=11230"},"modified":"2023-01-22T22:35:50","modified_gmt":"2023-01-22T21:35:50","slug":"stawiamy-na-przyszlosc","status":"publish","type":"page","link":"https:\/\/www.zspswiecie.pl\/index.php\/stawiamy-na-przyszlosc\/","title":{"rendered":"Projekt Stawiamy na przysz\u0142o\u015b\u0107"},"content":{"rendered":"\n<p><span class=\"has-inline-color has-black-color\">W Zespole Szk\u00f3\u0142 Ponadpodstawowych w \u015awieciu jest realizowany projekt &#8222;Stawiamy na przysz\u0142o\u015b\u0107. Termin realizacji 09.01.2023- 30.11.2023 &#8222;. Wsparcie dotyczy uczni\u00f3w III LO. <\/span><\/p>\n\n\n\n<p><span class=\"has-inline-color has-black-color\">Projekt jest wsp\u00f3\u0142finansowany ze \u015brodk\u00f3w Unii Europejskiej w ramach Regionalnego Programu Operacyjnego Wojew\u00f3dztwa Kujawsko-Pomorskiego na lata 2014-2020, O\u015b Priorytetowa 10 Innowacyjna edukacja, Dzia\u0142anie 10.2 Kszta\u0142cenie og\u00f3lne i zawodowe, Poddzia\u0142anie 10.2.2 Kszta\u0142cenie og\u00f3lne.<\/span><\/p>\n\n\n\n<p><span class=\"has-inline-color has-black-color\">Wsparcie udzielane jest uczennicom i uczniom w okresie realizacji projektu w formie:<\/span><\/p>\n\n\n<ol>\n<li><span style=\"color: #000000;\">zaj\u0119\u0107 kszta\u0142tuj\u0105cych i rozwijaj\u0105cych kompetencje cyfrowe uczni\u00f3w, w tym <\/span><br \/><span style=\"color: #000000;\">z uwzgl\u0119dnieniem bezpiecze\u0144stwa w cyberprzestrzeni.<\/span><\/li>\n<li><span style=\"color: #000000;\">zaj\u0119\u0107 kszta\u0142tuj\u0105cych i rozwijaj\u0105cych kompetencje uczni\u00f3w w zakresie nauk matematyczno-przyrodniczych.<\/span><\/li>\n<li><span style=\"color: #000000;\">realizacji dzia\u0142a\u0144 na rzecz kszta\u0142towania i rozwijania kompetencji kluczowych <\/span><br \/><span style=\"color: #000000;\">w zakresie pos\u0142ugiwania si\u0119 j\u0119zykami obcymi.<\/span><\/li>\n<li><span style=\"color: #000000;\">kszta\u0142towania i rozwijanie kompetencji uczni\u00f3w w zakresie umiej\u0119tno\u015bci rozumienia kreatywno\u015bci, innowacyjno\u015bci, przedsi\u0119biorczo\u015bci, krytycznego my\u015blenia, rozwiazywania problem\u00f3w uczenia si\u0119 i umiej\u0119tno\u015bci uczenia si\u0119 i umiej\u0119tno\u015bci pracy zespo\u0142owej w kontek\u015bcie \u015brodowiska pracy.<\/span><\/li>\n<li><span style=\"color: #000000;\">realizacji procesu indywidualizacji z pracy z uczniem ze specjalnymi potrzebami rozwojowymi i edukacyjnymi a tak\u017ce uczni\u00f3w m\u0142odszych w ramach zaj\u0119\u0107 specjalistycznych, dydaktyczno-wyr\u00f3wnawczych, porad i konsultacji.<\/span><\/li>\n<li><span style=\"color: #000000;\">realizacji doradztwa edukacyjno- zawodowego zwi\u0105zanego z wyborem dalszych kierunk\u00f3w kszta\u0142cenia i uwzgl\u0119dniaj\u0105cego potrzeby rynku pracy.<\/span><\/li>\n<li><span style=\"color: #000000;\">realizacji wysokiej jako\u015bci sta\u017cy dla uczni\u00f3w<\/span><\/li>\n<\/ol>\n\n\n<p><span class=\"has-inline-color has-black-color\">Rekrutacja zostanie przeprowadzona w miesi\u0105cu lutym<\/span>.<\/p>\n\n\n\n<p><\/p>\n\n\n<a href=\"https:\/\/www.zspswiecie.pl\/wp-content\/uploads\/2023\/01\/plakatA3.pdf\" class=\"pdfemb-viewer\" style=\"\" data-width=\"max\" data-height=\"max\" data-toolbar=\"bottom\" data-toolbar-fixed=\"off\">plakatA3<\/a>\n<p class=\"wp-block-pdfemb-pdf-embedder-viewer\"><\/p>\n\n\n\n<p><\/p>\n","protected":false},"excerpt":{"rendered":"<p>W Zespole Szk\u00f3\u0142 Ponadpodstawowych w \u015awieciu jest realizowany projekt &#8222;Stawiamy na przysz\u0142o\u015b\u0107. Termin realizacji 09.01.2023- 30.11.2023 &#8222;. Wsparcie dotyczy uczni\u00f3w III LO. Projekt jest&#8230; &nbsp; <a href=\"https:\/\/www.zspswiecie.pl\/index.php\/stawiamy-na-przyszlosc\/\" class=\"moretag\">Wi\u0119cej&#8230;<\/a><\/p>\n","protected":false},"author":2,"featured_media":0,"parent":0,"menu_order":0,"comment_status":"closed","ping_status":"closed","template":"","meta":{"footnotes":""},"class_list":["post-11230","page","type-page","status-publish","hentry"],"yoast_head":"<!-- This site is optimized with the Yoast SEO plugin v26.8 - https:\/\/yoast.com\/product\/yoast-seo-wordpress\/ -->\n<title>Projekt Stawiamy na przysz\u0142o\u015b\u0107 - ZSP<\/title>\n<meta name=\"robots\" content=\"index, follow, max-snippet:-1, max-image-preview:large, max-video-preview:-1\" \/>\n<link rel=\"canonical\" href=\"https:\/\/www.zspswiecie.pl\/index.php\/stawiamy-na-przyszlosc\/\" \/>\n<meta property=\"og:locale\" content=\"pl_PL\" \/>\n<meta property=\"og:type\" content=\"article\" \/>\n<meta property=\"og:title\" content=\"Projekt Stawiamy na przysz\u0142o\u015b\u0107 - ZSP\" \/>\n<meta property=\"og:description\" content=\"W Zespole Szk\u00f3\u0142 Ponadpodstawowych w \u015awieciu jest realizowany projekt &#8222;Stawiamy na przysz\u0142o\u015b\u0107. Termin realizacji 09.01.2023- 30.11.2023 &#8222;. Wsparcie dotyczy uczni\u00f3w III LO. Projekt jest... &nbsp; Wi\u0119cej...\" \/>\n<meta property=\"og:url\" content=\"https:\/\/www.zspswiecie.pl\/index.php\/stawiamy-na-przyszlosc\/\" \/>\n<meta property=\"og:site_name\" content=\"ZSP\" \/>\n<meta property=\"article:publisher\" content=\"https:\/\/www.facebook.com\/people\/Zesp-Szk-Ponadpodstawowych-w-wieciu\/100057638830230\/\" \/>\n<meta property=\"article:modified_time\" content=\"2023-01-22T21:35:50+00:00\" \/>\n<meta property=\"og:image\" content=\"http:\/\/www.zspswiecie.pl\/wp-content\/uploads\/2016\/03\/ZSP_budynek_szko%c5%82y_%c5%9bwiecie.jpg\" \/>\n<meta name=\"twitter:label1\" content=\"Szacowany czas czytania\" \/>\n\t<meta name=\"twitter:data1\" content=\"1 minuta\" \/>\n<script type=\"application\/ld+json\" class=\"yoast-schema-graph\">{\"@context\":\"https:\/\/schema.org\",\"@graph\":[{\"@type\":\"WebPage\",\"@id\":\"https:\/\/www.zspswiecie.pl\/index.php\/stawiamy-na-przyszlosc\/\",\"url\":\"https:\/\/www.zspswiecie.pl\/index.php\/stawiamy-na-przyszlosc\/\",\"name\":\"Projekt Stawiamy na przysz\u0142o\u015b\u0107 - ZSP\",\"isPartOf\":{\"@id\":\"https:\/\/www.zspswiecie.pl\/#website\"},\"datePublished\":\"2023-01-18T23:56:37+00:00\",\"dateModified\":\"2023-01-22T21:35:50+00:00\",\"breadcrumb\":{\"@id\":\"https:\/\/www.zspswiecie.pl\/index.php\/stawiamy-na-przyszlosc\/#breadcrumb\"},\"inLanguage\":\"pl-PL\",\"potentialAction\":[{\"@type\":\"ReadAction\",\"target\":[\"https:\/\/www.zspswiecie.pl\/index.php\/stawiamy-na-przyszlosc\/\"]}]},{\"@type\":\"BreadcrumbList\",\"@id\":\"https:\/\/www.zspswiecie.pl\/index.php\/stawiamy-na-przyszlosc\/#breadcrumb\",\"itemListElement\":[{\"@type\":\"ListItem\",\"position\":1,\"name\":\"Strona g\u0142\u00f3wna\",\"item\":\"https:\/\/www.zspswiecie.pl\/index.php\/home\/strona-glowna\/\"},{\"@type\":\"ListItem\",\"position\":2,\"name\":\"Projekt Stawiamy na przysz\u0142o\u015b\u0107\"}]},{\"@type\":\"WebSite\",\"@id\":\"https:\/\/www.zspswiecie.pl\/#website\",\"url\":\"https:\/\/www.zspswiecie.pl\/\",\"name\":\"ZSP\",\"description\":\"Zesp\u00f3\u0142 Szk\u00f3\u0142 Ponadpodstawowych\",\"publisher\":{\"@id\":\"https:\/\/www.zspswiecie.pl\/#organization\"},\"potentialAction\":[{\"@type\":\"SearchAction\",\"target\":{\"@type\":\"EntryPoint\",\"urlTemplate\":\"https:\/\/www.zspswiecie.pl\/?s={search_term_string}\"},\"query-input\":{\"@type\":\"PropertyValueSpecification\",\"valueRequired\":true,\"valueName\":\"search_term_string\"}}],\"inLanguage\":\"pl-PL\"},{\"@type\":\"Organization\",\"@id\":\"https:\/\/www.zspswiecie.pl\/#organization\",\"name\":\"Zesp\u00f3\u0142 Szk\u00f3\u0142 Ponadpodstawowych\",\"url\":\"https:\/\/www.zspswiecie.pl\/\",\"logo\":{\"@type\":\"ImageObject\",\"inLanguage\":\"pl-PL\",\"@id\":\"https:\/\/www.zspswiecie.pl\/#\/schema\/logo\/image\/\",\"url\":\"http:\/\/www.zspswiecie.pl\/wp-content\/uploads\/2016\/03\/logo-zsp2.png\",\"contentUrl\":\"http:\/\/www.zspswiecie.pl\/wp-content\/uploads\/2016\/03\/logo-zsp2.png\",\"width\":449,\"height\":351,\"caption\":\"Zesp\u00f3\u0142 Szk\u00f3\u0142 Ponadpodstawowych\"},\"image\":{\"@id\":\"https:\/\/www.zspswiecie.pl\/#\/schema\/logo\/image\/\"},\"sameAs\":[\"https:\/\/www.facebook.com\/people\/Zesp-Szk-Ponadpodstawowych-w-wieciu\/100057638830230\/\"]}]}<\/script>\n<!-- \/ Yoast SEO plugin. -->","yoast_head_json":{"title":"Projekt Stawiamy na przysz\u0142o\u015b\u0107 - ZSP","robots":{"index":"index","follow":"follow","max-snippet":"max-snippet:-1","max-image-preview":"max-image-preview:large","max-video-preview":"max-video-preview:-1"},"canonical":"https:\/\/www.zspswiecie.pl\/index.php\/stawiamy-na-przyszlosc\/","og_locale":"pl_PL","og_type":"article","og_title":"Projekt Stawiamy na przysz\u0142o\u015b\u0107 - ZSP","og_description":"W Zespole Szk\u00f3\u0142 Ponadpodstawowych w \u015awieciu jest realizowany projekt &#8222;Stawiamy na przysz\u0142o\u015b\u0107. Termin realizacji 09.01.2023- 30.11.2023 &#8222;. Wsparcie dotyczy uczni\u00f3w III LO. Projekt jest... &nbsp; Wi\u0119cej...","og_url":"https:\/\/www.zspswiecie.pl\/index.php\/stawiamy-na-przyszlosc\/","og_site_name":"ZSP","article_publisher":"https:\/\/www.facebook.com\/people\/Zesp-Szk-Ponadpodstawowych-w-wieciu\/100057638830230\/","article_modified_time":"2023-01-22T21:35:50+00:00","og_image":[{"url":"http:\/\/www.zspswiecie.pl\/wp-content\/uploads\/2016\/03\/ZSP_budynek_szko%c5%82y_%c5%9bwiecie.jpg","type":"","width":"","height":""}],"twitter_misc":{"Szacowany czas czytania":"1 minuta"},"schema":{"@context":"https:\/\/schema.org","@graph":[{"@type":"WebPage","@id":"https:\/\/www.zspswiecie.pl\/index.php\/stawiamy-na-przyszlosc\/","url":"https:\/\/www.zspswiecie.pl\/index.php\/stawiamy-na-przyszlosc\/","name":"Projekt Stawiamy na przysz\u0142o\u015b\u0107 - ZSP","isPartOf":{"@id":"https:\/\/www.zspswiecie.pl\/#website"},"datePublished":"2023-01-18T23:56:37+00:00","dateModified":"2023-01-22T21:35:50+00:00","breadcrumb":{"@id":"https:\/\/www.zspswiecie.pl\/index.php\/stawiamy-na-przyszlosc\/#breadcrumb"},"inLanguage":"pl-PL","potentialAction":[{"@type":"ReadAction","target":["https:\/\/www.zspswiecie.pl\/index.php\/stawiamy-na-przyszlosc\/"]}]},{"@type":"BreadcrumbList","@id":"https:\/\/www.zspswiecie.pl\/index.php\/stawiamy-na-przyszlosc\/#breadcrumb","itemListElement":[{"@type":"ListItem","position":1,"name":"Strona g\u0142\u00f3wna","item":"https:\/\/www.zspswiecie.pl\/index.php\/home\/strona-glowna\/"},{"@type":"ListItem","position":2,"name":"Projekt Stawiamy na przysz\u0142o\u015b\u0107"}]},{"@type":"WebSite","@id":"https:\/\/www.zspswiecie.pl\/#website","url":"https:\/\/www.zspswiecie.pl\/","name":"ZSP","description":"Zesp\u00f3\u0142 Szk\u00f3\u0142 Ponadpodstawowych","publisher":{"@id":"https:\/\/www.zspswiecie.pl\/#organization"},"potentialAction":[{"@type":"SearchAction","target":{"@type":"EntryPoint","urlTemplate":"https:\/\/www.zspswiecie.pl\/?s={search_term_string}"},"query-input":{"@type":"PropertyValueSpecification","valueRequired":true,"valueName":"search_term_string"}}],"inLanguage":"pl-PL"},{"@type":"Organization","@id":"https:\/\/www.zspswiecie.pl\/#organization","name":"Zesp\u00f3\u0142 Szk\u00f3\u0142 Ponadpodstawowych","url":"https:\/\/www.zspswiecie.pl\/","logo":{"@type":"ImageObject","inLanguage":"pl-PL","@id":"https:\/\/www.zspswiecie.pl\/#\/schema\/logo\/image\/","url":"http:\/\/www.zspswiecie.pl\/wp-content\/uploads\/2016\/03\/logo-zsp2.png","contentUrl":"http:\/\/www.zspswiecie.pl\/wp-content\/uploads\/2016\/03\/logo-zsp2.png","width":449,"height":351,"caption":"Zesp\u00f3\u0142 Szk\u00f3\u0142 Ponadpodstawowych"},"image":{"@id":"https:\/\/www.zspswiecie.pl\/#\/schema\/logo\/image\/"},"sameAs":["https:\/\/www.facebook.com\/people\/Zesp-Szk-Ponadpodstawowych-w-wieciu\/100057638830230\/"]}]}},"_links":{"self":[{"href":"https:\/\/www.zspswiecie.pl\/index.php\/wp-json\/wp\/v2\/pages\/11230","targetHints":{"allow":["GET"]}}],"collection":[{"href":"https:\/\/www.zspswiecie.pl\/index.php\/wp-json\/wp\/v2\/pages"}],"about":[{"href":"https:\/\/www.zspswiecie.pl\/index.php\/wp-json\/wp\/v2\/types\/page"}],"author":[{"embeddable":true,"href":"https:\/\/www.zspswiecie.pl\/index.php\/wp-json\/wp\/v2\/users\/2"}],"replies":[{"embeddable":true,"href":"https:\/\/www.zspswiecie.pl\/index.php\/wp-json\/wp\/v2\/comments?post=11230"}],"version-history":[{"count":4,"href":"https:\/\/www.zspswiecie.pl\/index.php\/wp-json\/wp\/v2\/pages\/11230\/revisions"}],"predecessor-version":[{"id":11272,"href":"https:\/\/www.zspswiecie.pl\/index.php\/wp-json\/wp\/v2\/pages\/11230\/revisions\/11272"}],"wp:attachment":[{"href":"https:\/\/www.zspswiecie.pl\/index.php\/wp-json\/wp\/v2\/media?parent=11230"}],"curies":[{"name":"wp","href":"https:\/\/api.w.org\/{rel}","templated":true}]}}